000
CXUS52 KILM 051919
CLMLBT


CLIMATE REPORT
NATIONAL WEATHER SERVICE WILMINGTON NC
317 PM EDT TUE MAY 5 2015

...................................

...THE LUMBERTON NC CLIMATE SUMMARY FOR THE MONTH OF APRIL 2015...

CLIMATE NORMAL PERIOD 1981 TO 2010
CLIMATE RECORD PERIOD 9999 TO 9999

WEATHER         OBSERVED          NORMAL  DEPART  LAST YEAR`S
                 VALUE   DATE(S)  VALUE   FROM    VALUE  DATE(S)
                                          NORMAL
................................................................
TEMPERATURE (F)
HIGHEST            87   04/09                         85
LOWEST             33   04/05                         36
AVG. MAXIMUM     75.2              74.5     0.7     75.0
AVG. MINIMUM     53.0              49.0     4.0     49.7
MEAN             64.1              61.7     2.4     62.3
DAYS MAX >= 90      0               0.6    -0.6        0
DAYS MAX <= 32      0               0.0     0.0        0
DAYS MIN <= 32      0               1.0    -1.0        0
DAYS MIN <= 0       0               0.0     0.0        0

PRECIPITATION (INCHES)
RECORD
 MAXIMUM        13.74   1918
 MINIMUM         0.11   1976
TOTALS           2.59              2.82   -0.23     4.17
DAILY AVG.       0.09              0.09    0.00     0.14
DAYS >= .01        12                                 10
DAYS >= .10         8                                  8
DAYS >= .50         2                                  4
DAYS >= 1.00        0                                  0
GREATEST
 24 HR. TOTAL    0.68   04/15 TO 04/15

DEGREE_DAYS
HEATING TOTAL      98               153     -55      120
COOLING TOTAL      79                55      24       49
..........................................................

WIND (MPH)
AVERAGE WIND SPEED              6.5
RESULTANT WIND SPEED/DIRECTION   1/158
HIGHEST WIND SPEED/DIRECTION    23/260    DATE  04/22
HIGHEST GUST SPEED/DIRECTION    32/320    DATE  04/04

SKY COVER
POSSIBLE SUNSHINE (PERCENT)   MM
AVERAGE SKY COVER           0.40
NUMBER OF DAYS FAIR           16
NUMBER OF DAYS PC              6
NUMBER OF DAYS CLOUDY          8

AVERAGE RH (PERCENT)     70

WEATHER CONDITIONS. NUMBER OF DAYS WITH
THUNDERSTORM              3     MIXED PRECIP              MM
HEAVY RAIN                4     RAIN                       6
LIGHT RAIN               13     FREEZING RAIN              0
LT FREEZING RAIN          0     HAIL                       0
HEAVY SNOW                0     SNOW                       0
LIGHT SNOW                0     SLEET                     MM
FOG                      14     FOG W/VIS <= 1/4 MILE      4
HAZE                      7

-  INDICATES NEGATIVE NUMBERS.
R  INDICATES RECORD WAS SET OR TIED.
MM INDICATES DATA IS MISSING.
T  INDICATES TRACE AMOUNT.

$$
