000
CXUS51 KCLE 041950
CLMTOL


CLIMATE REPORT
NATIONAL WEATHER SERVICE CLEVELAND OH
350 PM EDT MON MAY 4 2015

...................................

...THE TOLEDO OH CLIMATE SUMMARY FOR THE MONTH OF APRIL 2015...

CLIMATE NORMAL PERIOD 1981 TO 2010
CLIMATE RECORD PERIOD 1873 TO 2015

WEATHER         OBSERVED          NORMAL  DEPART  LAST YEAR`S
                 VALUE   DATE(S)  VALUE   FROM    VALUE
                                          NORMAL
.............................................................
TEMPERATURE (F)
RECORD
 HIGH              89   04/30/1942
                        04/26/1915
 LOW                8   04/07/1982
HIGHEST            77   04/18
LOWEST             23   04/24
AVG. MAXIMUM     60.3              60.1     0.2     60.0
AVG. MINIMUM     37.1              38.7    -1.6     37.7
MEAN             48.7              49.4    -0.7     48.8
DAYS MAX >= 90      0               0.0     0.0        0
DAYS MAX <= 32      0               0.1    -0.1        0
DAYS MIN <= 32      7               6.7     0.3        7
DAYS MIN <= 0       0               0.0     0.0        0

PRECIPITATION (INCHES)
RECORD
 MAXIMUM         7.13   1929
 MINIMUM         0.55   1876
TOTALS           2.69              3.19   -0.50     3.31
DAYS >= .01        12              12.0     0.0       11
DAYS >= .10         5               7.0    -2.0        8
DAYS >= .50         2               1.9     0.1        2
DAYS >= 1.00        0               0.4    -0.4        1
GREATEST
 24 HR. TOTAL    0.83   04/09 TO 04/09              1.15
                        04/08 TO 04/09
                        04/09 TO 04/09

SNOWFALL (INCHES)
RECORDS
 TOTAL           12.0   5
                        0
                        -26215
TOTALS            0.0               1.3    -1.3      1.0
SINCE 7/1        45.7              37.5     8.2     86.3
DAYS >= 1.0         0               0.3    -0.3        1
GREATEST
 24 HR TOTAL      0.0   04/30 TO 04/30

DEGREE_DAYS
HEATING TOTAL     483               476       7      481
 SINCE 7/1       6729              5902     827     6925
COOLING TOTAL       0                 8      -8        2
 SINCE 1/1          0                 8      -8        2
..............................................................

WIND (MPH)
AVERAGE WIND SPEED              9.3
HIGHEST WIND SPEED/DIRECTION    43/250    DATE  04/21
HIGHEST GUST SPEED/DIRECTION    52/250    DATE  04/21

SKY COVER
AVERAGE SKY COVER           0.50

AVERAGE RH (PERCENT)     65

WEATHER CONDITIONS. NUMBER OF DAYS WITH
THUNDERSTORM              0     MIXED PRECIP               0
HEAVY RAIN                3     RAIN                       7
LIGHT RAIN               14     FREEZING RAIN              0
LT FREEZING RAIN          0     HAIL                       0
HEAVY SNOW                0     SNOW                       0
LIGHT SNOW                0     SLEET                      0
FOG                      17     FOG W/VIS <= 1/4 MILE      3
HAZE                      4

-  INDICATES NEGATIVE NUMBERS.
R  INDICATES RECORD WAS SET OR TIED.
MM INDICATES DATA IS MISSING.
T  INDICATES TRACE AMOUNT.

$$
