000
CXUS53 KILX 011434
CLMCMI


CLIMATE REPORT
NATIONAL WEATHER SERVICE LINCOLN IL
928 AM CDT FRI MAY 1 2015

...................................

...THE CHAMPAIGN IL AIRPORT CLIMATE SUMMARY FOR THE MONTH OF APRIL 2015...

CLIMATE NORMAL PERIOD 1981 TO 2010
CLIMATE RECORD PERIOD 9999 TO 9999

WEATHER         OBSERVED          NORMAL  DEPART  LAST YEAR`S
                 VALUE   DATE(S)  VALUE   FROM    VALUE
                                          NORMAL
.............................................................
TEMPERATURE (F)
RECORD
 HIGH              MM   MM
 LOW               MM   MM
HIGHEST            81   04/18        MM      MM       83
LOWEST             24   04/04        MM      MM       28
AVG. MAXIMUM     66.0              63.8     2.2     65.4
AVG. MINIMUM     41.6              39.8     1.8     41.0
MEAN             53.8              51.8     2.0     53.2
DAYS MAX >= 90      0               0.0     0.0        0
DAYS MAX <= 32      0               0.1    -0.1        0
DAYS MIN <= 32      4               6.4    -2.4        6
DAYS MIN <= 0       0               0.0     0.0        0

PRECIPITATION (INCHES)
RECORD
 MAXIMUM           MM   MM
 MINIMUM           MM   MM
TOTALS           3.05              3.79   -0.74     3.76
DAILY AVG.       0.10              0.13   -0.03     0.13
DAYS >= .01        14                MM      MM       14
DAYS >= .10         5                MM      MM        9
DAYS >= .50         3                MM      MM        3
DAYS >= 1.00        1                MM      MM        1
GREATEST
 24 HR. TOTAL    1.10   04/08 TO 04/09              1.17

DEGREE_DAYS
HEATING TOTAL     333               406     -73      348
 SINCE 7/1       6077              5664     413     6352
COOLING TOTAL       3                10      -7        3
 SINCE 1/1          3                11      -8        3
..............................................................

WIND (MPH)
AVERAGE WIND SPEED              12.4
HIGHEST WIND SPEED/DIRECTION    46/340    DATE  04/08
HIGHEST GUST SPEED/DIRECTION    52/340    DATE  04/08

SKY COVER
POSSIBLE SUNSHINE (PERCENT)   MM
AVERAGE SKY COVER           0.40
NUMBER OF DAYS FAIR           15
NUMBER OF DAYS PC             11
NUMBER OF DAYS CLOUDY          4

AVERAGE RH (PERCENT)     63

WEATHER CONDITIONS. NUMBER OF DAYS WITH
THUNDERSTORM              5     MIXED PRECIP               0
HEAVY RAIN                3     RAIN                       7
LIGHT RAIN               16     FREEZING RAIN              0
LT FREEZING RAIN          0     HAIL                       1
HEAVY SNOW                0     SNOW                       0
LIGHT SNOW                0     SLEET                      0
FOG                      12     FOG W/VIS <= 1/4 MILE      3
HAZE                     10

-  INDICATES NEGATIVE NUMBERS.
R  INDICATES RECORD WAS SET OR TIED.
MM INDICATES DATA IS MISSING.
T  INDICATES TRACE AMOUNT.

$$
