000
CXUS53 KILX 011632
CLMILX


CLIMATE REPORT
NATIONAL WEATHER SERVICE LINCOLN IL
1008 AM CST SUN FEB 1 2015

...................................

...THE LINCOLN IL CLIMATE SUMMARY FOR THE MONTH OF JANUARY 2015...

CLIMATE NORMAL PERIOD 1981 TO 2010
CLIMATE RECORD PERIOD 1905 TO 2015

WEATHER         OBSERVED          NORMAL  DEPART  LAST YEAR`S
                 VALUE   DATE(S)  VALUE   FROM    VALUE
                                          NORMAL
.............................................................
TEMPERATURE (F)
RECORD
 HIGH              70   01/25/1950
                        01/24/1950
                        01/07/1907
 LOW              -34   01/15/1927
HIGHEST            49   01/17        MM      MM       49
LOWEST             -8   01/08        MM      MM      -14
AVG. MAXIMUM     33.1              33.8    -0.7     28.5
AVG. MINIMUM     16.4              18.0    -1.6      9.0
MEAN             24.8              25.9    -1.1     18.8
DAYS MAX >= 90      0               0.0     0.0        0
DAYS MAX <= 32     11              13.1    -2.1       19
DAYS MIN <= 32     31              26.7     4.3       31
DAYS MIN <= 0       6               3.0     3.0       10

PRECIPITATION (INCHES)
RECORD
 MAXIMUM         6.23   1949
 MINIMUM         0.04   1986
TOTALS           1.39              1.93   -0.54     1.83
DAILY AVG.       0.04              0.06   -0.02     0.06
DAYS >= .01         8               8.1    -0.1       12
DAYS >= .10         5               4.2     0.8        6
DAYS >= .50         1               1.1    -0.1        1
DAYS >= 1.00        0               0.3    -0.3        0
GREATEST
 24 HR. TOTAL    0.64   01/03 TO 01/03              0.51

SNOWFALL (INCHES)
RECORDS
 TOTAL           20.0   1987
TOTALS            4.6               5.9    -1.3     18.0
SINCE 7/1         6.0              12.7    -6.7     24.9
DAYS >= 1.0         2               2.0     0.0        6
GREATEST
 SNOW DEPTH         3   01/12                          8
 24 HR TOTAL      2.0   01/12 TO 01/12               7.4

DEGREE_DAYS
HEATING TOTAL    1240              1212      28     1425
 SINCE 7/1       3644              3454     190     3912
COOLING TOTAL       0                 0       0        0
 SINCE 1/1          0                 0       0        0
..............................................................

WIND (MPH)
AVERAGE WIND SPEED              MM
HIGHEST WIND SPEED/DIRECTION    MM        DATE   MM
HIGHEST GUST SPEED/DIRECTION    MM        DATE   MM

SKY COVER
POSSIBLE SUNSHINE (PERCENT)   MM
AVERAGE SKY COVER             MM
NUMBER OF DAYS FAIR            0
NUMBER OF DAYS PC              0
NUMBER OF DAYS CLOUDY          0

AVERAGE RH (PERCENT)     MM

WEATHER CONDITIONS. NUMBER OF DAYS WITH
THUNDERSTORM              0     MIXED PRECIP               0
HEAVY RAIN                0     RAIN                       1
LIGHT RAIN                5     FREEZING RAIN              1
LT FREEZING RAIN          1     HAIL                       0
HEAVY SNOW                0     SNOW                       2
LIGHT SNOW               12     SLEET                      0
FOG                       4     FOG W/VIS <= 1/4 MILE      0
HAZE                      0

-  INDICATES NEGATIVE NUMBERS.
R  INDICATES RECORD WAS SET OR TIED.
MM INDICATES DATA IS MISSING.
T  INDICATES TRACE AMOUNT.

&&

NO RECORDS WERE ESTABLISHED IN JANUARY 2015

$$

EJL
