000
CXUS53 KILX 011522
CLMMTO


CLIMATE REPORT
NATIONAL WEATHER SERVICE LINCOLN IL
1013 AM CDT WED APR 1 2015

...................................

...THE MATTOON IL AIRPORT CLIMATE SUMMARY FOR THE MONTH OF MARCH 2015...

CLIMATE NORMAL PERIOD 1981 TO 2010
CLIMATE RECORD PERIOD 9999 TO 9999

WEATHER         OBSERVED          NORMAL  DEPART  LAST YEAR`S
                 VALUE   DATE(S)  VALUE   FROM    VALUE
                                          NORMAL
.............................................................
TEMPERATURE (F)
RECORD
 HIGH              MM   MM
 LOW               MM   MM
HIGHEST            72   03/16        MM      MM       72
LOWEST             -6   03/06        MM      MM        2
AVG. MAXIMUM     48.4              52.2    -3.8     47.0
AVG. MINIMUM     28.9              32.8    -3.9     25.3
MEAN             38.7              42.5    -3.8     36.1
DAYS MAX >= 90      0               0.0     0.0        0
DAYS MAX <= 32      4               1.2     2.8        3
DAYS MIN <= 32     18              15.7     2.3       23
DAYS MIN <= 0       2               0.0     2.0        0

PRECIPITATION (INCHES)
RECORD
 MAXIMUM           MM   MM
 MINIMUM           MM   MM
TOTALS           2.51              2.57   -0.06     1.00
DAILY AVG.       0.09              0.08    0.01     0.03
DAYS >= .01         9                MM      MM        5
DAYS >= .10         6                MM      MM        3
DAYS >= .50         3                MM      MM        1
DAYS >= 1.00        0                MM      MM        0
GREATEST
 24 HR. TOTAL    0.72   03/13 TO 03/13              0.55

DEGREE_DAYS
HEATING TOTAL     810               699     111      889
 SINCE 7/1       5503              4903     600     5736
COOLING TOTAL       0                 1      -1        0
 SINCE 1/1          0                 1      -1        0
..............................................................

WIND (MPH)
AVERAGE WIND SPEED              9.1
HIGHEST WIND SPEED/DIRECTION    37/020    DATE  03/17
HIGHEST GUST SPEED/DIRECTION    45/020    DATE  03/17

SKY COVER
POSSIBLE SUNSHINE (PERCENT)   MM
AVERAGE SKY COVER           0.40
NUMBER OF DAYS FAIR           18
NUMBER OF DAYS PC              5
NUMBER OF DAYS CLOUDY          8

AVERAGE RH (PERCENT)     71

WEATHER CONDITIONS. NUMBER OF DAYS WITH
THUNDERSTORM              0     MIXED PRECIP               0
HEAVY RAIN                2     RAIN                       5
LIGHT RAIN               10     FREEZING RAIN              1
LT FREEZING RAIN          2     HAIL                       0
HEAVY SNOW                0     SNOW                       1
LIGHT SNOW                3     SLEET                      0
FOG                      18     FOG W/VIS <= 1/4 MILE      4
HAZE                      7

-  INDICATES NEGATIVE NUMBERS.
R  INDICATES RECORD WAS SET OR TIED.
MM INDICATES DATA IS MISSING.
T  INDICATES TRACE AMOUNT.

$$
