000
CXUS53 KILX 011434
CLMPIA


CLIMATE REPORT
NATIONAL WEATHER SERVICE LINCOLN IL
928 AM CDT FRI MAY 1 2015

...................................

...THE PEORIA IL CLIMATE SUMMARY FOR THE MONTH OF APRIL 2015...

CLIMATE NORMAL PERIOD 1981 TO 2010
CLIMATE RECORD PERIOD 1883 TO 2015

WEATHER         OBSERVED          NORMAL  DEPART  LAST YEAR`S
                 VALUE   DATE(S)  VALUE   FROM    VALUE
                                          NORMAL
.............................................................
TEMPERATURE (F)
RECORD
 HIGH              92   04/25/1986
                        04/10/1930
                        04/29/1899
 LOW               14   04/07/1982
                        04/06/1982
                        04/05/1920
HIGHEST            82   04/18        62      20       82
                        04/17
LOWEST             26   04/04        41     -15       27
AVG. MAXIMUM     67.5              63.0     4.5     64.1
AVG. MINIMUM     44.4              41.7     2.7     42.3
MEAN             55.9              52.3     3.6     53.2
DAYS MAX >= 90      0               0.0     0.0        0
DAYS MAX <= 32      0               0.1    -0.1        0
DAYS MIN <= 32      1               4.0    -3.0        4
DAYS MIN <= 0       0               0.0     0.0        0

PRECIPITATION (INCHES)
RECORD
 MAXIMUM         8.66   1947
 MINIMUM         0.71   1971
TOTALS           3.38              3.63   -0.25     3.72
DAILY AVG.       0.11              0.12   -0.01     0.12
DAYS >= .01        10              11.4    -1.4       11
DAYS >= .10         6               7.2    -1.2        6
DAYS >= .50         3               2.4     0.6        1
DAYS >= 1.00        1               0.7     0.3        1
GREATEST
 24 HR. TOTAL    1.09   04/08 TO 04/08              2.08

SNOWFALL (INCHES)
RECORDS
 TOTAL           13.4   1982
TOTALS            0.0               0.6    -0.6      0.3
SINCE 7/1        27.0              24.6     2.4     57.6
DAYS >= 1.0         0               0.1    -0.1        0
GREATEST
 SNOW DEPTH         0   MM                            -1
 24 HR TOTAL      0.0   04/30 TO 04/30               0.3

DEGREE_DAYS
HEATING TOTAL     274               393    -119      354
 SINCE 7/1       5723              5665      58     6467
COOLING TOTAL      11                13      -2        6
 SINCE 1/1         11                14      -3        6
..............................................................

WIND (MPH)
AVERAGE WIND SPEED              9.1
HIGHEST WIND SPEED/DIRECTION    33/270    DATE  04/09
HIGHEST GUST SPEED/DIRECTION    45/260    DATE  04/09

SKY COVER
POSSIBLE SUNSHINE (PERCENT)   MM
AVERAGE SKY COVER           0.40
NUMBER OF DAYS FAIR           16
NUMBER OF DAYS PC              9
NUMBER OF DAYS CLOUDY          5

AVERAGE RH (PERCENT)     55

WEATHER CONDITIONS. NUMBER OF DAYS WITH
THUNDERSTORM              5     MIXED PRECIP               0
HEAVY RAIN                3     RAIN                       5
LIGHT RAIN               13     FREEZING RAIN              0
LT FREEZING RAIN          0     HAIL                       0
HEAVY SNOW                0     SNOW                       0
LIGHT SNOW                0     SLEET                      0
FOG                       9     FOG W/VIS <= 1/4 MILE      1
HAZE                     10

-  INDICATES NEGATIVE NUMBERS.
R  INDICATES RECORD WAS SET OR TIED.
MM INDICATES DATA IS MISSING.
T  INDICATES TRACE AMOUNT.

$$
