000
CXUS55 KABQ 011543
CF6ABQ
PRELIMINARY LOCAL CLIMATOLOGICAL DATA (WS FORM: F-6)

                                          STATION:   ALBUQUERQUE  NM
                                          MONTH:     MARCH
                                          YEAR:      2015
                                          LATITUDE:   35  2 N
                                          LONGITUDE: 106 37 W

  TEMPERATURE IN F:       :PCPN:    SNOW:  WIND      :SUNSHINE: SKY     :PK WND
================================================================================
1   2   3   4   5  6A  6B    7    8   9   10  11  12  13   14  15   16   17  18
                                     12Z  AVG MX 2MIN
DY MAX MIN AVG DEP HDD CDD  WTR  SNW DPTH SPD SPD DIR MIN PSBL S-S WX    SPD DR
================================================================================

 1  63  33  48   3  17   0    T  0.0    0  5.9 22 180   M    M   7 1      27 180
 2  59  35  47   2  18   0    T  0.0    0 15.3 35 190   M    M   9        46 190
 3  56  40  48   3  17   0    T  0.0    0  6.7 17 320   M    M   6        24 290
 4  50  30  40  -6  25   0 0.00  0.0    0  9.6 23 350   M    M   3        31 280
 5  54  23  39  -7  26   0 0.00  0.0    0  6.0 21 330   M    M   0        24 320
 6  60  28  44  -2  21   0 0.00  0.0    0  4.1 12  30   M    M   0        14  20
 7  62  32  47   1  18   0 0.00  0.0    0  4.5 13 360   M    M   4        16  10
 8  65  37  51   5  14   0 0.00  0.0    0  7.6 30  90   M    M   5        36 110
 9  64  41  53   6  12   0    T  0.0    0  7.7 24  90   M    M   4        31  90
10  65  36  51   4  14   0 0.00  0.0    0  5.0 10  10   M    M   1        13  90
11  68  40  54   7  11   0 0.00  0.0    0  5.6 12 360   M    M   4        14 360
12  67  41  54   7  11   0 0.00  0.0    0  6.5 20 300   M    M   7        23 300
13  66  45  56   8   9   0 0.00  0.0    0 12.2 31  80   M    M   8        41  80
14  64  44  54   6  11   0 0.00  0.0    0  6.5 24  40   M    M   5        33  40
15  68  39  54   6  11   0 0.00  0.0    0  5.2 13 180   M    M   1        16 200
16  71  40  56   8   9   0 0.00  0.0    0  4.5 15 200   M    M   3        21 210
17  62  46  54   6  11   0    T  0.0    0 14.9 32  90   M    M   6        39  90
18  67  44  56   8   9   0 0.11  0.0    0  5.5 29 270   M    M   9 1      35 260
19  56  41  49   0  16   0    T  0.0    0 11.6 31  80   M    M   9 12     38  90
20  58  43  51   2  14   0 0.00  0.0    0  8.8 23 100   M    M   8        28 110
21  66  37  52   3  13   0 0.00  0.0    0  3.8 28  20   M    M   4        34  30
22  73  39  56   7   9   0 0.00  0.0    0  6.0 18 240   M    M   2        23 280
23  73  45  59   9   6   0 0.00  0.0    0  9.2 25 270   M    M   4        35 240
24  72  41  57   7   8   0 0.00  0.0    0  8.3 20 200   M    M   4        29 210
25  69  42  56   6   9   0 0.00  0.0    0 13.8 30 330   M    M   4        36 320
26  63  37  50   0  15   0 0.00  0.0    0  6.4 23  80   M    M   2        27  80
27  77  42  60  10   5   0 0.00  0.0    0  6.4 21 310   M    M   1        27 260
28  81  44  63  12   2   0 0.00  0.0    0  5.9 17 290   M    M   0 8      22 280
29  80  46  63  12   2   0 0.00  0.0    0 10.4 35 110   M    M   5        45 110
30  79  50  65  14   0   0 0.00  0.0    0  6.1 32  80   M    M   4        38  90
31  78  49  64  13   1   0 0.00  0.0    0  5.1 20 310   M    M   5        27 330
================================================================================
SM 2056 1230       364   0  0.11     0.0 235.1          M      134
================================================================================
AV 66.3 39.7                               7.6 FASTST   M    M   4    MAX(MPH)
                                 MISC ---->  # 35 190               # 46  190
================================================================================
NOTES:
# LAST OF SEVERAL OCCURRENCES

COLUMN 17 PEAK WIND IN M.P.H.

PRELIMINARY LOCAL CLIMATOLOGICAL DATA (WS FORM: F-6) , PAGE 2

                                          STATION:  ALBUQUERQUE  NM
                                          MONTH:    MARCH
                                          YEAR:     2015
                                          LATITUDE:   35  2 N
                                          LONGITUDE: 106 37 W

[TEMPERATURE DATA]      [PRECIPITATION DATA]       SYMBOLS USED IN COLUMN 16

AVERAGE MONTHLY: 53.0   TOTAL FOR MONTH:   0.11    1 = FOG OR MIST
DPTR FM NORMAL:   4.9   DPTR FM NORMAL:   -0.46    2 = FOG REDUCING VISIBILITY
HIGHEST:    81 ON 28    GRTST 24HR  0.11 ON 18-18      TO 1/4 MILE OR LESS
LOWEST:     23 ON  5                               3 = THUNDER
                        SNOW, ICE PELLETS, HAIL    4 = ICE PELLETS
                        TOTAL MONTH:   0.0 INCH    5 = HAIL
                        GRTST 24HR     0.0         6 = FREEZING RAIN OR DRIZZLE
                        GRTST DEPTH:   0           7 = DUSTSTORM OR SANDSTORM:
                                                       VSBY 1/2 MILE OR LESS
                                                   8 = SMOKE OR HAZE
[NO. OF DAYS WITH]      [WEATHER - DAYS WITH]      9 = BLOWING SNOW
                                                   X = TORNADO
MAX 32 OR BELOW:   0    0.01 INCH OR MORE:   1
MAX 90 OR ABOVE:   0    0.10 INCH OR MORE:   1
MIN 32 OR BELOW:   4    0.50 INCH OR MORE:   0
MIN  0 OR BELOW:   0    1.00 INCH OR MORE:   0

[HDD (BASE 65) ]
TOTAL THIS MO.   364    CLEAR  (SCALE 0-3)   9
DPTR FM NORMAL  -160    PTCLDY (SCALE 4-7)  19
TOTAL FM JUL 1  3285    CLOUDY (SCALE 8-10)  3
DPTR FM NORMAL  -542

[CDD (BASE 65) ]
TOTAL THIS MO.     0
DPTR FM NORMAL     0    [PRESSURE DATA]
TOTAL FM JAN 1     0    HIGHEST SLP 30.45 ON  5
DPTR FM NORMAL     0    LOWEST  SLP 29.63 ON  3

[REMARKS]
#FINAL-03-15#
