000
CXUS55 KCAE 241400
CF6AGS
PRELIMINARY LOCAL CLIMATOLOGICAL DATA (WS FORM: F-6)

                                          STATION:   AUGUSTA BUSH FIELD GA
                                          MONTH:     APRIL
                                          YEAR:      2015
                                          LATITUDE:   33 22 N
                                          LONGITUDE:  81 58 W

  TEMPERATURE IN F:       :PCPN:    SNOW:  WIND      :SUNSHINE: SKY     :PK WND
================================================================================
1   2   3   4   5  6A  6B    7    8   9   10  11  12  13   14  15   16   17  18
                                     12Z  AVG MX 2MIN
DY MAX MIN AVG DEP HDD CDD  WTR  SNW DPTH SPD SPD DIR MIN PSBL S-S WX    SPD DR
================================================================================

 1  82  58  70  10   0   5 0.01  0.0    0  6.4 16 140   M    M   2        21 130
 2  80  51  66   6   0   1 0.00  0.0    0  7.2 18 180   M    M   6 1      23 170
 3  86  62  74  14   0   9 0.00  0.0    0  9.6 21 190   M    M   4        28 200
 4  76  43  60   0   5   0 0.02    M    0  9.0 21 330   M    M   3        26 330
 5  73  39  56  -4   9   0 0.00  0.0    0  4.5 18  90   M    M   0        24  70
 6  80  50  65   5   0   0    T  0.0    0  4.7 16 140   M    M   5        23 130
 7  81  60  71  10   0   6 0.30  0.0    0  3.4  9 150   M    M   7 1      12 100
 8  89  63  76  15   0  11    T  0.0    0  3.2 12 180   M    M   4 12     16 180
 9  91  59  75  14   0  10 0.00  0.0    0  7.1 17 210   M    M   1        22 220
10  86  64  75  14   0  10    T  0.0    0  8.4 20 260   M    M   3 3      26 270
11  82  58  70   8   0   5 0.03  0.0    0  3.3 13 340   M    M   4 1      14 350
12  76  56  66   4   0   1 0.00  0.0    0  6.2 15 110   M    M   7 1      22 100
13  77  65  71   9   0   6 0.80  0.0    0  5.2 22 300   M    M   9 1      24 300
14  85  68  77  15   0  12    T  0.0    0  7.3 20 250   M    M   7 1      28 260
15  76  58  67   5   0   2 0.14  0.0    0  5.5 18  20   M    M   8 1      22  20
16  58  51  55  -8  10   0 0.01  0.0    0  8.9 18  40   M    M  10 18     24  40
17  69  56  63   0   2   0 0.31  0.0    0  3.1 10 350   M    M  10 18     12 350
18  76  63  70   7   0   5 1.11  0.0    0  3.1  9  80   M    M   8 12     13  80
19  76  65  71   8   0   6 1.14  0.0    0  7.1 29 230   M    M  10 13     39 240
20  75  60  68   4   0   3 0.00  0.0    0  8.4 18 210   M    M   4 1      27 230
21  76  51  64   0   1   0 0.00  0.0    0  7.3 20 270   M    M   1        25 270
22  81  43  62  -2   3   0 0.00  0.0    0  6.6 22 280   M    M   0        29 260
23  79  52  66   2   0   1 0.00  0.0    0  6.5 22 280   M    M   0        27 270
================================================================================
SM 1810 1295        30  93  3.87     0.0 142.0          M      113
================================================================================
AV 78.7 56.3                               6.2 FASTST   M    M   5    MAX(MPH)
                                 MISC ---->  # 29 230               # 39  240
================================================================================
NOTES:
# LAST OF SEVERAL OCCURRENCES

COLUMN 17 PEAK WIND IN M.P.H.

PRELIMINARY LOCAL CLIMATOLOGICAL DATA (WS FORM: F-6) , PAGE 2

                                          STATION:  AUGUSTA BUSH FIELD GA
                                          MONTH:    APRIL
                                          YEAR:     2015
                                          LATITUDE:   33 22 N
                                          LONGITUDE:  81 58 W

[TEMPERATURE DATA]      [PRECIPITATION DATA]       SYMBOLS USED IN COLUMN 16

AVERAGE MONTHLY: 67.5   TOTAL FOR MONTH:   3.87    1 = FOG OR MIST
DPTR FM NORMAL:   5.7   DPTR FM NORMAL:    1.60    2 = FOG REDUCING VISIBILITY
HIGHEST:    91 ON  9    GRTST 24HR  1.41 ON 17-18      TO 1/4 MILE OR LESS
LOWEST:     39 ON  5                               3 = THUNDER
                        SNOW, ICE PELLETS, HAIL    4 = ICE PELLETS
                        TOTAL MONTH:   0.0 INCH    5 = HAIL
                        GRTST 24HR     0.0         6 = FREEZING RAIN OR DRIZZLE
                        GRTST DEPTH:   0           7 = DUSTSTORM OR SANDSTORM:
                                                       VSBY 1/2 MILE OR LESS
                                                   8 = SMOKE OR HAZE
[NO. OF DAYS WITH]      [WEATHER - DAYS WITH]      9 = BLOWING SNOW
                                                   X = TORNADO
MAX 32 OR BELOW:   0    0.01 INCH OR MORE:  10
MAX 90 OR ABOVE:   1    0.10 INCH OR MORE:   6
MIN 32 OR BELOW:   0    0.50 INCH OR MORE:   3
MIN  0 OR BELOW:   0    1.00 INCH OR MORE:   2

[HDD (BASE 65) ]
TOTAL THIS MO.    30    CLEAR  (SCALE 0-3)   8
DPTR FM NORMAL   -77    PTCLDY (SCALE 4-7)  10
TOTAL FM JUL 1  2529    CLOUDY (SCALE 8-10)  5
DPTR FM NORMAL    94

[CDD (BASE 65) ]
TOTAL THIS MO.    93
DPTR FM NORMAL    59    [PRESSURE DATA]
TOTAL FM JAN 1   105    HIGHEST SLP M ON M
DPTR FM NORMAL    53    LOWEST  SLP 29.68 ON 20

[REMARKS]
