000
CXUS55 KOHX 261010
CF6BNA
PRELIMINARY LOCAL CLIMATOLOGICAL DATA (WS FORM: F-6)

                                          STATION:   NASHVILLE
                                          MONTH:     APRIL
                                          YEAR:      2015
                                          LATITUDE:   36  7 N
                                          LONGITUDE:  86 41 W

  TEMPERATURE IN F:       :PCPN:    SNOW:  WIND      :SUNSHINE: SKY     :PK WND
================================================================================
1   2   3   4   5  6A  6B    7    8   9   10  11  12  13   14  15   16   17  18
                                     12Z  AVG MX 2MIN
DY MAX MIN AVG DEP HDD CDD  WTR  SNW DPTH SPD SPD DIR MIN PSBL S-S WX    SPD DR
================================================================================

 1  76  49  63   8   2   0 0.00  0.0    0  5.9 14  80   M    M   5        18  90
 2  78  62  70  15   0   5    T  0.0    0 13.3 30 190   M    M   7 3      40 200
 3  79  50  65  10   0   0 0.91  0.0    0 13.4 25 320   M    M   9 138    35 310
 4  61  40  51  -5  14   0 0.00  0.0    0  7.1 15  30   M    M   2        26 340
 5  69  34  52  -4  13   0 0.00  0.0    0  6.1 17 190   M    M   6        23 200
 6  67  57  62   6   3   0 0.54  0.0    0  7.7 22 170   M    M  10 1      29 170
 7  76  62  69  13   0   4 0.06  0.0    0  8.7 20 170   M    M   9 1      26 180
 8  85  63  74  17   0   9 0.00  0.0    0  9.8 20 190   M    M   7 1      26 200
 9  81  69  75  18   0  10 0.00  0.0    0 14.0 26 200   M    M   8        33 180
10  76  48  62   5   3   0 0.63  0.0    0  7.1 24 270   M    M   9 13     43 270
11  73  43  58   0   7   0 0.00  0.0    0  4.6 15  10   M    M   2        24  20
12  83  47  65   7   0   0 0.00  0.0    0  5.8 17 160   M    M   6        24 170
13  71  63  67   9   0   2 0.91  0.0    0  5.9 20 180   M    M   9 1      28 140
14  70  57  64   5   1   0 0.28  0.0    0  6.7 14  50   M    M   8 1      20 290
15  74  56  65   6   0   0 0.44  0.0    0  4.7 10  10   M    M   8 13     20 350
16  70  58  64   5   1   0 0.75  0.0    0  9.0 20 320   M    M   8 13     25 320
17  72  58  65   5   0   0 0.00  0.0    0  1.4  9 160   M    M   8 1      13  50
18  81  55  68   8   0   3 0.34  0.0    0  3.8 24 170   M    M   7 1      48 190
19  76  60  68   8   0   3 0.87  0.0    0  8.0 25 190   M    M   8 13     33 190
20  64  50  57  -3   8   0 0.42  0.0    0  7.7 23 270   M    M   6 13     32 290
21  71  41  56  -5   9   0 0.00  0.0    0  6.5 17 240   M    M   3        26 220
22  70  50  60  -1   5   0    T  0.0    0  8.3 17 280   M    M   6        26 270
23  68  44  56  -5   9   0 0.00  0.0    0  4.7 15 340   M    M   4        21 330
24  67  40  54  -8  11   0 0.07    M    0  4.4 13 110   M    M   8        15 110
25  84  54  69   7   0   4 0.11  0.0    0  8.7 22 220   M    M   8 1      32 220
================================================================================
SM 1842 1310        86  40  6.33     0.0 183.3          M      171
================================================================================
AV 73.7 52.4                               7.3 FASTST   M    M   7    MAX(MPH)
                                 MISC ---->  # 30 190               # 48  190
================================================================================
NOTES:
# LAST OF SEVERAL OCCURRENCES

COLUMN 17 PEAK WIND IN M.P.H.

PRELIMINARY LOCAL CLIMATOLOGICAL DATA (WS FORM: F-6) , PAGE 2

                                          STATION:  NASHVILLE
                                          MONTH:    APRIL
                                          YEAR:     2015
                                          LATITUDE:   36  7 N
                                          LONGITUDE:  86 41 W

[TEMPERATURE DATA]      [PRECIPITATION DATA]       SYMBOLS USED IN COLUMN 16

AVERAGE MONTHLY: 63.0   TOTAL FOR MONTH:   6.33    1 = FOG OR MIST
DPTR FM NORMAL:   4.7   DPTR FM NORMAL:    3.10    2 = FOG REDUCING VISIBILITY
HIGHEST:    85 ON  8    GRTST 24HR  1.26 ON 19-20      TO 1/4 MILE OR LESS
LOWEST:     34 ON  5                               3 = THUNDER
                        SNOW, ICE PELLETS, HAIL    4 = ICE PELLETS
                        TOTAL MONTH:   0.0 INCH    5 = HAIL
                        GRTST 24HR     0.0         6 = FREEZING RAIN OR DRIZZLE
                        GRTST DEPTH:   0           7 = DUSTSTORM OR SANDSTORM:
                                                       VSBY 1/2 MILE OR LESS
                                                   8 = SMOKE OR HAZE
[NO. OF DAYS WITH]      [WEATHER - DAYS WITH]      9 = BLOWING SNOW
                                                   X = TORNADO
MAX 32 OR BELOW:   0    0.01 INCH OR MORE:  13
MAX 90 OR ABOVE:   0    0.10 INCH OR MORE:  11
MIN 32 OR BELOW:   0    0.50 INCH OR MORE:   6
MIN  0 OR BELOW:   0    1.00 INCH OR MORE:   0

[HDD (BASE 65) ]
TOTAL THIS MO.    86    CLEAR  (SCALE 0-3)   2
DPTR FM NORMAL  -111    PTCLDY (SCALE 4-7)  14
TOTAL FM JUL 1  3717    CLOUDY (SCALE 8-10)  9
DPTR FM NORMAL   109

[CDD (BASE 65) ]
TOTAL THIS MO.    40
DPTR FM NORMAL    10    [PRESSURE DATA]
TOTAL FM JAN 1    42    HIGHEST SLP M ON M
DPTR FM NORMAL     4    LOWEST  SLP 29.51 ON 25

[REMARKS]
