000
CXUS54 KMAF 191100
CF6BPG
PRELIMINARY LOCAL CLIMATOLOGICAL DATA (WS FORM: F-6)

                                          STATION:   Big Spring McMahon-Wrinkle Fi
                                          MONTH:     APRIL
                                          YEAR:      2015
                                          LATITUDE:   32 12 N
                                          LONGITUDE: 101 31 W

  TEMPERATURE IN F:       :PCPN:    SNOW:  WIND      :SUNSHINE: SKY     :PK WND
================================================================================
1   2   3   4   5  6A  6B    7    8   9   10  11  12  13   14  15   16   17  18
                                     12Z  AVG MX 2MIN
DY MAX MIN AVG DEP HDD CDD  WTR  SNW DPTH SPD SPD DIR MIN PSBL S-S WX    SPD DR
================================================================================

 1  88  64  76   M   0  11 0.00  0.0    0 11.8 20 170   M    M   4        25 170
 2  91  61  76   M   0  11 0.00  0.0    0 13.4 24 210   M    M   0        33 210
 3  71  54  63   M   2   0 0.00  0.0    0 15.4 24  10   M    M   1        31  10
 4  61  46  54   M  11   0 0.00  0.0    0 11.5 17  70   M    M   6        21  80
 5  85  54  70   M   0   5 0.00  0.0    0  9.2 15 140   M    M   4        17 150
 6  87  59  73   M   0   8 0.00  0.0    0 14.0 20 160   M    M   0        29 190
 7  94  64  79   M   0  14 0.00  0.0    0 11.9 21 170   M    M   3        30 170
 8  87  64  76   M   0  11 0.05  0.0    0 15.6 25 160   M    M   1 3      33 240
 9  84  64  74   M   0   9 0.00  0.0    0 13.6 23 170   M    M   0        32 170
10  76  54  65   M   0   0 0.00  0.0    0 14.0 21  40   M    M   0        27  40
11  82  59  71   M   0   6 0.00  0.0    0 13.1 21 150   M    M   4        25 160
12  87  61  74   M   0   9 0.05  0.0    0 13.5 22 160   M    M   3 3      29 160
13  74  54  64   M   1   0 0.01  0.0    0 11.2 28  30   M    M   6 3      37  30
14  66  48  57   M   8   0 0.00  0.0    0  8.4 16  10   M    M   7        27  10
15  84  45  65   M   0   0 0.00  0.0    0 11.3 18 170   M    M   0        23 170
16  85  59  72   M   0   7 0.00  0.0    0 11.2 18 200   M    M   1        25 190
17  84  63  74   M   0   9 0.00  0.0    0  7.2 14 100   M    M   3        22 260
18  84  56  70   M   0   5 0.00  0.0    0 11.2 23 240   M    M   1        35 220
================================================================================
SM 1470 1029        22 105  0.11     0.0 217.5          M       44
================================================================================
AV 81.7 57.2                              12.1 FASTST   M    M   2    MAX(MPH)
                                 MISC ---->    28   M                 37    M
================================================================================
NOTES:
# LAST OF SEVERAL OCCURRENCES

COLUMN 17 PEAK WIND IN M.P.H.

PRELIMINARY LOCAL CLIMATOLOGICAL DATA (WS FORM: F-6) , PAGE 2

                                          STATION:  Big Spring McMahon-Wrinkle Fi
                                          MONTH:    APRIL
                                          YEAR:     2015
                                          LATITUDE:   32 12 N
                                          LONGITUDE: 101 31 W

[TEMPERATURE DATA]      [PRECIPITATION DATA]       SYMBOLS USED IN COLUMN 16

AVERAGE MONTHLY: 69.4   TOTAL FOR MONTH:   0.11    1 = FOG OR MIST
DPTR FM NORMAL:     M   DPTR FM NORMAL:       M    2 = FOG REDUCING VISIBILITY
HIGHEST:    94 ON  7    GRTST 24HR  0.05 ON 12-12      TO 1/4 MILE OR LESS
LOWEST:     45 ON 15                               3 = THUNDER
                        SNOW, ICE PELLETS, HAIL    4 = ICE PELLETS
                        TOTAL MONTH:   0.0 INCH    5 = HAIL
                        GRTST 24HR     0.0         6 = FREEZING RAIN OR DRIZZLE
                        GRTST DEPTH:   0           7 = DUSTSTORM OR SANDSTORM:
                                                       VSBY 1/2 MILE OR LESS
                                                   8 = SMOKE OR HAZE
[NO. OF DAYS WITH]      [WEATHER - DAYS WITH]      9 = BLOWING SNOW
                                                   X = TORNADO
MAX 32 OR BELOW:   0    0.01 INCH OR MORE:   3
MAX 90 OR ABOVE:   2    0.10 INCH OR MORE:   0
MIN 32 OR BELOW:   0    0.50 INCH OR MORE:   0
MIN  0 OR BELOW:   0    1.00 INCH OR MORE:   0

[HDD (BASE 65) ]
TOTAL THIS MO.    22    CLEAR  (SCALE 0-3)  11
DPTR FM NORMAL     M    PTCLDY (SCALE 4-7)   7
TOTAL FM JUL 1  2248    CLOUDY (SCALE 8-10)  0
DPTR FM NORMAL     M

[CDD (BASE 65) ]
TOTAL THIS MO.   105
DPTR FM NORMAL     M    [PRESSURE DATA]
TOTAL FM JAN 1   158    HIGHEST SLP M ON M
DPTR FM NORMAL     M    LOWEST  SLP M ON M

[REMARKS]
