000
CXUS56 KTFX 211205
CF6BZN
PRELIMINARY LOCAL CLIMATOLOGICAL DATA (WS FORM: F-6)

                                          STATION:   BOZEMAN/GALLATIN FIELD MT
                                          MONTH:     APRIL
                                          YEAR:      2015
                                          LATITUDE:   45 46 N
                                          LONGITUDE: 111  9 W

  TEMPERATURE IN F:       :PCPN:    SNOW:  WIND      :SUNSHINE: SKY     :PK WND
================================================================================
1   2   3   4   5  6A  6B    7    8   9   10  11  12  13   14  15   16   17  18
                                     12Z  AVG MX 2MIN
DY MAX MIN AVG DEP HDD CDD  WTR  SNW DPTH SPD SPD DIR MIN PSBL S-S WX    SPD DR
================================================================================

 1  44  27  36  -6  29   0 0.03    T    0 10.0 28 280   M    M   6 1      33 260
 2  41  21  31 -11  34   0 0.02    T    0  5.5 17 300   M    M   7 18     23 290
 3  51  21  36  -6  29   0 0.00  0.0    T  5.8 20 260   M    M   5 1      27 210
 4  52  28  40  -2  25   0 0.06  0.0    0  6.2 22 230   M    M   8 1      25 230
 5  38  29  34  -8  31   0 0.16    T    0  4.8 15 280   M    M   9 12     17 280
 6  40  19  30 -13  35   0 0.21    T    0  3.5 22 280   M    M   9 1      28 270
 7  50  16  33 -10  32   0 0.00  0.0    0  3.1 10 140   M    M   2 12     11 300
 8  53  25  39  -4  26   0 0.00  0.0    0  5.6 23 360   M    M   8        31 350
 9  56  26  41  -2  24   0 0.00  0.0    0  6.3 29 200   M    M   2        34 210
10  60  25  43  -1  22   0 0.00  0.0    0  5.0 15 270   M    M   3        20 270
11  61  33  47   3  18   0 0.16    T    0 12.5 32 180   M    M   6 1      39 200
12  51  30  41  -3  24   0    T    T    0  9.5 26 280   M    M   7 1      32 280
13  67  23  45   1  20   0 0.00  0.0    0  8.3 25 220   M    M   0        32 210
14  63  30  47   2  18   0 0.13  1.0    0 13.5 37 290   M    M   6 1      45 280
15  37  24  31 -14  34   0 0.17  4.0    3  7.6 16 310   M    M   8 12     19 320
16  50  13  32 -13  33   0 0.00  0.0    1  5.6 12 140   M    M   0        12 140
17  64  23  44  -1  21   0 0.00  0.0    0  3.9 14 150   M    M   0        14 150
18  58  28  43  -3  22   0 0.00  0.0    0 10.4 29 340   M    M   2 8      35 340
19  54  26  40  -6  25   0 0.00  0.0    0  4.0 12  20   M    M   6        15 360
20  63  28  46   0  19   0 0.00  0.0    0  4.4 12 160   M    M   1        15  70
================================================================================
SM 1053  495       521   0  0.94     5.0 135.5          M       95
================================================================================
AV 52.7 24.8                               6.8 FASTST   M    M   5    MAX(MPH)
                                 MISC ---->  # 37 290               # 45  280
================================================================================
NOTES:
# LAST OF SEVERAL OCCURRENCES

COLUMN 17 PEAK WIND IN M.P.H.

PRELIMINARY LOCAL CLIMATOLOGICAL DATA (WS FORM: F-6) , PAGE 2

                                          STATION:  BOZEMAN/GALLATIN FIELD MT
                                          MONTH:    APRIL
                                          YEAR:     2015
                                          LATITUDE:   45 46 N
                                          LONGITUDE: 111  9 W

[TEMPERATURE DATA]      [PRECIPITATION DATA]       SYMBOLS USED IN COLUMN 16

AVERAGE MONTHLY: 38.7   TOTAL FOR MONTH:   0.94    1 = FOG OR MIST
DPTR FM NORMAL:  -5.1   DPTR FM NORMAL:   -0.07    2 = FOG REDUCING VISIBILITY
HIGHEST:    67 ON 13    GRTST 24HR  0.30 ON 14-15      TO 1/4 MILE OR LESS
LOWEST:     13 ON 16                               3 = THUNDER
                        SNOW, ICE PELLETS, HAIL    4 = ICE PELLETS
                        TOTAL MONTH:   5.0 INCHES  5 = HAIL
                        GRTST 24HR   4.0 ON 15-15  6 = FREEZING RAIN OR DRIZZLE
                        GRTST DEPTH:   3 ON 15     7 = DUSTSTORM OR SANDSTORM:
                                                       VSBY 1/2 MILE OR LESS
                                                   8 = SMOKE OR HAZE
[NO. OF DAYS WITH]      [WEATHER - DAYS WITH]      9 = BLOWING SNOW
                                                   X = TORNADO
MAX 32 OR BELOW:   0    0.01 INCH OR MORE:   8
MAX 90 OR ABOVE:   0    0.10 INCH OR MORE:   5
MIN 32 OR BELOW:  19    0.50 INCH OR MORE:   0
MIN  0 OR BELOW:   0    1.00 INCH OR MORE:   0

[HDD (BASE 65) ]
TOTAL THIS MO.   521    CLEAR  (SCALE 0-3)   7
DPTR FM NORMAL    96    PTCLDY (SCALE 4-7)  11
TOTAL FM JUL 1  6859    CLOUDY (SCALE 8-10)  2
DPTR FM NORMAL   -30

[CDD (BASE 65) ]
TOTAL THIS MO.     0
DPTR FM NORMAL     0    [PRESSURE DATA]
TOTAL FM JAN 1     0    HIGHEST SLP M ON M
DPTR FM NORMAL     0    LOWEST  SLP 29.54 ON 14

[REMARKS]
