000
CXUS55 KBOU 261114
CF6CCU
PRELIMINARY LOCAL CLIMATOLOGICAL DATA (WS FORM: F-6)

                                          STATION:   COPPER MTN CO
                                          MONTH:     APRIL
                                          YEAR:      2015
                                          LATITUDE:   39 28 N
                                          LONGITUDE: 106  9 W

  TEMPERATURE IN F:       :PCPN:    SNOW:  WIND      :SUNSHINE: SKY     :PK WND
================================================================================
1   2   3   4   5  6A  6B    7    8   9   10  11  12  13   14  15   16   17  18
                                     12Z  AVG MX 2MIN
DY MAX MIN AVG DEP HDD CDD  WTR  SNW DPTH SPD SPD DIR MIN PSBL S-S WX    SPD DR
================================================================================

 1  37  30  34   M  31   0    M    M    M 18.9 32 260   M    M   5 8      48 260
 2  34  18  26   M  39   0    M    M    M 17.4 31 240   M    M  10 8      44 240
 3  27  12  20   M  45   0    M    M    M 13.6 22 280   M    M   4        31 280
 4  37  21  29   M  36   0    M    M    M 12.2 24 260   M    M   1 8      39 240
 5  41  30  36   M  29   0    M    M    M 16.9 25 220   M    M   1 8      37 230
 6  41  32  37   M  28   0    M    M    M 15.8 24 230   M    M   0 8      36 220
 7  41  28  35   M  30   0    M    M    M 14.8 25 250   M    M   0 8      37 250
 8  37  16  27   M  38   0    M    M    M 20.7 28 160   M    M   5        44 150
 9  34  18  26   M  39   0    M    M    M 15.2 25 270   M    M   7        33 270
10  37  25  31   M  34   0    M    M    M 12.0 21 280   M    M   2 8      31 280
11  41  30  36   M  29   0    M    M    M 13.3 22 240   M    M   2 8      35 250
12  37  28  33   M  32   0    M    M    M 18.8 35 280   M    M   3 8      40 280
13  46  28  37   M  28   0    M    M    M 10.1 18 270   M    M   0        25 270
14  45  34  40   M  25   0    M    M    M 13.4 27 150   M    M   2        37 150
15  36  19  28   M  37   0    M    M    M 18.2 33 120   M    M   6 8      44 120
16  30  21  26   M  39   0    M    M    M 23.0 39 100   M    M  10        52  90
17  30  19  25   M  40   0    M    M    M 18.2 54 100   M    M   8        66 100
18  27  18  23   M  42   0    M    M    M 11.9 23 280   M    M  10        31 280
19  28  21  25   M  40   0    M    M    M 15.2 24 280   M    M  10        30 280
20  25  23  24   M  41   0    M    M    M 16.7 23 280   M    M  10        38 280
21   M   M   M   M   M   M    M    M    M   M   M   M   M    M   M         M  M
22   M   M   M   M   M   M    M    M    M   M   M   M   M    M   M         M  M
23   M   M   M   M   M   M    M    M    M   M   M   M   M    M   M         M  M
24  36  28  32   M  33   0    M    M    M 16.8 30 270   M    M   6        41 270
25  37  28  33   M  32   0    M    M    M  8.2 16 160   M    M   6        23 220
================================================================================
SM  784  527       767   0    M     M    341.3          M      108
================================================================================
AV 35.6 24.0                              15.5 FASTST   M    M   5    MAX(MPH)
                                 MISC ---->    54   M                 66    M
================================================================================
NOTES:
# LAST OF SEVERAL OCCURRENCES

COLUMN 17 PEAK WIND IN M.P.H.

PRELIMINARY LOCAL CLIMATOLOGICAL DATA (WS FORM: F-6) , PAGE 2

                                          STATION:  COPPER MTN CO
                                          MONTH:    APRIL
                                          YEAR:     2015
                                          LATITUDE:   39 28 N
                                          LONGITUDE: 106  9 W

[TEMPERATURE DATA]      [PRECIPITATION DATA]       SYMBOLS USED IN COLUMN 16

AVERAGE MONTHLY: 29.8   TOTAL FOR MONTH:      M    1 = FOG OR MIST
DPTR FM NORMAL:     M   DPTR FM NORMAL:       M    2 = FOG REDUCING VISIBILITY
HIGHEST:    46 ON 13    GRTST 24HR    M  ON   M        TO 1/4 MILE OR LESS
LOWEST:     12 ON  3                               3 = THUNDER
                        SNOW, ICE PELLETS, HAIL    4 = ICE PELLETS
                        TOTAL MONTH:    M          5 = HAIL
                        GRTST 24HR    M  ON   M    6 = FREEZING RAIN OR DRIZZLE
                        GRTST DEPTH:  M  ON   M    7 = DUSTSTORM OR SANDSTORM:
                                                       VSBY 1/2 MILE OR LESS
                                                   8 = SMOKE OR HAZE
[NO. OF DAYS WITH]      [WEATHER - DAYS WITH]      9 = BLOWING SNOW
                                                   X = TORNADO
MAX 32 OR BELOW:   6    0.01 INCH OR MORE:   0
MAX 90 OR ABOVE:   0    0.10 INCH OR MORE:   0
MIN 32 OR BELOW:  21    0.50 INCH OR MORE:   0
MIN  0 OR BELOW:   0    1.00 INCH OR MORE:   0

[HDD (BASE 65) ]
TOTAL THIS MO.   767    CLEAR  (SCALE 0-3)   8
DPTR FM NORMAL     M    PTCLDY (SCALE 4-7)   9
TOTAL FM JUL 1  8575    CLOUDY (SCALE 8-10)  5
DPTR FM NORMAL     M

[CDD (BASE 65) ]
TOTAL THIS MO.     0
DPTR FM NORMAL     M    [PRESSURE DATA]
TOTAL FM JAN 1     0    HIGHEST SLP M ON M
DPTR FM NORMAL     M    LOWEST  SLP M ON M

[REMARKS]
