000
CXUS55 KOHX 261010
CF6CKV
PRELIMINARY LOCAL CLIMATOLOGICAL DATA (WS FORM: F-6)

                                          STATION:   CLARKSVILLE
                                          MONTH:     APRIL
                                          YEAR:      2015
                                          LATITUDE:   36 37 N
                                          LONGITUDE:  87 25 W

  TEMPERATURE IN F:       :PCPN:    SNOW:  WIND      :SUNSHINE: SKY     :PK WND
================================================================================
1   2   3   4   5  6A  6B    7    8   9   10  11  12  13   14  15   16   17  18
                                     12Z  AVG MX 2MIN
DY MAX MIN AVG DEP HDD CDD  WTR  SNW DPTH SPD SPD DIR MIN PSBL S-S WX    SPD DR
================================================================================

 1  75  41  58   5   7   0 0.00    M    M  6.9 15 100   M    M   0        19 100
 2  80  60  70  16   0   5 0.93    M    M 11.7 28 270   M    M   4 138    40 200
 3  72  47  60   6   5   0 0.79    M    M 12.6 36 200   M    M   9 13     43 200
 4  59  37  48  -6  17   0 0.00    M    M  6.0 20 340   M    M   0 8      24 340
 5  69  31  50  -4  15   0 0.00    M    M  5.4 16 200   M    M   1 1      22 210
 6  65  55  60   5   5   0 0.46    M    M  7.2 16 190   M    M  10 1      21 180
 7  79  64  72  17   0   7 0.03    M    M  9.3 21 200   M    M   6 1      26 230
 8  85  61  73  18   0   8 0.00    M    M  8.6 21 210   M    M   2 1      27 200
 9  83  68  76  20   0  11 0.33  0.0    0 14.1 26 220   M    M   2 13     36 200
10  70  46  58   2   7   0 0.94    M    M  7.8 30 250   M    M   1 13     41 250
11  70  41  56   0   9   0 0.00    M    M  4.2 12  20   M    M   0        15  20
12  81  47  64   8   1   0 0.00    M    M  5.7 13 140   M    M   0        20 160
13  71  64  68  11   0   3 0.65    M    M  6.3 15 150   M    M   9 1      19 150
14  66  57  62   5   3   0 1.04    M    M 11.2 24  20   M    M  10 18     30  20
15  63  54  59   2   6   0 0.17    M    M  6.9 13  80   M    M   9 1      17  80
16  75  56  66   8   0   1 0.51  0.0    0  7.3 15 150   M    M   8 123    23 170
17  74  56  65   7   0   0 0.00  0.0    0  3.8  9  80   M    M   7 12     11  20
18  81  53  67   9   0   2 0.00  0.0    0  4.9 13  80   M    M   5 12     15  80
19  74  57  66   8   0   1 1.52    M    M  6.8 25 280   M    M   8 13     35 280
20  64  51  58  -1   7   0 0.06    M    M  9.7 21 300   M    M   8 13     27 270
21  70  42  56  -3   9   0 0.04    M    0  9.2 25 250   M    M   4        34 210
22  65  44  55  -5  10   0 0.03    M    M 10.3 21 290   M    M   3        29 280
23  65  36  51  -9  14   0 0.00  0.0    0  4.2 16 320   M    M   0        20 330
24  65  39  52  -8  13   0    T    M    0  6.1 15 180   M    M   3        20 190
25  82  56  69   9   0   4 0.32  0.0    0 10.4 29  10   M    M   5 13     37 340
================================================================================
SM 1803 1263       128  42  7.82     0.0 196.6          M      114
================================================================================
AV 72.1 50.5                               7.9 FASTST   M    M   5    MAX(MPH)
                                 MISC ---->  # 36 200               # 43  200
================================================================================
NOTES:
# LAST OF SEVERAL OCCURRENCES

COLUMN 17 PEAK WIND IN M.P.H.

PRELIMINARY LOCAL CLIMATOLOGICAL DATA (WS FORM: F-6) , PAGE 2

                                          STATION:  CLARKSVILLE
                                          MONTH:    APRIL
                                          YEAR:     2015
                                          LATITUDE:   36 37 N
                                          LONGITUDE:  87 25 W

[TEMPERATURE DATA]      [PRECIPITATION DATA]       SYMBOLS USED IN COLUMN 16

AVERAGE MONTHLY: 61.3   TOTAL FOR MONTH:   7.82    1 = FOG OR MIST
DPTR FM NORMAL:   4.6   DPTR FM NORMAL:    4.28    2 = FOG REDUCING VISIBILITY
HIGHEST:    85 ON  8    GRTST 24HR  1.69 ON 13-14      TO 1/4 MILE OR LESS
LOWEST:     31 ON  5                               3 = THUNDER
                        SNOW, ICE PELLETS, HAIL    4 = ICE PELLETS
                        TOTAL MONTH:   0.0 INCH    5 = HAIL
                        GRTST 24HR     0.0         6 = FREEZING RAIN OR DRIZZLE
                        GRTST DEPTH:   0           7 = DUSTSTORM OR SANDSTORM:
                                                       VSBY 1/2 MILE OR LESS
                                                   8 = SMOKE OR HAZE
[NO. OF DAYS WITH]      [WEATHER - DAYS WITH]      9 = BLOWING SNOW
                                                   X = TORNADO
MAX 32 OR BELOW:   0    0.01 INCH OR MORE:  15
MAX 90 OR ABOVE:   0    0.10 INCH OR MORE:  11
MIN 32 OR BELOW:   1    0.50 INCH OR MORE:   7
MIN  0 OR BELOW:   0    1.00 INCH OR MORE:   2

[HDD (BASE 65) ]
TOTAL THIS MO.   128    CLEAR  (SCALE 0-3)  10
DPTR FM NORMAL  -100    PTCLDY (SCALE 4-7)   8
TOTAL FM JUL 1  4200    CLOUDY (SCALE 8-10)  7
DPTR FM NORMAL   278

[CDD (BASE 65) ]
TOTAL THIS MO.    42
DPTR FM NORMAL    17    [PRESSURE DATA]
TOTAL FM JAN 1    46    HIGHEST SLP M ON M
DPTR FM NORMAL    13    LOWEST  SLP 29.51 ON 25

[REMARKS]
