000
CXUS54 KHGX 260726
CF6CLL
PRELIMINARY LOCAL CLIMATOLOGICAL DATA (WS FORM: F-6)

                                          STATION:   COLLEGE STATION
                                          MONTH:     APRIL
                                          YEAR:      2015
                                          LATITUDE:   30 34 N
                                          LONGITUDE:  96 22 W

  TEMPERATURE IN F:       :PCPN:    SNOW:  WIND      :SUNSHINE: SKY     :PK WND
================================================================================
1   2   3   4   5  6A  6B    7    8   9   10  11  12  13   14  15   16   17  18
                                     12Z  AVG MX 2MIN
DY MAX MIN AVG DEP HDD CDD  WTR  SNW DPTH SPD SPD DIR MIN PSBL S-S WX    SPD DR
================================================================================

 1  78  68  73   8   0   8 0.03  0.0    0  9.6 18 150   M    M   6 3      23 160
 2  82  67  75  10   0  10 0.00  0.0    0 13.9 23 160   M    M   6 18     29 170
 3  84  66  75   9   0  10    T  0.0    0 10.7 23 360   M    M   8 18     32 360
 4  71  57  64  -2   1   0    T  0.0    0 11.4 23  40   M    M   8        29  40
 5  65  55  60  -6   5   0 0.01  0.0    0  7.4 15 120   M    M  10 13     21 120
 6  83  65  74   8   0   9 0.00  0.0    0 13.2 26 160   M    M   5 1      33 180
 7  85  66  76  10   0  11 0.00  0.0    0 12.4 22 170   M    M   5 1      29 160
 8  82  70  76   9   0  11 0.00  0.0    0 12.9 22 170   M    M   6 18     31 200
 9  84  71  78  11   0  13 0.00  0.0    0 13.5 24 170   M    M   7 18     32 170
10  72  58  65  -2   0   0 0.02  0.0    0  8.5 20  20   M    M   4 13     26  10
11  77  60  69   2   0   4 0.20  0.0    0  4.8 10 180   M    M   9 1      13  70
12  81  67  74   6   0   9 0.17  0.0    0  8.2 16 140   M    M   8 1      21 110
13  83  66  75   7   0  10 0.84  0.0    0  7.3 33 170   M    M   5 13     43 160
14  70  57  64  -4   1   0 0.00  0.0    0  8.0 16 330   M    M   7 1      20 330
15  79  53  66  -2   0   1 0.00  0.0    0  2.9 13 160   M    M   1        16 170
16  82  65  74   5   0   9 0.36  0.0    0  6.6 26 220   M    M   6 138    42 190
17  80  65  73   4   0   8 0.38  0.0    0  7.1 25  90   M    M   9 13     33 110
18  78  61  70   1   0   5 0.35  0.0    0  4.0 30 310   M    M   6 13     42 320
19  83  57  70   1   0   5    T  0.0    0  9.0 16 210   M    M   3 3      22 230
20  73  52  63  -7   2   0 0.00  0.0    0  8.0 20  10   M    M   0        27  20
21  79  55  67  -3   0   2 0.00  0.0    0  8.9 17 160   M    M   2        21 160
22  82  63  73   3   0   8    T  0.0    0  6.9 13 170   M    M   7        17 160
23  85  69  77   7   0  12    T  0.0    0  5.2 12 140   M    M   6 1      15 140
24  85  68  77   6   0  12 1.11  0.0    0  9.2 26 250   M    M   5 138    36 250
25  89  69  79   8   0  14 0.15  0.0    0  7.1 15 250   M    M   1 13     18 270
================================================================================
SM 1992 1570         9 171  3.62     0.0 216.7          M      140
================================================================================
AV 79.7 62.8                               8.7 FASTST   M    M   6    MAX(MPH)
                                 MISC ---->  # 33 170               # 43  160
================================================================================
NOTES:
# LAST OF SEVERAL OCCURRENCES

COLUMN 17 PEAK WIND IN M.P.H.

PRELIMINARY LOCAL CLIMATOLOGICAL DATA (WS FORM: F-6) , PAGE 2

                                          STATION:  COLLEGE STATION
                                          MONTH:    APRIL
                                          YEAR:     2015
                                          LATITUDE:   30 34 N
                                          LONGITUDE:  96 22 W

[TEMPERATURE DATA]      [PRECIPITATION DATA]       SYMBOLS USED IN COLUMN 16

AVERAGE MONTHLY: 71.2   TOTAL FOR MONTH:   3.62    1 = FOG OR MIST
DPTR FM NORMAL:   3.3   DPTR FM NORMAL:    1.51    2 = FOG REDUCING VISIBILITY
HIGHEST:    89 ON 25    GRTST 24HR  1.13 ON 24-25      TO 1/4 MILE OR LESS
LOWEST:     52 ON 20                               3 = THUNDER
                        SNOW, ICE PELLETS, HAIL    4 = ICE PELLETS
                        TOTAL MONTH:   0.0 INCH    5 = HAIL
                        GRTST 24HR     0.0         6 = FREEZING RAIN OR DRIZZLE
                        GRTST DEPTH:   0           7 = DUSTSTORM OR SANDSTORM:
                                                       VSBY 1/2 MILE OR LESS
                                                   8 = SMOKE OR HAZE
[NO. OF DAYS WITH]      [WEATHER - DAYS WITH]      9 = BLOWING SNOW
                                                   X = TORNADO
MAX 32 OR BELOW:   0    0.01 INCH OR MORE:  11
MAX 90 OR ABOVE:   0    0.10 INCH OR MORE:   8
MIN 32 OR BELOW:   0    0.50 INCH OR MORE:   2
MIN  0 OR BELOW:   0    1.00 INCH OR MORE:   1

[HDD (BASE 65) ]
TOTAL THIS MO.     9    CLEAR  (SCALE 0-3)   5
DPTR FM NORMAL   -36    PTCLDY (SCALE 4-7)  15
TOTAL FM JUL 1  1761    CLOUDY (SCALE 8-10)  5
DPTR FM NORMAL   157

[CDD (BASE 65) ]
TOTAL THIS MO.   171
DPTR FM NORMAL    55    [PRESSURE DATA]
TOTAL FM JAN 1   218    HIGHEST SLP M ON M
DPTR FM NORMAL    15    LOWEST  SLP 29.68 ON 25

[REMARKS]
