000
CXUS53 KGRB 260642
CF6ISW
PRELIMINARY LOCAL CLIMATOLOGICAL DATA (WS FORM: F-6)

                                          STATION:   WISCONSIN RAPIDS ASOS
                                          MONTH:     APRIL
                                          YEAR:      2015
                                          LATITUDE:   44 22 N
                                          LONGITUDE:  89 50 W

  TEMPERATURE IN F:       :PCPN:    SNOW:  WIND      :SUNSHINE: SKY     :PK WND
================================================================================
1   2   3   4   5  6A  6B    7    8   9   10  11  12  13   14  15   16   17  18
                                     12Z  AVG MX 2MIN
DY MAX MIN AVG DEP HDD CDD  WTR  SNW DPTH SPD SPD DIR MIN PSBL S-S WX    SPD DR
================================================================================

 1  77  31  54  16  11   0 0.00  0.0    0 11.8 25 190   M    M   0        35 210
 2  66  47  57  18   8   0 0.07  0.0    0 11.7 25 300   M    M   3 1      35 300
 3  48  24  36  -3  29   0 0.00  0.0    0 10.4 20 310   M    M   4        26 310
 4  54  23  39  -1  26   0 0.06  0.0    0 10.7 25 320   M    M   6        33 320
 5  50  34  42   2  23   0 0.13  0.0    0  7.6 15 120   M    M   9 1      20 130
 6  46  31  39  -2  26   0 0.00  0.0    0 12.1 21  80   M    M   5        25  80
 7  46  34  40  -1  25   0 0.59  0.0    0 13.3 23  70   M    M  10 1      33  70
 8  41  35  38  -4  27   0 0.02  0.0    0 10.0 16  80   M    M   9 18     22  80
 9  42  34  38  -4  27   0 1.33  0.0    0  9.3 18 350   M    M  10 13     27 340
10  52  33  43   0  22   0    M    M    M  9.7 21 330   M    M   7 1      28 320
11  65  27  46   3  19   0 0.00  0.0    0  5.9 16 240   M    M   0 1      21 260
12  74  45  60  16   5   0 0.00  0.0    0 12.1 26 210   M    M   1        37 210
13  65  39  52   8  13   0    T  0.0    0 11.9 29 310   M    M   3        38 290
14  68  28  48   4  17   0 0.00  0.0    0  3.1 16  30   M    M   0 8      20  30
15  66  35  51   6  14   0 0.00  0.0    0  8.7 22  90   M    M   0        27  90
16  73  35  54   9  11   0 0.00  0.0    0  3.4 13 280   M    M   1        16 310
17  78  45  62  16   3   0 0.00  0.0    0  3.2 13 290   M    M   3        17 300
18  65  42  54   8  11   0 0.00  0.0    0 11.8 21  90   M    M   0        28  80
19  72  47  60  13   5   0 0.02  0.0    0  9.3 18 110   M    M   5        24 120
20  49  35  42  -5  23   0    M    M    M 12.0 23 280   M    M  10 1      32 280
21  41  30  36 -12  29   0    M    M    M 12.7 26 310   M    M   9 18     37 280
22  45  28  37 -11  28   0    M    M    M 13.6 26 330   M    M   9        37 320
23  53  23  38 -10  27   0 0.00  0.0    0  7.2 22 320   M    M   0        29 290
24  60  23  42  -7  23   0    T  0.0    0  7.4 15 140   M    M   5        24 140
25  57  35  46  -3  19   0 0.00  0.0    0 10.6 24 120   M    M   5        29 120
================================================================================
SM 1453  843       471   0  2.22     0.0 239.5          M      114
================================================================================
AV 58.1 33.7                               9.6 FASTST   M    M   5    MAX(MPH)
                                 MISC ---->  # 29 310               # 38  290
================================================================================
NOTES:
# LAST OF SEVERAL OCCURRENCES

COLUMN 17 PEAK WIND IN M.P.H.

PRELIMINARY LOCAL CLIMATOLOGICAL DATA (WS FORM: F-6) , PAGE 2

                                          STATION:  WISCONSIN RAPIDS ASOS
                                          MONTH:    APRIL
                                          YEAR:     2015
                                          LATITUDE:   44 22 N
                                          LONGITUDE:  89 50 W

[TEMPERATURE DATA]      [PRECIPITATION DATA]       SYMBOLS USED IN COLUMN 16

AVERAGE MONTHLY: 45.9   TOTAL FOR MONTH:   2.22    1 = FOG OR MIST
DPTR FM NORMAL:   2.0   DPTR FM NORMAL:   -0.06    2 = FOG REDUCING VISIBILITY
HIGHEST:    78 ON 17    GRTST 24HR  1.36 ON  9-10      TO 1/4 MILE OR LESS
LOWEST:     23 ON 24,23                            3 = THUNDER
                        SNOW, ICE PELLETS, HAIL    4 = ICE PELLETS
                        TOTAL MONTH:   0.0 INCH    5 = HAIL
                        GRTST 24HR     0.0         6 = FREEZING RAIN OR DRIZZLE
                        GRTST DEPTH:   0           7 = DUSTSTORM OR SANDSTORM:
                                                       VSBY 1/2 MILE OR LESS
                                                   8 = SMOKE OR HAZE
[NO. OF DAYS WITH]      [WEATHER - DAYS WITH]      9 = BLOWING SNOW
                                                   X = TORNADO
MAX 32 OR BELOW:   0    0.01 INCH OR MORE:   7
MAX 90 OR ABOVE:   0    0.10 INCH OR MORE:   3
MIN 32 OR BELOW:  10    0.50 INCH OR MORE:   2
MIN  0 OR BELOW:   0    1.00 INCH OR MORE:   1

[HDD (BASE 65) ]
TOTAL THIS MO.   471    CLEAR  (SCALE 0-3)   9
DPTR FM NORMAL   -58    PTCLDY (SCALE 4-7)   9
TOTAL FM JUL 1  7790    CLOUDY (SCALE 8-10)  7
DPTR FM NORMAL   243

[CDD (BASE 65) ]
TOTAL THIS MO.     0
DPTR FM NORMAL     0    [PRESSURE DATA]
TOTAL FM JAN 1     0    HIGHEST SLP M ON M
DPTR FM NORMAL     0    LOWEST  SLP 29.19 ON 20

[REMARKS]
