000
CXUS53 KBIS 270730
CF6JMS
PRELIMINARY LOCAL CLIMATOLOGICAL DATA (WS FORM: F-6)

                                          STATION:   JAMESTOWN ND
                                          MONTH:     APRIL
                                          YEAR:      2015
                                          LATITUDE:   46 55 N
                                          LONGITUDE:  98 40 W

  TEMPERATURE IN F:       :PCPN:    SNOW:  WIND      :SUNSHINE: SKY     :PK WND
================================================================================
1   2   3   4   5  6A  6B    7    8   9   10  11  12  13   14  15   16   17  18
                                     12Z  AVG MX 2MIN
DY MAX MIN AVG DEP HDD CDD  WTR  SNW DPTH SPD SPD DIR MIN PSBL S-S WX    SPD DR
================================================================================

 1  64  37  51  16  14   0 0.00    M    M 16.6 39 310   M    M   1        46 310
 2  47  21  34  -2  31   0 0.00    M    M 22.0 41 300   M    M   5        54 280
 3  50  14  32  -4  33   0 0.00    M    M  8.6 23 290   M    M   3        29 210
 4  49  22  36  -1  29   0 0.00    M    M  7.2 17  80   M    M   4        24  70
 5  42  24  33  -4  32   0 0.00    M    M 16.7 22  80   M    M   8        28  80
 6  40  26  33  -5  32   0    T    M    M 15.8 23  50   M    M  10        29  50
 7  36  32  34  -4  31   0 0.03    M    M 10.0 20 110   M    M  10 12     25 110
 8  41  33  37  -2  28   0 0.00    M    M  6.3 16  20   M    M  10 1      19  60
 9  62  29  46   6  19   0 0.00    M    M 13.3 30 320   M    M   4 1      37 330
10  58  27  43   3  22   0 0.00    M    M  8.6 17 320   M    M   0        22 230
11  76  29  53  13  12   0 0.00    M    M 12.8 28 200   M    M   1        32 200
12  64  37  51  10  14   0 0.00    M    M 14.9 31 310   M    M   1        39 310
13  60  31  46   4  19   0 0.00    M    M 15.1 33 300   M    M   0        47 290
14  79  30  55  13  10   0 0.00    M    M 15.8 30 170   M    M   0        42 170
15  75  48  62  20   3   0 0.00    M    M 21.9 35 170   M    M   1        44 180
16  66  34  50   7  15   0 0.00    M    M 10.1 22 340   M    M   4        28 350
17  74  25  50   6  15   0 0.00    M    M  8.2 20  60   M    M   0 8      25 290
18  71  31  51   7  14   0    T    M    M 11.4 24 300   M    M   5        31 300
19  52  40  46   2  19   0 0.20    M    M 21.3 36 320   M    M   9 1      46 320
20  44  31  38  -7  27   0 0.00    M    M 21.2 35 330   M    M   9        43 310
21  46  25  36  -9  29   0 0.00    M    M 19.0 32 360   M    M   6        41 350
22  52  19  36 -10  29   0 0.00    M    M 11.2 24 360   M    M   0        31  20
23  54  17  36 -10  29   0 0.01    M    M  9.5 20 100   M    M   3        26 120
24  62  36  49   2  16   0 0.09    M    M 14.7 24  90   M    M   5 1      30  90
25  51  41  46  -1  19   0 0.00    M    M 10.5 15 120   M    M  10 18     19 140
26  68  39  54   6  11   0 0.00    M    M  6.5 15 120   M    M   4        18 120
================================================================================
SM 1483  778       552   0  0.33    M    349.2          M      113
================================================================================
AV 57.0 29.9                              13.4 FASTST   M    M   4    MAX(MPH)
                                 MISC ---->  # 41 300               # 54  280
================================================================================
NOTES:
# LAST OF SEVERAL OCCURRENCES

COLUMN 17 PEAK WIND IN M.P.H.

PRELIMINARY LOCAL CLIMATOLOGICAL DATA (WS FORM: F-6) , PAGE 2

                                          STATION:  JAMESTOWN ND
                                          MONTH:    APRIL
                                          YEAR:     2015
                                          LATITUDE:   46 55 N
                                          LONGITUDE:  98 40 W

[TEMPERATURE DATA]      [PRECIPITATION DATA]       SYMBOLS USED IN COLUMN 16

AVERAGE MONTHLY: 43.5   TOTAL FOR MONTH:   0.33    1 = FOG OR MIST
DPTR FM NORMAL:   1.9   DPTR FM NORMAL:   -0.63    2 = FOG REDUCING VISIBILITY
HIGHEST:    79 ON 14    GRTST 24HR  0.20 ON 19-19      TO 1/4 MILE OR LESS
LOWEST:     14 ON  3                               3 = THUNDER
                        SNOW, ICE PELLETS, HAIL    4 = ICE PELLETS
                        TOTAL MONTH:    M          5 = HAIL
                        GRTST 24HR    M  ON   M    6 = FREEZING RAIN OR DRIZZLE
                        GRTST DEPTH:  M  ON   M    7 = DUSTSTORM OR SANDSTORM:
                                                       VSBY 1/2 MILE OR LESS
                                                   8 = SMOKE OR HAZE
[NO. OF DAYS WITH]      [WEATHER - DAYS WITH]      9 = BLOWING SNOW
                                                   X = TORNADO
MAX 32 OR BELOW:   0    0.01 INCH OR MORE:   4
MAX 90 OR ABOVE:   0    0.10 INCH OR MORE:   1
MIN 32 OR BELOW:  17    0.50 INCH OR MORE:   0
MIN  0 OR BELOW:   0    1.00 INCH OR MORE:   0

[HDD (BASE 65) ]
TOTAL THIS MO.   552    CLEAR  (SCALE 0-3)  11
DPTR FM NORMAL   -59    PTCLDY (SCALE 4-7)   9
TOTAL FM JUL 1  8281    CLOUDY (SCALE 8-10)  6
DPTR FM NORMAL  -250

[CDD (BASE 65) ]
TOTAL THIS MO.     0
DPTR FM NORMAL     0    [PRESSURE DATA]
TOTAL FM JAN 1     0    HIGHEST SLP M ON M
DPTR FM NORMAL     0    LOWEST  SLP 29.35 ON  1

[REMARKS]
