000
CXUS53 KIND 270730
CF6LAF
PRELIMINARY LOCAL CLIMATOLOGICAL DATA (WS FORM: F-6)

                                          STATION:   LAFAYETTE IN
                                          MONTH:     APRIL
                                          YEAR:      2015
                                          LATITUDE:   40 25 N
                                          LONGITUDE:  86 56 W

  TEMPERATURE IN F:       :PCPN:    SNOW:  WIND      :SUNSHINE: SKY     :PK WND
================================================================================
1   2   3   4   5  6A  6B    7    8   9   10  11  12  13   14  15   16   17  18
                                     12Z  AVG MX 2MIN
DY MAX MIN AVG DEP HDD CDD  WTR  SNW DPTH SPD SPD DIR MIN PSBL S-S WX    SPD DR
================================================================================

 1  69  36  53   6  12   0 0.00    M    M  6.2 18 150   M    M   0        21 160
 2  68  45  57  10   8   0 0.05    M    M  8.1 21 230   M    M   5 1      32 250
 3  57  36  47  -1  18   0    T    M    M  8.9 20 320   M    M   6 12     28 340
 4  57  24  41  -7  24   0 0.00    M    M  8.0 21 250   M    M   1 1      30 220
 5  64  37  51   3  14   0 0.00    M    M  7.8 20 200   M    M   0        26 260
 6  61  40  51   2  14   0    T    M    M  7.1 15 220   M    M  10 1      21 230
 7  64  46  55   6  10   0    T    M    M  7.2 17  90   M    M  10 18     21  60
 8  73  46  60  11   5   0 0.31    M    M  7.3 25 320   M    M   6 13     35 320
 9  76  58  67  17   0   2 0.52    M    M 12.1 25 190   M    M   5 13     38 200
10  69  41  55   5  10   0    T    M    M 18.4 33 270   M    M   5        46 280
11  60  31  46  -4  19   0 0.00    M    M  2.8 12 260   M    M   0 1      15 210
12  67  41  54   3  11   0 0.00    M    M  6.7 17 140   M    M   1        22 140
13  67  49  58   7   7   0 0.05    M    M  8.0 22 280   M    M   5 1      25 280
14  64  46  55   3  10   0 0.00    M    M  8.6 18  50   M    M   0        24  90
15  68  44  56   4   9   0    T    M    M 15.9 29  80   M    M   3        38 110
16  61  47  54   2  11   0 0.11    M    M  5.3 17  90   M    M   9 12     21  90
17  75  46  61   9   4   0 0.00    M    M  1.7  9 350   M    M   4 12     12 360
18  77  47  62   9   3   0 0.00    M    M  3.0 15  70   M    M   0        19 130
19  60  51  56   3   9   0 0.53    M    M 11.7 20  80   M    M   6 1      25 220
20  57  42  50  -4  15   0    T    M    M 14.1 30 270   M    M  10 1      37 260
21  59  38  49  -5  16   0 0.00    M    M 14.3 32 270   M    M   4        43 260
22  50  32  41 -13  24   0 0.03    M    M 12.5 25 270   M    M   6        36 270
23  54  30  42 -12  23   0 0.00    M    M  8.4 23 290   M    M   0        29 280
24  61  27  44 -11  21   0    T    M    M  4.6 12  70   M    M   3        16  70
25  52  43  48  -7  17   0 0.70    M    M 14.2 26  70   M    M  10 1      33 100
26  57  37  47  -8  18   0 0.00    M    M 10.5 21 350   M    M   3        27 350
================================================================================
SM 1647 1060       332   2  2.30    M    233.4          M      112
================================================================================
AV 63.3 40.8                               9.0 FASTST   M    M   4    MAX(MPH)
                                 MISC ---->  # 33 270               # 46  280
================================================================================
NOTES:
# LAST OF SEVERAL OCCURRENCES

COLUMN 17 PEAK WIND IN M.P.H.

PRELIMINARY LOCAL CLIMATOLOGICAL DATA (WS FORM: F-6) , PAGE 2

                                          STATION:  LAFAYETTE IN
                                          MONTH:    APRIL
                                          YEAR:     2015
                                          LATITUDE:   40 25 N
                                          LONGITUDE:  86 56 W

[TEMPERATURE DATA]      [PRECIPITATION DATA]       SYMBOLS USED IN COLUMN 16

AVERAGE MONTHLY: 52.1   TOTAL FOR MONTH:   2.30    1 = FOG OR MIST
DPTR FM NORMAL:   0.8   DPTR FM NORMAL:   -0.72    2 = FOG REDUCING VISIBILITY
HIGHEST:    77 ON 18    GRTST 24HR  0.70 ON 25-25      TO 1/4 MILE OR LESS
LOWEST:     24 ON  4                               3 = THUNDER
                        SNOW, ICE PELLETS, HAIL    4 = ICE PELLETS
                        TOTAL MONTH:    M          5 = HAIL
                        GRTST 24HR    M  ON   M    6 = FREEZING RAIN OR DRIZZLE
                        GRTST DEPTH:  M  ON   M    7 = DUSTSTORM OR SANDSTORM:
                                                       VSBY 1/2 MILE OR LESS
                                                   8 = SMOKE OR HAZE
[NO. OF DAYS WITH]      [WEATHER - DAYS WITH]      9 = BLOWING SNOW
                                                   X = TORNADO
MAX 32 OR BELOW:   0    0.01 INCH OR MORE:   8
MAX 90 OR ABOVE:   0    0.10 INCH OR MORE:   5
MIN 32 OR BELOW:   5    0.50 INCH OR MORE:   3
MIN  0 OR BELOW:   0    1.00 INCH OR MORE:   0

[HDD (BASE 65) ]
TOTAL THIS MO.   332    CLEAR  (SCALE 0-3)  10
DPTR FM NORMAL   -36    PTCLDY (SCALE 4-7)  11
TOTAL FM JUL 1  6295    CLOUDY (SCALE 8-10)  5
DPTR FM NORMAL   842

[CDD (BASE 65) ]
TOTAL THIS MO.     2
DPTR FM NORMAL    -6    [PRESSURE DATA]
TOTAL FM JAN 1     2    HIGHEST SLP M ON M
DPTR FM NORMAL    -7    LOWEST  SLP 29.33 ON 19

[REMARKS]
