000
CXHW51 PHFO 241250
CF6LIH
PRELIMINARY LOCAL CLIMATOLOGICAL DATA (WS FORM: F-6)

                                          STATION:   LIHUE HI
                                          MONTH:     APRIL
                                          YEAR:      2015
                                          LATITUDE:   21 58 N
                                          LONGITUDE: 159 21 W

  TEMPERATURE IN F:       :PCPN:    SNOW:  WIND      :SUNSHINE: SKY     :PK WND
================================================================================
1   2   3   4   5  6A  6B    7    8   9   10  11  12  13   14  15   16   17  18
                                     12Z  AVG MX 2MIN
DY MAX MIN AVG DEP HDD CDD  WTR  SNW DPTH SPD SPD DIR MIN PSBL S-S WX    SPD DR
================================================================================

 1  81  68  75   1   0  10 0.07  0.0    0 10.3 16  70   M    M   7 1      21  70
 2  81  71  76   2   0  11    T  0.0    0 12.5 18 100   M    M   7        24  90
 3  82  67  75   1   0  10    T  0.0    0 10.1 16  80   M    M   7        21  90
 4  83  74  79   5   0  14    T  0.0    0 14.0 16  50   M    M   7        22  90
 5  83  73  78   4   0  13 0.07  0.0    0 15.7 21  70   M    M   8 1      28  70
 6  81  72  77   3   0  12    T  0.0    0 14.4 20  50   M    M   5        24  50
 7  81  69  75   1   0  10 0.05  0.0    0 14.3 23  80   M    M   6 8      28  80
 8  80  72  76   2   0  11    T  0.0    0 17.4 22  50   M    M   5        28  40
 9  80  69  75   1   0  10 0.15  0.0    0 19.2 24  60   M    M   4 1      30  50
10  81  70  76   2   0  11 0.02  0.0    0 14.8 22  40   M    M   6 1      26  40
11  82  72  77   3   0  12 0.00  0.0    0 13.6 21  80   M    M   6        25  80
12  81  70  76   2   0  11    T  0.0    0 13.9 18  40   M    M   5        23  40
13  81  69  75   1   0  10 0.07  0.0    0 15.9 23  50   M    M   7 1      28  60
14  80  72  76   2   0  11 0.07  0.0    0 15.7 22  50   M    M   9 8      26  60
15  83  73  78   4   0  13    T  0.0    0 15.3 20  40   M    M   7        24  40
16  82  72  77   3   0  12 0.02  0.0    0 16.4 24  50   M    M   5        30  50
17  82  73  78   4   0  13 0.00  0.0    0 15.1 21  70   M    M   8        24  70
18  82  74  78   4   0  13 0.02  0.0    0 16.6 22  70   M    M   7 8      25  60
19  82  73  78   4   0  13    T  0.0    0 19.6 24  60   M    M   7        29  70
20  82  73  78   4   0  13 0.00  0.0    0 18.6 24  60   M    M   8        29  60
21  82  69  76   2   0  11 0.01  0.0    0 18.0 31 110   M    M  10 1      37 110
22  82  70  76   2   0  11 0.43  0.0    0  8.3 21 100   M    M   7 1      24  90
23  84  71  78   4   0  13 0.01  0.0    0 10.0 20 180   M    M   8 8      24 170
================================================================================
SM 1878 1636         0 268  0.99     0.0 339.7          M      156
================================================================================
AV 81.7 71.1                              14.8 FASTST   M    M   7    MAX(MPH)
                                 MISC ---->  # 31 110               # 37  110
================================================================================
NOTES:
# LAST OF SEVERAL OCCURRENCES

COLUMN 17 PEAK WIND IN M.P.H.

PRELIMINARY LOCAL CLIMATOLOGICAL DATA (WS FORM: F-6) , PAGE 2

                                          STATION:  LIHUE HI
                                          MONTH:    APRIL
                                          YEAR:     2015
                                          LATITUDE:   21 58 N
                                          LONGITUDE: 159 21 W

[TEMPERATURE DATA]      [PRECIPITATION DATA]       SYMBOLS USED IN COLUMN 16

AVERAGE MONTHLY: 76.4   TOTAL FOR MONTH:   0.99    1 = FOG OR MIST
DPTR FM NORMAL:   2.4   DPTR FM NORMAL:   -0.83    2 = FOG REDUCING VISIBILITY
HIGHEST:    84 ON 23    GRTST 24HR  0.44 ON 21-22      TO 1/4 MILE OR LESS
LOWEST:     67 ON  3                               3 = THUNDER
                        SNOW, ICE PELLETS, HAIL    4 = ICE PELLETS
                        TOTAL MONTH:   0.0 INCH    5 = HAIL
                        GRTST 24HR     0.0         6 = FREEZING RAIN OR DRIZZLE
                        GRTST DEPTH:   0           7 = DUSTSTORM OR SANDSTORM:
                                                       VSBY 1/2 MILE OR LESS
                                                   8 = SMOKE OR HAZE
[NO. OF DAYS WITH]      [WEATHER - DAYS WITH]      9 = BLOWING SNOW
                                                   X = TORNADO
MAX 32 OR BELOW:   0    0.01 INCH OR MORE:  12
MAX 90 OR ABOVE:   0    0.10 INCH OR MORE:   2
MIN 32 OR BELOW:   0    0.50 INCH OR MORE:   0
MIN  0 OR BELOW:   0    1.00 INCH OR MORE:   0

[HDD (BASE 65) ]
TOTAL THIS MO.     0    CLEAR  (SCALE 0-3)   0
DPTR FM NORMAL     0    PTCLDY (SCALE 4-7)  20
TOTAL FM JUL 1     0    CLOUDY (SCALE 8-10)  3
DPTR FM NORMAL     0

[CDD (BASE 65) ]
TOTAL THIS MO.   268
DPTR FM NORMAL    62    [PRESSURE DATA]
TOTAL FM JAN 1   978    HIGHEST SLP M ON M
DPTR FM NORMAL   138    LOWEST  SLP 29.95 ON  2

[REMARKS]
