000
CXUS55 KABR 241400
CF6MBG
PRELIMINARY LOCAL CLIMATOLOGICAL DATA (WS FORM: F-6)

                                          STATION:   MOBRIDGE SD
                                          MONTH:     APRIL
                                          YEAR:      2015
                                          LATITUDE:   45 32 N
                                          LONGITUDE: 100 25 W

  TEMPERATURE IN F:       :PCPN:    SNOW:  WIND      :SUNSHINE: SKY     :PK WND
================================================================================
1   2   3   4   5  6A  6B    7    8   9   10  11  12  13   14  15   16   17  18
                                     12Z  AVG MX 2MIN
DY MAX MIN AVG DEP HDD CDD  WTR  SNW DPTH SPD SPD DIR MIN PSBL S-S WX    SPD DR
================================================================================

 1  67  34  51  12  14   0 0.00  0.0    0 15.8 31 310   M    M   1        40 320
 2  51  27  39  -1  26   0 0.00  0.0    0 17.3 37 300   M    M   5        47 310
 3  56  18  37  -3  28   0 0.00  0.0    0  6.7 23 300   M    M   2        31 260
 4  64  24  44   4  21   0 0.00  0.0    0  8.6 23  80   M    M   1        29  80
 5  58  33  46   5  19   0 0.00  0.0    0 20.1 33  60   M    M   1        42  60
 6  49  30  40  -1  25   0 0.00  0.0    0 16.4 25  50   M    M   7        33  50
 7  42  34  38  -4  27   0 0.00  0.0    0  6.1 20 140   M    M  10 1      23 100
 8  46  36  41  -1  24   0 0.08  0.0    0  9.7 20  30   M    M  10 1      24  30
 9  61  36  49   6  16   0 0.04  0.0    0 14.0 26 320   M    M   6 18     34 310
10  62  24  43   0  22   0 0.00  0.0    0  7.6 16 140   M    M   0        20 330
11  80  37  59  15   6   0 0.00  0.0    0 10.4 18 150   M    M   1        22 170
12  63  39  51   7  14   0 0.00  0.0    0 16.3 32 310   M    M   2        42 310
13  65  29  47   3  18   0 0.00  0.0    0  9.9 22 310   M    M   0        37 300
14  84  29  57  12   8   0 0.00  0.0    0 19.6 35 160   M    M   0        43 160
15  76  49  63  18   2   0 0.00  0.0    0 20.4 30 170   M    M   1        38 160
16  68  39  54   8  11   0 0.00  0.0    0  9.3 20 350   M    M   4        24 360
17  73  31  52   6  13   0 0.00  0.0    0  3.6 10 280   M    M   0        14 300
18  66  39  53   7  12   0 0.29  0.0    0  9.3 21 350   M    M   8 1      27 360
19  54  40  47   0  18   0 0.06  0.0    0 21.0 33 320   M    M   8 1      45 320
20  55  28  42  -5  23   0 0.00  0.0    0 19.4 39 330   M    M   0        55 310
21  52  24  38 -10  27   0    T    T    0 12.1 26 360   M    M   3 1      33  10
22  57  21  39  -9  26   0 0.00  0.0    0  5.7 16  80   M    M   0        20 170
23  68  30  49   1  16   0    T  0.0    0 17.9 29 140   M    M   2 3      36 140
================================================================================
SM 1417  731       416   0  0.47    T    297.2          M       72
================================================================================
AV 61.6 31.8                              12.9 FASTST   M    M   3    MAX(MPH)
                                 MISC ---->  # 39 330               # 55  310
================================================================================
NOTES:
# LAST OF SEVERAL OCCURRENCES

COLUMN 17 PEAK WIND IN M.P.H.

PRELIMINARY LOCAL CLIMATOLOGICAL DATA (WS FORM: F-6) , PAGE 2

                                          STATION:  MOBRIDGE SD
                                          MONTH:    APRIL
                                          YEAR:     2015
                                          LATITUDE:   45 32 N
                                          LONGITUDE: 100 25 W

[TEMPERATURE DATA]      [PRECIPITATION DATA]       SYMBOLS USED IN COLUMN 16

AVERAGE MONTHLY: 46.7   TOTAL FOR MONTH:   0.47    1 = FOG OR MIST
DPTR FM NORMAL:   2.8   DPTR FM NORMAL:   -0.51    2 = FOG REDUCING VISIBILITY
HIGHEST:    84 ON 14    GRTST 24HR  0.35 ON 18-19      TO 1/4 MILE OR LESS
LOWEST:     18 ON  3                               3 = THUNDER
                        SNOW, ICE PELLETS, HAIL    4 = ICE PELLETS
                        TOTAL MONTH:    T          5 = HAIL
                        GRTST 24HR    T  ON 21-21  6 = FREEZING RAIN OR DRIZZLE
                        GRTST DEPTH:   0           7 = DUSTSTORM OR SANDSTORM:
                                                       VSBY 1/2 MILE OR LESS
                                                   8 = SMOKE OR HAZE
[NO. OF DAYS WITH]      [WEATHER - DAYS WITH]      9 = BLOWING SNOW
                                                   X = TORNADO
MAX 32 OR BELOW:   0    0.01 INCH OR MORE:   4
MAX 90 OR ABOVE:   0    0.10 INCH OR MORE:   1
MIN 32 OR BELOW:  12    0.50 INCH OR MORE:   0
MIN  0 OR BELOW:   0    1.00 INCH OR MORE:   0

[HDD (BASE 65) ]
TOTAL THIS MO.   416    CLEAR  (SCALE 0-3)  14
DPTR FM NORMAL   -72    PTCLDY (SCALE 4-7)   7
TOTAL FM JUL 1  6983    CLOUDY (SCALE 8-10)  2
DPTR FM NORMAL  -507

[CDD (BASE 65) ]
TOTAL THIS MO.     0
DPTR FM NORMAL     0    [PRESSURE DATA]
TOTAL FM JAN 1     0    HIGHEST SLP M ON M
DPTR FM NORMAL     0    LOWEST  SLP 29.40 ON  1

[REMARKS]
