000
CXUS53 KGLD 190800
CF6MCK
PRELIMINARY LOCAL CLIMATOLOGICAL DATA (WS FORM: F-6)

                                          STATION:   MCCOOK NE
                                          MONTH:     APRIL
                                          YEAR:      2015
                                          LATITUDE:   40 13 N
                                          LONGITUDE: 100 35 W

  TEMPERATURE IN F:       :PCPN:    SNOW:  WIND      :SUNSHINE: SKY     :PK WND
================================================================================
1   2   3   4   5  6A  6B    7    8   9   10  11  12  13   14  15   16   17  18
                                     12Z  AVG MX 2MIN
DY MAX MIN AVG DEP HDD CDD  WTR  SNW DPTH SPD SPD DIR MIN PSBL S-S WX    SPD DR
================================================================================

 1  87  54  71  27   0   6    T    M    M 13.9 31 350   M    M   1        39 350
 2  63  33  48   3  17   0 0.32    M    M 12.6 36 360   M    M   7 18     45 360
 3  54  32  43  -2  22   0 0.02    M    M 11.3 22 310   M    M   2        29 310
 4  71  33  52   7  13   0 0.00    M    M 16.4 31 190   M    M   1        39 200
 5  75  36  56  10   9   0 0.00    M    M  7.0 22 170   M    M   0        28 180
 6  71  48  60  14   5   0 0.00    M    M 11.2 23  50   M    M   5 18     27  70
 7  61  45  53   7  12   0 0.00    M    M 11.4 22  70   M    M  10 12     27  70
 8  48  42  45  -2  20   0    T    M    M 11.2 22  10   M    M  10 1      26  10
 9  50  30  40  -7  25   0 0.07    M    M 18.1 37 330   M    M   7 1      45 340
10  69  27  48   1  17   0 0.00    M    M  9.4 20 160   M    M   0        27 160
11  78  44  61  13   4   0 0.00    M    M 13.8 28 180   M    M   0        34 170
12  82  43  63  15   2   0 0.00    M    M 13.2 35 320   M    M   3        43 320
13  68  30  49   1  16   0 0.00    M    M  6.3 13 180   M    M   0        15 190
14  72  41  57   8   8   0 0.00    M    M 14.7 28 180   M    M   0        37 150
15  73  41  57   8   8   0 0.30    M    M 16.1 30 130   M    M   2 13     40 120
16  58  52  55   5  10   0 0.06    M    M 12.5 22  50   M    M   9 128    26  50
17  71  52  62  12   3   0 0.35    M    M 11.5 21 110   M    M   8 13     26 110
18  72  44  58   8   7   0 0.12    M    M  7.1 20 130   M    M   4 13     25 110
================================================================================
SM 1223  727       198   6  1.24    M    217.7          M       69
================================================================================
AV 67.9 40.4                              12.1 FASTST   M    M   4    MAX(MPH)
                                 MISC ---->  # 37 330               # 45  360
================================================================================
NOTES:
# LAST OF SEVERAL OCCURRENCES

COLUMN 17 PEAK WIND IN M.P.H.

PRELIMINARY LOCAL CLIMATOLOGICAL DATA (WS FORM: F-6) , PAGE 2

                                          STATION:  MCCOOK NE
                                          MONTH:    APRIL
                                          YEAR:     2015
                                          LATITUDE:   40 13 N
                                          LONGITUDE: 100 35 W

[TEMPERATURE DATA]      [PRECIPITATION DATA]       SYMBOLS USED IN COLUMN 16

AVERAGE MONTHLY: 54.2   TOTAL FOR MONTH:   1.24    1 = FOG OR MIST
DPTR FM NORMAL:   6.9   DPTR FM NORMAL:    0.04    2 = FOG REDUCING VISIBILITY
HIGHEST:    87 ON  1    GRTST 24HR  0.41 ON 16-17      TO 1/4 MILE OR LESS
LOWEST:     27 ON 10                               3 = THUNDER
                        SNOW, ICE PELLETS, HAIL    4 = ICE PELLETS
                        TOTAL MONTH:    M          5 = HAIL
                        GRTST 24HR    M  ON   M    6 = FREEZING RAIN OR DRIZZLE
                        GRTST DEPTH:  M  ON   M    7 = DUSTSTORM OR SANDSTORM:
                                                       VSBY 1/2 MILE OR LESS
                                                   8 = SMOKE OR HAZE
[NO. OF DAYS WITH]      [WEATHER - DAYS WITH]      9 = BLOWING SNOW
                                                   X = TORNADO
MAX 32 OR BELOW:   0    0.01 INCH OR MORE:   7
MAX 90 OR ABOVE:   0    0.10 INCH OR MORE:   4
MIN 32 OR BELOW:   4    0.50 INCH OR MORE:   0
MIN  0 OR BELOW:   0    1.00 INCH OR MORE:   0

[HDD (BASE 65) ]
TOTAL THIS MO.   198    CLEAR  (SCALE 0-3)  10
DPTR FM NORMAL  -123    PTCLDY (SCALE 4-7)   5
TOTAL FM JUL 1  4996    CLOUDY (SCALE 8-10)  3
DPTR FM NORMAL  -756

[CDD (BASE 65) ]
TOTAL THIS MO.     6
DPTR FM NORMAL     6    [PRESSURE DATA]
TOTAL FM JAN 1     8    HIGHEST SLP M ON M
DPTR FM NORMAL     8    LOWEST  SLP 29.46 ON  1

[REMARKS]
