000
CXUS55 KPSR 261005
CF6NYL
PRELIMINARY LOCAL CLIMATOLOGICAL DATA (WS FORM: F-6)

                                          STATION:   YUMA AZ
                                          MONTH:     APRIL
                                          YEAR:      2015
                                          LATITUDE:   32 39 N
                                          LONGITUDE: 114 37 W

  TEMPERATURE IN F:       :PCPN:    SNOW:  WIND      :SUNSHINE: SKY     :PK WND
================================================================================
1   2   3   4   5  6A  6B    7    8   9   10  11  12  13   14  15   16   17  18
                                     12Z  AVG MX 2MIN
DY MAX MIN AVG DEP HDD CDD  WTR  SNW DPTH SPD SPD DIR MIN PSBL S-S WX    SPD DR
================================================================================

 1  90  62  76   6   0  11 0.00  0.0    0  5.1 14 260   M    M   2        17 260
 2  88  64  76   6   0  11 0.00  0.0    0  6.9 14 340   M    M   6 8      19 350
 3  88  65  77   7   0  12 0.00  0.0    0 10.4 23  10   M    M   6        33  10
 4  90  59  75   5   0  10 0.00  0.0    0  3.9 12 290   M    M   0        18 270
 5  85  59  72   2   0   7 0.00  0.0    0  5.4 15 290   M    M   0        20 310
 6  81  57  69  -2   0   4 0.00  0.0    0  9.3 22 310   M    M   4        28 310
 7  79  56  68  -3   0   3 0.00  0.0    0 10.2 18 290   M    M   3        26 290
 8  78  56  67  -4   0   2 0.00  0.0    0  7.5 17 290   M    M   2        23 290
 9  83  52  68  -3   0   3 0.00  0.0    0  3.0 10 280   M    M   1 8      14 290
10  87  58  73   1   0   8 0.00  0.0    0  4.1 13 220   M    M   5 8      17 250
11  87  59  73   1   0   8 0.00  0.0    0  4.7 12 180   M    M   0        19 280
12  86  65  76   4   0  11 0.00  0.0    0 10.6 18 170   M    M   0        23 150
13  92  64  78   6   0  13 0.00  0.0    0  8.1 17 160   M    M   0        20 150
14  95  65  80   8   0  15 0.00  0.0    0  5.5 14 280   M    M   1        19 170
15  81  62  72  -1   0   7 0.00  0.0    0 14.2 28 350   M    M   0        36 360
16  81  56  69  -4   0   4 0.00  0.0    0  8.5 18 350   M    M   0        24 340
17  87  55  71  -2   0   6 0.00  0.0    0  4.8 16 230   M    M   0 8      19 260
18  92  60  76   2   0  11 0.00  0.0    0  5.3 15 220   M    M   0        17 220
19  93  62  78   4   0  13 0.00  0.0    0  4.2 12 280   M    M   0        15 290
20  93  60  77   3   0  12 0.00  0.0    0  7.6 21 190   M    M   1        26 180
21  86  65  76   2   0  11 0.00  0.0    0 12.2 22 150   M    M   4        26 150
22  83  62  73  -2   0   8 0.00  0.0    0  7.6 16 330   M    M   2        21 320
23  82  63  73  -2   0   8 0.00  0.0    0  6.0 16 250   M    M   5 38     21 260
24  82  59  71  -4   0   6 0.00  0.0    0  7.1 16 270   M    M   2 8      21 260
25  77  61  69  -6   0   4    T  0.0    0 10.5 30 290   M    M   2 78     39 280
================================================================================
SM 2146 1506         0 208    T      0.0 182.7          M       46
================================================================================
AV 85.8 60.2                               7.3 FASTST   M    M   2    MAX(MPH)
                                 MISC ---->  # 30 290               # 39  280
================================================================================
NOTES:
# LAST OF SEVERAL OCCURRENCES

COLUMN 17 PEAK WIND IN M.P.H.

PRELIMINARY LOCAL CLIMATOLOGICAL DATA (WS FORM: F-6) , PAGE 2

                                          STATION:  YUMA AZ
                                          MONTH:    APRIL
                                          YEAR:     2015
                                          LATITUDE:   32 39 N
                                          LONGITUDE: 114 37 W

[TEMPERATURE DATA]      [PRECIPITATION DATA]       SYMBOLS USED IN COLUMN 16

AVERAGE MONTHLY: 73.0   TOTAL FOR MONTH:      T    1 = FOG OR MIST
DPTR FM NORMAL:   0.7   DPTR FM NORMAL:   -0.14    2 = FOG REDUCING VISIBILITY
HIGHEST:    95 ON 14    GRTST 24HR    T  ON 25-25      TO 1/4 MILE OR LESS
LOWEST:     52 ON  9                               3 = THUNDER
                        SNOW, ICE PELLETS, HAIL    4 = ICE PELLETS
                        TOTAL MONTH:   0.0 INCH    5 = HAIL
                        GRTST 24HR     0.0         6 = FREEZING RAIN OR DRIZZLE
                        GRTST DEPTH:   0           7 = DUSTSTORM OR SANDSTORM:
                                                       VSBY 1/2 MILE OR LESS
                                                   8 = SMOKE OR HAZE
[NO. OF DAYS WITH]      [WEATHER - DAYS WITH]      9 = BLOWING SNOW
                                                   X = TORNADO
MAX 32 OR BELOW:   0    0.01 INCH OR MORE:   0
MAX 90 OR ABOVE:   7    0.10 INCH OR MORE:   0
MIN 32 OR BELOW:   0    0.50 INCH OR MORE:   0
MIN  0 OR BELOW:   0    1.00 INCH OR MORE:   0

[HDD (BASE 65) ]
TOTAL THIS MO.     0    CLEAR  (SCALE 0-3)  18
DPTR FM NORMAL   -12    PTCLDY (SCALE 4-7)   7
TOTAL FM JUL 1    83    CLOUDY (SCALE 8-10)  0
DPTR FM NORMAL  -602

[CDD (BASE 65) ]
TOTAL THIS MO.   208
DPTR FM NORMAL    13    [PRESSURE DATA]
TOTAL FM JAN 1   614    HIGHEST SLP M ON M
DPTR FM NORMAL   266    LOWEST  SLP 29.62 ON 20

[REMARKS]
