000
CXUS55 KSEW 260945
CF6OLM

PRELIMINARY LOCAL CLIMATOLOGICAL DATA (WS FORM: F-6)

                                          STATION:   OLYMPIA WA AIRPORT
                                          MONTH:     APRIL
                                          YEAR:      2015
                                          LATITUDE:   46 58 N
                                          LONGITUDE: 122 54 W

  TEMPERATURE IN F:       :PCPN:    SNOW:  WIND      :SUNSHINE: SKY     :PK WND
================================================================================
1   2   3   4   5  6A  6B    7    8   9   10  11  12  13   14  15   16   17  18
                                     12Z  AVG MX 2MIN
DY MAX MIN AVG DEP HDD CDD  WTR  SNW DPTH SPD SPD DIR MIN PSBL S-S WX    SPD DR
================================================================================

 1  52  37  45  -1  20   0 0.01  0.0    0  7.8 14 270   M    M   5        17 220
 2  57  32  45  -1  20   0    T  0.0    0  3.2 13 260   M    M   6 12     20 230
 3  53  35  44  -3  21   0 0.07  0.0    0  5.4 17 190   M    M   6 1      23 180
 4  56  32  44  -3  21   0 0.00  0.0    0  4.7 14 180   M    M   4 12     17 210
 5  60  29  45  -2  20   0    T  0.0    0  3.9 24 180   M    M   6 12     34 190
 6  58  43  51   4  14   0    T  0.0    0  5.8 15 200   M    M   5        20 190
 7  57  43  50   3  15   0 0.09  0.0    0  4.4 12  20   M    M   9 1      16  30
 8  63  38  51   4  14   0 0.32  0.0    0  2.3 20 310   M    M   5 13     25 290
 9  64  34  49   2  16   0 0.00  0.0    0  1.5 10  80   M    M   4 12     13  80
10  57  38  48   1  17   0 0.44  0.0    0  7.9 16 210   M    M   6 1      22 170
11  53  39  46  -2  19   0 0.14  0.0    0  9.4 25 280   M    M   5 1      41 270
12  55  38  47  -1  18   0    T  0.0    0  4.5 17 240   M    M   5        21 240
13  49  38  44  -4  21   0 0.14  0.0    0  6.8 17 210   M    M   6 1      22 220
14  53  33  43  -5  22   0 0.03  0.0    0  8.7 20 260   M    M   4        27 310
15  60  27  44  -4  21   0 0.00  0.0    0  2.6 12  30   M    M   1 1      15  30
16  66  31  49   1  16   0 0.00  0.0    0  5.4 15  10   M    M   0        20  10
17  70  34  52   4  13   0 0.00  0.0    0  4.3 13  30   M    M   0        16  20
18  70  39  55   7  10   0 0.00  0.0    0  6.5 15  20   M    M   0        21  20
19  73  35  54   5  11   0 0.00  0.0    0  4.0 14  10   M    M   0        17  30
20  77  35  56   7   9   0 0.00  0.0    0  2.9 10 340   M    M   0        13  30
21  61  39  50   1  15   0 0.00  0.0    0  7.3 21 250   M    M   5 1      30 240
22  60  33  47  -2  18   0 0.00  0.0    0  7.3 15 270   M    M   3        20 340
23  51  39  45  -4  20   0 0.17  0.0    0  9.2 20 200   M    M   8 1      26 210
24  55  40  48  -2  17   0 0.44  0.0    0  8.2 17 190   M    M   9 1      23 280
25  56  35  46  -4  19   0 0.02  0.0    0  4.0 17  20   M    M   6 12     22  10
================================================================================
SM 1486  896       427   0  1.87     0.0 138.0          M      108
================================================================================
AV 59.4 35.8                               5.5 FASTST   M    M   4    MAX(MPH)
                                 MISC ---->  # 25 280               # 41  270
================================================================================
NOTES:
# LAST OF SEVERAL OCCURRENCES

COLUMN 17 PEAK WIND IN M.P.H.

PRELIMINARY LOCAL CLIMATOLOGICAL DATA (WS FORM: F-6) , PAGE 2

                                          STATION:  OLYMPIA WA AIRPORT
                                          MONTH:    APRIL
                                          YEAR:     2015
                                          LATITUDE:   46 58 N
                                          LONGITUDE: 122 54 W

[TEMPERATURE DATA]      [PRECIPITATION DATA]       SYMBOLS USED IN COLUMN 16

AVERAGE MONTHLY: 47.6   TOTAL FOR MONTH:   1.87    1 = FOG OR MIST
DPTR FM NORMAL:  -0.2   DPTR FM NORMAL:   -1.21    2 = FOG REDUCING VISIBILITY
HIGHEST:    77 ON 20    GRTST 24HR  0.55 ON 23-24      TO 1/4 MILE OR LESS
LOWEST:     27 ON 15                               3 = THUNDER
                        SNOW, ICE PELLETS, HAIL    4 = ICE PELLETS
                        TOTAL MONTH:   0.0 INCH    5 = HAIL
                        GRTST 24HR     0.0         6 = FREEZING RAIN OR DRIZZLE
                        GRTST DEPTH:   0           7 = DUSTSTORM OR SANDSTORM:
                                                       VSBY 1/2 MILE OR LESS
                                                   8 = SMOKE OR HAZE
[NO. OF DAYS WITH]      [WEATHER - DAYS WITH]      9 = BLOWING SNOW
                                                   X = TORNADO
MAX 32 OR BELOW:   0    0.01 INCH OR MORE:  11
MAX 90 OR ABOVE:   0    0.10 INCH OR MORE:   6
MIN 32 OR BELOW:   5    0.50 INCH OR MORE:   0
MIN  0 OR BELOW:   0    1.00 INCH OR MORE:   0

[HDD (BASE 65) ]
TOTAL THIS MO.   427    CLEAR  (SCALE 0-3)   6
DPTR FM NORMAL     0    PTCLDY (SCALE 4-7)  17
TOTAL FM JUL 1  3987    CLOUDY (SCALE 8-10)  2
DPTR FM NORMAL  -798

[CDD (BASE 65) ]
TOTAL THIS MO.     0
DPTR FM NORMAL     0    [PRESSURE DATA]
TOTAL FM JAN 1     0    HIGHEST SLP M ON M
DPTR FM NORMAL     0    LOWEST  SLP 29.64 ON  5

[REMARKS]
