000
CXUS56 KOTX 181500
CF6PUW
PRELIMINARY LOCAL CLIMATOLOGICAL DATA (WS FORM: F-6)

                                          STATION:   PULLMAN-MOSCOW  AIRPORT
                                          MONTH:     APRIL
                                          YEAR:      2015
                                          LATITUDE:   46 44 N
                                          LONGITUDE: 117  7 W

  TEMPERATURE IN F:       :PCPN:    SNOW:  WIND      :SUNSHINE: SKY     :PK WND
================================================================================
1   2   3   4   5  6A  6B    7    8   9   10  11  12  13   14  15   16   17  18
                                     12Z  AVG MX 2MIN
DY MAX MIN AVG DEP HDD CDD  WTR  SNW DPTH SPD SPD DIR MIN PSBL S-S WX    SPD DR
================================================================================

 1  48  33  41  -2  24   0 0.05    M    M 13.2 26 300   M    M   6 1      38 300
 2  49  28  39  -5  26   0 0.00    M    M  6.2 18 280   M    M   5 12     23 280
 3  55  32  44   0  21   0    T    M    M  8.8 21 180   M    M   3        26 190
 4  49  34  42  -2  23   0    T    M    M  7.0 18 240   M    M   3        22 240
 5  54  27  41  -3  24   0    T    M    M  4.3 20 270   M    M   3        24 280
 6  49  33  41  -3  24   0 0.22    M    M 10.3 25 230   M    M   5 1      33 230
 7  60  35  48   4  17   0 0.00    M    M  9.1 20 120   M    M   3        23 130
 8  56  32  44   0  21   0 0.00    M    M  9.1 21 290   M    M   3        27 300
 9  56  34  45   0  20   0 0.03    M    M  3.9 18 170   M    M   5        22 170
10  64  39  52   7  13   0 0.00    M    M  9.8 15 240   M    M   3        19 240
11  49  35  42  -3  23   0 0.13    M    M 16.4 26 250   M    M   8 1      34 230
12  49  33  41  -4  24   0    T    M    M 11.1 24 240   M    M   3        31 230
13  66  36  51   6  14   0    T    M    M 13.1 23  90   M    M   3        29  90
14  49  33  41  -5  24   0 0.12    M    M 15.1 26 250   M    M   5 1      34 240
15  51  31  41  -5  24   0 0.00    M    M  7.7 20 270   M    M   1        25 260
16  60  30  45  -1  20   0 0.00    M    M  3.2 10  90   M    M   0        13  90
17  66  33  50   4  15   0 0.00    M    M  4.4 14 280   M    M   0        19 290
================================================================================
SM  930  558       357   0  0.55    M    152.7          M       59
================================================================================
AV 54.7 32.8                               9.0 FASTST   M    M   3    MAX(MPH)
                                 MISC ---->  # 26 300               # 38  300
================================================================================
NOTES:
# LAST OF SEVERAL OCCURRENCES

COLUMN 17 PEAK WIND IN M.P.H.

PRELIMINARY LOCAL CLIMATOLOGICAL DATA (WS FORM: F-6) , PAGE 2

                                          STATION:  PULLMAN-MOSCOW  AIRPORT
                                          MONTH:    APRIL
                                          YEAR:     2015
                                          LATITUDE:   46 44 N
                                          LONGITUDE: 117  7 W

[TEMPERATURE DATA]      [PRECIPITATION DATA]       SYMBOLS USED IN COLUMN 16

AVERAGE MONTHLY: 43.8   TOTAL FOR MONTH:   0.55    1 = FOG OR MIST
DPTR FM NORMAL:  -0.9   DPTR FM NORMAL:   -0.39    2 = FOG REDUCING VISIBILITY
HIGHEST:    66 ON 17,13 GRTST 24HR  0.22 ON  6- 6      TO 1/4 MILE OR LESS
LOWEST:     27 ON  5                               3 = THUNDER
                        SNOW, ICE PELLETS, HAIL    4 = ICE PELLETS
                        TOTAL MONTH:    M          5 = HAIL
                        GRTST 24HR    M  ON   M    6 = FREEZING RAIN OR DRIZZLE
                        GRTST DEPTH:  M  ON   M    7 = DUSTSTORM OR SANDSTORM:
                                                       VSBY 1/2 MILE OR LESS
                                                   8 = SMOKE OR HAZE
[NO. OF DAYS WITH]      [WEATHER - DAYS WITH]      9 = BLOWING SNOW
                                                   X = TORNADO
MAX 32 OR BELOW:   0    0.01 INCH OR MORE:   5
MAX 90 OR ABOVE:   0    0.10 INCH OR MORE:   3
MIN 32 OR BELOW:   6    0.50 INCH OR MORE:   0
MIN  0 OR BELOW:   0    1.00 INCH OR MORE:   0

[HDD (BASE 65) ]
TOTAL THIS MO.   357    CLEAR  (SCALE 0-3)   8
DPTR FM NORMAL    11    PTCLDY (SCALE 4-7)   9
TOTAL FM JUL 1  4785    CLOUDY (SCALE 8-10)  0
DPTR FM NORMAL -1020

[CDD (BASE 65) ]
TOTAL THIS MO.     0
DPTR FM NORMAL     0    [PRESSURE DATA]
TOTAL FM JAN 1     0    HIGHEST SLP M ON M
DPTR FM NORMAL     0    LOWEST  SLP  0.00 ON M

[REMARKS]
