000
CXUS53 KUNR 280945
CF6RAP
PRELIMINARY LOCAL CLIMATOLOGICAL DATA (WS FORM: F-6)

                                          STATION:   RAPID CITY AIRPORT SD
                                          MONTH:     APRIL
                                          YEAR:      2015
                                          LATITUDE:   44  2 N
                                          LONGITUDE: 103  4 W

  TEMPERATURE IN F:       :PCPN:    SNOW:  WIND      :SUNSHINE: SKY     :PK WND
================================================================================
1   2   3   4   5  6A  6B    7    8   9   10  11  12  13   14  15   16   17  18
                                     12Z  AVG MX 2MIN
DY MAX MIN AVG DEP HDD CDD  WTR  SNW DPTH SPD SPD DIR MIN PSBL S-S WX    SPD DR
================================================================================

 1  61  28  45   5  20   0 0.00  0.0    0 21.8 45 340   M    M   1        54 340
 2  51  20  36  -5  29   0 0.00  0.0    0 17.1 38 340   M    M   0        47 340
 3  51  13  32  -9  33   0    T  0.0    0  6.7 30 320   M    M   2        36 320
 4  62  26  44   3  21   0 0.00  0.0    0  5.9 20 300   M    M   1        21 300
 5  61  30  46   4  19   0 0.00  0.0    0  9.5 22 350   M    M   0        25 360
 6  41  27  34  -8  31   0 0.01  0.0    0  8.5 17  40   M    M   5 1      20  40
 7  55  31  43   1  22   0 0.00  0.0    0  5.5 13 120   M    M   7 12     16  40
 8  43  33  38  -4  27   0 0.10    T    0 12.4 21  10   M    M  10 12     26 360
 9  55  27  41  -2  24   0 0.01    T    0 15.7 32 330   M    M   4 1      39 330
10  66  30  48   5  17   0 0.00  0.0    0  8.2 24 140   M    M   1        34 130
11  78  31  55  11  10   0 0.00  0.0    0  9.0 29 220   M    M   0        37 210
12  59  26  43  -1  22   0    T  0.0    0 18.0 41 330   M    M   4        49 330
13  66  24  45   1  20   0 0.00  0.0    0  6.9 20  80   M    M   0        25  80
14  81  37  59  15   6   0 0.00  0.0    0 16.8 31 170   M    M   0        41 170
15  54  42  48   3  17   0 0.02  0.0    0 19.5 33 330   M    M   6        41 340
16  58  41  50   5  15   0 0.00  0.0    0 19.3 35 340   M    M   4        42 340
17  60  33  47   1  18   0 0.03  0.0    0  8.1 20 170   M    M   8        21 170
18  52  43  48   2  17   0 0.28  0.0    0 10.7 30 350   M    M  10 1      38 350
19  54  31  43  -3  22   0 0.00  0.0    0 24.0 43 330   M    M   3        52 330
20  55  24  40  -6  25   0 0.00  0.0    0 15.6 32 350   M    M   3        42 330
21  56  25  41  -6  24   0 0.00  0.0    0 11.4 28  20   M    M   1        34  10
22  62  24  43  -4  22   0 0.00  0.0    0  7.0 15 120   M    M   0        19 140
23  71  27  49   1  16   0 0.08  0.0    0  8.7 23 150   M    M   1 3      31 160
24  69  41  55   7  10   0 0.02  0.0    0  9.1 21 320   M    M   3        25 130
25  53  37  45  -3  20   0 0.01  0.0    0  9.9 23 340   M    M   8 12     28 340
26  51  42  47  -2  18   0 0.06  0.0    0  8.2 23 350   M    M   9 1      28 350
27  50  41  46  -3  19   0 0.02  0.0    0 14.4 28 360   M    M  10        32 360
================================================================================
SM 1575  834       544   0  0.64    T    327.9          M      101
================================================================================
AV 58.3 30.9                              12.1 FASTST   M    M   4    MAX(MPH)
                                 MISC ---->  # 45 340               # 54  340
================================================================================
NOTES:
# LAST OF SEVERAL OCCURRENCES

COLUMN 17 PEAK WIND IN M.P.H.

PRELIMINARY LOCAL CLIMATOLOGICAL DATA (WS FORM: F-6) , PAGE 2

                                          STATION:  RAPID CITY AIRPORT SD
                                          MONTH:    APRIL
                                          YEAR:     2015
                                          LATITUDE:   44  2 N
                                          LONGITUDE: 103  4 W

[TEMPERATURE DATA]      [PRECIPITATION DATA]       SYMBOLS USED IN COLUMN 16

AVERAGE MONTHLY: 44.6   TOTAL FOR MONTH:   0.64    1 = FOG OR MIST
DPTR FM NORMAL:   0.1   DPTR FM NORMAL:   -0.90    2 = FOG REDUCING VISIBILITY
HIGHEST:    81 ON 14    GRTST 24HR  0.28 ON 18-18      TO 1/4 MILE OR LESS
LOWEST:     13 ON  3                               3 = THUNDER
                        SNOW, ICE PELLETS, HAIL    4 = ICE PELLETS
                        TOTAL MONTH:    T          5 = HAIL
                        GRTST 24HR    T  ON  9- 9  6 = FREEZING RAIN OR DRIZZLE
                        GRTST DEPTH:   0           7 = DUSTSTORM OR SANDSTORM:
                                                       VSBY 1/2 MILE OR LESS
                                                   8 = SMOKE OR HAZE
[NO. OF DAYS WITH]      [WEATHER - DAYS WITH]      9 = BLOWING SNOW
                                                   X = TORNADO
MAX 32 OR BELOW:   0    0.01 INCH OR MORE:  11
MAX 90 OR ABOVE:   0    0.10 INCH OR MORE:   2
MIN 32 OR BELOW:  17    0.50 INCH OR MORE:   0
MIN  0 OR BELOW:   0    1.00 INCH OR MORE:   0

[HDD (BASE 65) ]
TOTAL THIS MO.   544    CLEAR  (SCALE 0-3)  15
DPTR FM NORMAL   -11    PTCLDY (SCALE 4-7)   8
TOTAL FM JUL 1  6354    CLOUDY (SCALE 8-10)  4
DPTR FM NORMAL  -329

[CDD (BASE 65) ]
TOTAL THIS MO.     0
DPTR FM NORMAL     0    [PRESSURE DATA]
TOTAL FM JAN 1     0    HIGHEST SLP M ON M
DPTR FM NORMAL     0    LOWEST  SLP 29.40 ON  1

[REMARKS]
