000
CXUS54 KCRP 281300
CF6RKP
PRELIMINARY LOCAL CLIMATOLOGICAL DATA (WS FORM: F-6)

                                          STATION:   ROCKPORT
                                          MONTH:     APRIL
                                          YEAR:      2015
                                          LATITUDE:   28  4 N
                                          LONGITUDE:  97  3 W

  TEMPERATURE IN F:       :PCPN:    SNOW:  WIND      :SUNSHINE: SKY     :PK WND
================================================================================
1   2   3   4   5  6A  6B    7    8   9   10  11  12  13   14  15   16   17  18
                                     12Z  AVG MX 2MIN
DY MAX MIN AVG DEP HDD CDD  WTR  SNW DPTH SPD SPD DIR MIN PSBL S-S WX    SPD DR
================================================================================

 1  80  70  75   6   0  10 0.01  0.0    0 11.5 22 150   M    M   7 18     27 140
 2  80  72  76   7   0  11 0.00  0.0    0 11.6 18 140   M    M   9 18     26 150
 3  80  72  76   6   0  11 0.00  0.0    0 10.4 16 110   M    M   9 18     24 180
 4  75  66  71   1   0   6    T  0.0    0 16.0 24  30   M    M  10        33  30
 5  80  66  73   3   0   8 0.01  0.0    0 11.1 18 140   M    M   5 1      24 180
 6  82  71  77   7   0  12 0.00  0.0    0 12.5 21 140   M    M   3 18     27 140
 7  83  72  78   8   0  13 0.00  0.0    0 12.2 20 140   M    M   8 18     25 140
 8  83  74  79   8   0  14 0.00  0.0    0 13.1 21 150   M    M   8 18     29 150
 9  82  74  78   7   0  13 0.00  0.0    0 11.9 20 150   M    M   8 18     29 150
10  77  64  71   0   0   6 0.37  0.0    0  9.0 22  40   M    M   9 13     26  50
11  77  67  72   1   0   7 0.15  0.0    0  9.9 17  80   M    M  10 13     21  80
12  79  70  75   3   0  10 0.04  0.0    0  9.7 21 190   M    M   9 13     38 170
13  85  67  76   4   0  11 0.25  0.0    0  7.5 17 270   M    M   3 13     32 280
14  78  66  72   0   0   7 2.65  0.0    0  8.1 29 330   M    M   7 13     39 350
15  75  68  72   0   0   7    T  0.0    0  9.4 16 110   M    M   9        18 120
16  82  69  76   4   0  11    T  0.0    0  9.7 17 130   M    M   7 138    21 120
17  83  68  76   3   0  11 0.61  0.0    0 13.6 23  90   M    M   9 138    30 100
18  74  63  69  -4   0   4 2.08  0.0    0 10.9 23  80   M    M   6 13     31 100
19  80  65  73   0   0   8 0.00  0.0    0  7.3 13 150   M    M   5 1      17 140
20  74  64  69  -4   0   4 0.00  0.0    0 11.6 26  30   M    M   1 1      31  30
21  79  62  71  -3   0   6    T  0.0    0 10.4 16 110   M    M   4        18 100
22  78  72  75   1   0  10 0.19  0.0    0  8.5 18 120   M    M   8 13     22 120
23   M   M   M   M   M   M 0.00  0.0    0  7.3 12 150   M    M   9 128     M  M
24  84  76  80   6   0  15 0.04  0.0    0  9.8 32 160   M    M   8 138    46 160
25  82  72  77   3   0  12    T  0.0    0  9.2 18  10   M    M   4 18     24  10
26  84  74  79   4   0  14 0.02  0.0    0 10.9 18 140   M    M   9 138    25 140
27  86  73  80   5   0  15 0.02  0.0    0 10.9 18 340   M    M   5 18     23 150
================================================================================
SM 2082 1797         0 256  6.44     0.0 284.0          M      189
================================================================================
AV 80.1 69.1                              10.5 FASTST   M    M   7    MAX(MPH)
                                 MISC ---->  # 32 160               # 46  160
================================================================================
NOTES:
# LAST OF SEVERAL OCCURRENCES

COLUMN 17 PEAK WIND IN M.P.H.

PRELIMINARY LOCAL CLIMATOLOGICAL DATA (WS FORM: F-6) , PAGE 2

                                          STATION:  ROCKPORT
                                          MONTH:    APRIL
                                          YEAR:     2015
                                          LATITUDE:   28  4 N
                                          LONGITUDE:  97  3 W

[TEMPERATURE DATA]      [PRECIPITATION DATA]       SYMBOLS USED IN COLUMN 16

AVERAGE MONTHLY: 74.6   TOTAL FOR MONTH:   6.44    1 = FOG OR MIST
DPTR FM NORMAL:   2.6   DPTR FM NORMAL:    5.10    2 = FOG REDUCING VISIBILITY
HIGHEST:    86 ON 27    GRTST 24HR  2.69 ON 17-18      TO 1/4 MILE OR LESS
LOWEST:     62 ON 21                               3 = THUNDER
                        SNOW, ICE PELLETS, HAIL    4 = ICE PELLETS
                        TOTAL MONTH:   0.0 INCH    5 = HAIL
                        GRTST 24HR     0.0         6 = FREEZING RAIN OR DRIZZLE
                        GRTST DEPTH:   0           7 = DUSTSTORM OR SANDSTORM:
                                                       VSBY 1/2 MILE OR LESS
                                                   8 = SMOKE OR HAZE
[NO. OF DAYS WITH]      [WEATHER - DAYS WITH]      9 = BLOWING SNOW
                                                   X = TORNADO
MAX 32 OR BELOW:   0    0.01 INCH OR MORE:  13
MAX 90 OR ABOVE:   0    0.10 INCH OR MORE:   7
MIN 32 OR BELOW:   0    0.50 INCH OR MORE:   3
MIN  0 OR BELOW:   0    1.00 INCH OR MORE:   2

[HDD (BASE 65) ]
TOTAL THIS MO.     0    CLEAR  (SCALE 0-3)   3
DPTR FM NORMAL   -15    PTCLDY (SCALE 4-7)  11
TOTAL FM JUL 1  1071    CLOUDY (SCALE 8-10) 13
DPTR FM NORMAL   194

[CDD (BASE 65) ]
TOTAL THIS MO.   256
DPTR FM NORMAL    53    [PRESSURE DATA]
TOTAL FM JAN 1   349    HIGHEST SLP M ON M
DPTR FM NORMAL    -3    LOWEST  SLP 29.42 ON 27

[REMARKS]
