000
CXUS55 KREV 010904
CF6RNO

PRELIMINARY LOCAL CLIMATOLOGICAL DATA (WS FORM: F-6)

                                          STATION:   RENO TAHOE AIRPORT NV
                                          MONTH:     MARCH
                                          YEAR:      2015
                                          LATITUDE:   39 30 N
                                          LONGITUDE: 119 47 W

  TEMPERATURE IN F:       :PCPN:    SNOW:  WIND      :SUNSHINE: SKY     :PK WND
================================================================================
1   2   3   4   5  6A  6B    7    8   9   10  11  12  13   14  15   16   17  18
                                     12Z  AVG MX 2MIN
DY MAX MIN AVG DEP HDD CDD  WTR  SNW DPTH SPD SPD DIR MIN PSBL S-S WX    SPD DR
================================================================================

 1  45  32  39  -4  26   0    T  0.0    0  5.1 13  10   M    M   M        17  60
 2  50  24  37  -6  28   0 0.01  0.0    0  4.1 18 340   M    M   M        23 310
 3  47  31  39  -5  26   0 0.00  0.0    0  5.8 17  40   M    M   M        24  50
 4  54  22  38  -6  27   0 0.00  0.0    0  3.5 12  80   M    M   M        16 140
 5  62  25  44   0  21   0 0.00  0.0    0  2.5 10 360   M    M   M        12  40
 6  65  27  46   2  19   0 0.00  0.0    0  2.5 12  90   M    M   M        14 150
 7  68  28  48   4  17   0 0.00  0.0    0  2.5 12  50   M    M   M        14  40
 8  70  30  50   6  15   0 0.00  0.0    0  2.8 12  20   M    M   M        15  20
 9  70  31  51   6  14   0 0.00  0.0    0  2.7 10  70   M    M   M        16 280
10  70  30  50   5  15   0 0.00  0.0    0  2.7 14 200   M    M   M        17 200
11  62  44  53   8  12   0    T  0.0    0  7.5 28 190   M    M   M        38 180
12  64  34  49   4  16   0 0.00  0.0    0  4.0 15  90   M    M   M        21 100
13  71  39  55  10  10   0 0.00  0.0    0  5.2 13 290   M    M   M        16 170
14  74  50  62  16   3   0 0.00  0.0    0  3.1 13 280   M    M   M        16 310
15  74  55  65  19   0   0 0.00  0.0    0 10.4 26 170   M    M   M        32 230
16  71  50  61  15   4   0 0.00  0.0    0  4.2 25 250   M    M   M        30 240
17  67  48  58  12   7   0 0.00  0.0    0  9.0 22 300   M    M   M        26 280
18  65  37  51   5  14   0 0.00  0.0    0  4.6 16  20   M    M   M        20  20
19  71  36  54   8  11   0 0.00  0.0    0  3.6 14 110   M    M   M        18 110
20  69  36  53   7  12   0 0.00  0.0    0  5.5 23 290   M    M   M        28 290
21  68  46  57  11   8   0 0.00  0.0    0  7.7 21 270   M    M   M        28 300
22  68  46  57  10   8   0 0.00  0.0    0 10.5 28 300   M    M   M        40 290
23  57  43  50   3  15   0    T  0.0    0 13.2 30 300   M    M   M        35 300
24  56  42  49   2  16   0 0.00  0.0    0  8.6 21 300   M    M   M        28 300
25  68  35  52   5  13   0 0.00  0.0    0  3.7 14  90   M    M   M        17  80
26  75  41  58  11   7   0 0.00  0.0    0  3.6 13  60   M    M   M        17  80
27  80  44  62  15   3   0 0.00  0.0    0  5.1 24 180   M    M   M        36 280
28  72  45  59  12   6   0 0.00  0.0    0  4.8 16  60   M    M   M        25 360
29  76  38  57   9   8   0 0.00  0.0    0  3.0 14  40   M    M   M        19  60
30  81  40  61  13   4   0 0.00  0.0    0  4.1 23 290   M    M   M        29 290
31  70  41  56   8   9   0 0.00  0.0    0 12.8 29 300   M    M   M        40 300
================================================================================
SM 2060 1170       394   0  0.01     0.0 168.4          M        M
================================================================================
AV 66.5 37.7                               5.4 FASTST   M    M  -2    MAX(MPH)
                                 MISC ---->  # 30 300               # 40  290
================================================================================
NOTES:
# LAST OF SEVERAL OCCURRENCES

COLUMN 17 PEAK WIND IN M.P.H.

PRELIMINARY LOCAL CLIMATOLOGICAL DATA (WS FORM: F-6) , PAGE 2

                                          STATION:  RENO TAHOE AIRPORT NV
                                          MONTH:    MARCH
                                          YEAR:     2015
                                          LATITUDE:   39 30 N
                                          LONGITUDE: 119 47 W

[TEMPERATURE DATA]      [PRECIPITATION DATA]       SYMBOLS USED IN COLUMN 16

AVERAGE MONTHLY: 52.1   TOTAL FOR MONTH:   0.01    1 = FOG OR MIST
DPTR FM NORMAL:   6.4   DPTR FM NORMAL:   -0.75    2 = FOG REDUCING VISIBILITY
HIGHEST:    81 ON 30    GRTST 24HR  0.01 ON  2- 2      TO 1/4 MILE OR LESS
LOWEST:     22 ON  4                               3 = THUNDER
                        SNOW, ICE PELLETS, HAIL    4 = ICE PELLETS
                        TOTAL MONTH:   0.0 INCH    5 = HAIL
                        GRTST 24HR     0.0         6 = FREEZING RAIN OR DRIZZLE
                        GRTST DEPTH:   0           7 = DUSTSTORM OR SANDSTORM:
                                                       VSBY 1/2 MILE OR LESS
                                                   8 = SMOKE OR HAZE
[NO. OF DAYS WITH]      [WEATHER - DAYS WITH]      9 = BLOWING SNOW
                                                   X = TORNADO
MAX 32 OR BELOW:   0    0.01 INCH OR MORE:   1
MAX 90 OR ABOVE:   0    0.10 INCH OR MORE:   0
MIN 32 OR BELOW:  10    0.50 INCH OR MORE:   0
MIN  0 OR BELOW:   0    1.00 INCH OR MORE:   0

[HDD (BASE 65) ]
TOTAL THIS MO.   394    CLEAR  (SCALE 0-3)   0
DPTR FM NORMAL  -204    PTCLDY (SCALE 4-7)   0
TOTAL FM JUL 1  3259    CLOUDY (SCALE 8-10)  0
DPTR FM NORMAL  -977

[CDD (BASE 65) ]
TOTAL THIS MO.     0
DPTR FM NORMAL     0    [PRESSURE DATA]
TOTAL FM JAN 1     0    HIGHEST SLP M ON M
DPTR FM NORMAL     0    LOWEST  SLP 25.56 ON 31

[REMARKS]

THE AVERAGE TEMPERATURE FOR MARCH 2015 AT THE RENO TAHOE INTERNATIONAL AIRPORT
WAS 52.1 DEGREES WHICH WAS 6.4 DEGREES ABOVE NORMAL. THIS MAKES MARCH 2015
THE SECOND WARMEST MARCH ON RECORD AT RENO.

THE HIGHEST TEMPERATURE RECORDED FOR MARCH WAS 81 DEGREES WHICH OCCURRED ON THE
30TH. THE LOWEST TEMPERATURE FOR THE MONTH WAS 22 DEGREES WHICH WAS RECORDED
ON THE 22ND.

FOR MARCH 2015 A TOTAL OF 0.01 INCHES OF PRECIPITATION WAS RECORDED AT THE
RENO TAHOE INTERNATIONAL AIRPORT. THIS WAS 0.75 INCHES BELOW NORMAL. 0.0 INCHES
OF SNOWFALL WAS REPORTED.

THE AVERAGE WIND SPEED FOR THE MONTH WAS 5.4 MPH. THE PEAK WIND GUST FOR THE
MONTH WAS 40 MPH FROM THE WEST-NORTHWEST ON THE 22ND AND THE 31ST.


#FINAL-03-15#
