000
CXUS51 KBUF 241205
CF6ROC
PRELIMINARY LOCAL CLIMATOLOGICAL DATA (WS FORM: F-6)

                                          STATION:   ROCHESTER NY
                                          MONTH:     APRIL
                                          YEAR:      2015
                                          LATITUDE:   43  7 N
                                          LONGITUDE:  77 40 W

  TEMPERATURE IN F:       :PCPN:    SNOW:  WIND      :SUNSHINE: SKY     :PK WND
================================================================================
1   2   3   4   5  6A  6B    7    8   9   10  11  12  13   14  15   16   17  18
                                     12Z  AVG MX 2MIN
DY MAX MIN AVG DEP HDD CDD  WTR  SNW DPTH SPD SPD DIR MIN PSBL S-S WX    SPD DR
================================================================================

 1  45  27  36  -4  29   0 0.00  0.0    0  5.8 13 320   M    M   3        19  10
 2  72  33  53  12  12   0 0.22  0.0    0 14.4 33 240   M    M   8 1      41 210
 3  62  40  51  10  14   0 0.23  0.0    0  8.3 17 350   M    M   8 1      21 360
 4  42  31  37  -5  28   0 0.05    T    0 15.1 26 270   M    M   7 1      32 300
 5  37  32  35  -7  30   0 0.06    T    0  5.5 14 290   M    M   9 1      24 310
 6  54  33  44   2  21   0    T  0.0    0  7.4 21  30   M    M   9        24  30
 7  46  34  40  -3  25   0 0.00  0.0    0 11.3 21  40   M    M  10        27  60
 8  44  34  39  -4  26   0 0.53  0.0    0 10.4 23 120   M    M  10 18     30 120
 9  61  43  52   8  13   0 0.09  0.0    0 11.3 28 190   M    M   9 13     37 180
10  64  43  54  10  11   0 0.08  0.0    0 21.1 40 260   M    M   8 13     57 250
11  50  36  43  -2  22   0 0.00  0.0    0 14.9 26 270   M    M   6        34 270
12  68  34  51   6  14   0 0.00  0.0    0  6.6 15  30   M    M   2        18  10
13  84  41  63  18   2   0 0.26  0.0    0 12.7 38 290   M    M   8 1      48 290
14  62  40  51   5  14   0 0.00  0.0    0  7.2 22 290   M    M   5        26 280
15  60  38  49   3  16   0 0.00  0.0    0  6.2 17  40   M    M   4        19  30
16  72  35  54   7  11   0 0.06  0.0    0  5.7 15  30   M    M   7 1      18  10
17  67  49  58  11   7   0 0.12  0.0    0  7.6 16 250   M    M   7 1      21 270
18  70  43  57  10   8   0 0.00  0.0    0 10.2 25 330   M    M   1 1      35 310
19  62  37  50   2  15   0    T  0.0    0 11.7 20  60   M    M   7        26  70
20  71  45  58  10   7   0 0.90  0.0    0 16.2 26 160   M    M   9 13     38 150
21  57  43  50   1  15   0    T  0.0    0 16.7 39 260   M    M   5        47 250
22  51  35  43  -6  22   0 0.05    T    0 14.2 30 250   M    M   9        38 240
23  38  31  35 -14  30   0 0.05  0.4    0 13.6 25 280   M    M   9 1      32 280
================================================================================
SM 1339  857       392   0  2.70     0.4 254.1          M      160
================================================================================
AV 58.2 37.3                              11.0 FASTST   M    M   7    MAX(MPH)
                                 MISC ---->  # 40 260               # 57  250
================================================================================
NOTES:
# LAST OF SEVERAL OCCURRENCES

COLUMN 17 PEAK WIND IN M.P.H.

PRELIMINARY LOCAL CLIMATOLOGICAL DATA (WS FORM: F-6) , PAGE 2

                                          STATION:  ROCHESTER NY
                                          MONTH:    APRIL
                                          YEAR:     2015
                                          LATITUDE:   43  7 N
                                          LONGITUDE:  77 40 W

[TEMPERATURE DATA]      [PRECIPITATION DATA]       SYMBOLS USED IN COLUMN 16

AVERAGE MONTHLY: 47.7   TOTAL FOR MONTH:   2.70    1 = FOG OR MIST
DPTR FM NORMAL:   2.8   DPTR FM NORMAL:    0.59    2 = FOG REDUCING VISIBILITY
HIGHEST:    84 ON 13    GRTST 24HR  0.90 ON 20-20      TO 1/4 MILE OR LESS
LOWEST:     27 ON  1                               3 = THUNDER
                        SNOW, ICE PELLETS, HAIL    4 = ICE PELLETS
                        TOTAL MONTH:   0.4 INCH    5 = HAIL
                        GRTST 24HR   0.4 ON   M    6 = FREEZING RAIN OR DRIZZLE
                        GRTST DEPTH:   0           7 = DUSTSTORM OR SANDSTORM:
                                                       VSBY 1/2 MILE OR LESS
                                                   8 = SMOKE OR HAZE
[NO. OF DAYS WITH]      [WEATHER - DAYS WITH]      9 = BLOWING SNOW
                                                   X = TORNADO
MAX 32 OR BELOW:   0    0.01 INCH OR MORE:  13
MAX 90 OR ABOVE:   0    0.10 INCH OR MORE:   6
MIN 32 OR BELOW:   4    0.50 INCH OR MORE:   2
MIN  0 OR BELOW:   0    1.00 INCH OR MORE:   0

[HDD (BASE 65) ]
TOTAL THIS MO.   392    CLEAR  (SCALE 0-3)   2
DPTR FM NORMAL   -72    PTCLDY (SCALE 4-7)  12
TOTAL FM JUL 1  6564    CLOUDY (SCALE 8-10)  9
DPTR FM NORMAL   362

[CDD (BASE 65) ]
TOTAL THIS MO.     0
DPTR FM NORMAL     0    [PRESSURE DATA]
TOTAL FM JAN 1     0    HIGHEST SLP M ON M
DPTR FM NORMAL     0    LOWEST  SLP 29.38 ON 20

[REMARKS]
