000
CXUS55 KCYS 261000
CF6RWL
PRELIMINARY LOCAL CLIMATOLOGICAL DATA (WS FORM: F-6)

                                          STATION:   RAWLINS WYOMING AIRPORT
                                          MONTH:     APRIL
                                          YEAR:      2015
                                          LATITUDE:   41 47 N
                                          LONGITUDE: 107 12 W

  TEMPERATURE IN F:       :PCPN:    SNOW:  WIND      :SUNSHINE: SKY     :PK WND
================================================================================
1   2   3   4   5  6A  6B    7    8   9   10  11  12  13   14  15   16   17  18
                                     12Z  AVG MX 2MIN
DY MAX MIN AVG DEP HDD CDD  WTR  SNW DPTH SPD SPD DIR MIN PSBL S-S WX    SPD DR
================================================================================

 1  53  34  44   8  21   0 0.00    M    M 20.0 33 280   M    M   1        44 260
 2  35  23  29  -8  36   0 0.08    M    M  8.8 16  70   M    M   9 18     25  50
 3  40   7  24 -13  41   0 0.01    M    M  9.9 23 260   M    M   4 1      29 270
 4  56  27  42   5  23   0 0.00    M    M 15.6 32 210   M    M   0        44 200
 5  63  25  44   7  21   0 0.00    M    M 14.8 35 210   M    M   0        43 210
 6  63  35  49  11  16   0 0.00    M    M 16.6 37 220   M    M   0        47 220
 7  59  25  42   4  23   0 0.00    M    M 10.8 32 250   M    M   2        43 220
 8  54  21  38   0  27   0 0.04    M    M 11.3 29 280   M    M   5 18     36 260
 9  48  19  34  -4  31   0    T    M    M  6.5 20 250   M    M   5 1      25  10
10  58  19  39   1  26   0 0.00    M    M  6.2 22 190   M    M   1        32 240
11  64  24  44   5  21   0 0.00    M    M 11.5 32 240   M    M   2        41 250
12  53  35  44   5  21   0 0.00    M    M 21.4 38 270   M    M   2        49 260
13  63  29  46   7  19   0 0.00    M    M 11.6 20 210   M    M   0        27 270
14  71  28  50  10  15   0    T    M    M 17.9 40 200   M    M   1        50 200
15  38  28  33  -7  32   0 0.04    M    M 12.2 29 240   M    M  10 18     38 250
16  36  28  32  -8  33   0 0.03    M    M 17.3 25  20   M    M  10 12     32  30
17  37  32  35  -5  30   0 0.24    M    M 13.3 22  30   M    M  10 12     27  40
18  40  32  36  -5  29   0 0.12    M    M 10.6 29  30   M    M  10 1      36  30
19  48  29  39  -2  26   0 0.10    M    M  7.8 16  30   M    M   9 12     23 270
20  53  23  38  -3  27   0 0.02    M    M  6.0 20 280   M    M   6 12     27 350
21  61  24  43   1  22   0    T    M    0  6.5 30 230   M    M   3        36 240
22  65  27  46   4  19   0 0.00    M    M  7.8 32 190   M    M   3        41 190
23  63  39  51   9  14   0    T    M    M 14.0 33 260   M    M   2        43 220
24  58  32  45   3  20   0    T    M    M 13.3 41 260   M    M   3 3      52 260
25  55  30  43   0  22   0 0.01    M    M 10.0 23 230   M    M   5        29 220
================================================================================
SM 1334  675       615   0  0.69    M    301.7          M      103
================================================================================
AV 53.4 27.0                              12.1 FASTST   M    M   4    MAX(MPH)
                                 MISC ---->  # 41 260               # 52  260
================================================================================
NOTES:
# LAST OF SEVERAL OCCURRENCES

COLUMN 17 PEAK WIND IN M.P.H.

PRELIMINARY LOCAL CLIMATOLOGICAL DATA (WS FORM: F-6) , PAGE 2

                                          STATION:  RAWLINS WYOMING AIRPORT
                                          MONTH:    APRIL
                                          YEAR:     2015
                                          LATITUDE:   41 47 N
                                          LONGITUDE: 107 12 W

[TEMPERATURE DATA]      [PRECIPITATION DATA]       SYMBOLS USED IN COLUMN 16

AVERAGE MONTHLY: 40.2   TOTAL FOR MONTH:   0.69    1 = FOG OR MIST
DPTR FM NORMAL:   0.8   DPTR FM NORMAL:   -0.17    2 = FOG REDUCING VISIBILITY
HIGHEST:    71 ON 14    GRTST 24HR  0.24 ON 17-17      TO 1/4 MILE OR LESS
LOWEST:      7 ON  3                               3 = THUNDER
                        SNOW, ICE PELLETS, HAIL    4 = ICE PELLETS
                        TOTAL MONTH:    M          5 = HAIL
                        GRTST 24HR    M  ON   M    6 = FREEZING RAIN OR DRIZZLE
                        GRTST DEPTH:   0           7 = DUSTSTORM OR SANDSTORM:
                                                       VSBY 1/2 MILE OR LESS
                                                   8 = SMOKE OR HAZE
[NO. OF DAYS WITH]      [WEATHER - DAYS WITH]      9 = BLOWING SNOW
                                                   X = TORNADO
MAX 32 OR BELOW:   0    0.01 INCH OR MORE:  10
MAX 90 OR ABOVE:   0    0.10 INCH OR MORE:   3
MIN 32 OR BELOW:  21    0.50 INCH OR MORE:   0
MIN  0 OR BELOW:   0    1.00 INCH OR MORE:   0

[HDD (BASE 65) ]
TOTAL THIS MO.   615    CLEAR  (SCALE 0-3)  12
DPTR FM NORMAL   -25    PTCLDY (SCALE 4-7)   7
TOTAL FM JUL 1  6674    CLOUDY (SCALE 8-10)  6
DPTR FM NORMAL  -938

[CDD (BASE 65) ]
TOTAL THIS MO.     0
DPTR FM NORMAL     0    [PRESSURE DATA]
TOTAL FM JAN 1     0    HIGHEST SLP M ON M
DPTR FM NORMAL     0    LOWEST  SLP 29.47 ON  8

[REMARKS]
