000
CXUS53 KICT 280800
CF6SLN
PRELIMINARY LOCAL CLIMATOLOGICAL DATA (WS FORM: F-6)

                                          STATION:   SALINA KS
                                          MONTH:     APRIL
                                          YEAR:      2015
                                          LATITUDE:   38 47 N
                                          LONGITUDE:  97 39 W

  TEMPERATURE IN F:       :PCPN:    SNOW:  WIND      :SUNSHINE: SKY     :PK WND
================================================================================
1   2   3   4   5  6A  6B    7    8   9   10  11  12  13   14  15   16   17  18
                                     12Z  AVG MX 2MIN
DY MAX MIN AVG DEP HDD CDD  WTR  SNW DPTH SPD SPD DIR MIN PSBL S-S WX    SPD DR
================================================================================

 1  87  53  70  20   0   5 0.00    M    M 17.5 30 170   M    M   0 8      39 160
 2  75  49  62  11   3   0 0.23    M    M 13.5 33 340   M    M   2 3      41 330
 3  55  32  44  -7  21   0    T    M    M 16.3 31 360   M    M   3        39  10
 4  66  26  46  -5  19   0 0.00    M    M 11.4 24 200   M    M   0        34 190
 5  70  45  58   6   7   0 0.00    M    M 16.8 28 150   M    M   2        35 150
 6  84  54  69  17   0   4 0.00  0.0    M 14.8 23 150   M    M   5 1      28 160
 7  73  50  62  10   3   0 0.00    M    M 12.2 22 360   M    M   4 128    25 360
 8  63  48  56   3   9   0    T  0.0    M  7.0 16  80   M    M   7 18     21  80
 9  67  40  54   1  11   0 0.00    M    M 19.5 35 300   M    M   7 1      44 290
10  70  28  49  -4  16   0 0.00    M    M  5.3 15 300   M    M   1 8      19 310
11  74  40  57   3   8   0    T    M    M 12.5 28 170   M    M   2 38     35 200
12  77  54  66  12   0   1 0.18    M    M 15.7 33 330   M    M   2 3      40 350
13  68  46  57   3   8   0 0.00    M    M  9.7 21  30   M    M   0        25  10
14  72  42  57   2   8   0 0.00    M    M  6.2 18 130   M    M   1        23 140
15  66  53  60   5   5   0 0.00    M    M 12.7 22 140   M    M   9        26 130
16  73  55  64   9   1   0 0.41    M    M 10.0 23 260   M    M   3 13     28 270
17  75  55  65   9   0   0 0.33    M    M  6.2 20  50   M    M   4 13     24  50
18  77  54  66  10   0   1 0.38    M    M  9.2 25 270   M    M   6 13     30 270
19  62  43  53  -3  12   0 0.02    M    M 13.7 40 330   M    M   6 1      47 330
20  64  39  52  -5  13   0 0.00    M    M 13.9 28 320   M    M   2        38 330
21  75  39  57   0   8   0 0.00    M    M  6.6 29  30   M    M   2        38  30
22  61  41  51  -6  14   0 0.00    M    M  8.6 15 100   M    M   0        22  50
23  65  47  56  -2   9   0 0.00    M    M 13.5 21 150   M    M   8        27 140
24  75  54  65   7   0   0 0.26    M    M 14.1 32 320   M    M   6 138    37 320
25  72  51  62   4   3   0 0.02    M    M 13.4 24 330   M    M   6 18     28 330
26  56  46  51  -8  14   0 0.00    M    M  9.8 18  60   M    M   8 18     25  40
27  67  45  56  -3   9   0 0.00    M    M 10.6 24  30   M    M   0        35  30
================================================================================
SM 1889 1229       201  11  1.83     0.0 320.7          M       96
================================================================================
AV 70.0 45.5                              11.9 FASTST   M    M   4    MAX(MPH)
                                 MISC ---->  # 40 330               # 47  330
================================================================================
NOTES:
# LAST OF SEVERAL OCCURRENCES

COLUMN 17 PEAK WIND IN M.P.H.

PRELIMINARY LOCAL CLIMATOLOGICAL DATA (WS FORM: F-6) , PAGE 2

                                          STATION:  SALINA KS
                                          MONTH:    APRIL
                                          YEAR:     2015
                                          LATITUDE:   38 47 N
                                          LONGITUDE:  97 39 W

[TEMPERATURE DATA]      [PRECIPITATION DATA]       SYMBOLS USED IN COLUMN 16

AVERAGE MONTHLY: 57.7   TOTAL FOR MONTH:   1.83    1 = FOG OR MIST
DPTR FM NORMAL:   3.1   DPTR FM NORMAL:   -0.87    2 = FOG REDUCING VISIBILITY
HIGHEST:    87 ON  1    GRTST 24HR  0.74 ON 16-17      TO 1/4 MILE OR LESS
LOWEST:     26 ON  4                               3 = THUNDER
                        SNOW, ICE PELLETS, HAIL    4 = ICE PELLETS
                        TOTAL MONTH:   0.0 INCH    5 = HAIL
                        GRTST 24HR     0.0         6 = FREEZING RAIN OR DRIZZLE
                        GRTST DEPTH:  M  ON   M    7 = DUSTSTORM OR SANDSTORM:
                                                       VSBY 1/2 MILE OR LESS
                                                   8 = SMOKE OR HAZE
[NO. OF DAYS WITH]      [WEATHER - DAYS WITH]      9 = BLOWING SNOW
                                                   X = TORNADO
MAX 32 OR BELOW:   0    0.01 INCH OR MORE:   8
MAX 90 OR ABOVE:   0    0.10 INCH OR MORE:   6
MIN 32 OR BELOW:   3    0.50 INCH OR MORE:   0
MIN  0 OR BELOW:   0    1.00 INCH OR MORE:   0

[HDD (BASE 65) ]
TOTAL THIS MO.   201    CLEAR  (SCALE 0-3)  14
DPTR FM NORMAL   -97    PTCLDY (SCALE 4-7)  11
TOTAL FM JUL 1  4545    CLOUDY (SCALE 8-10)  2
DPTR FM NORMAL  -203

[CDD (BASE 65) ]
TOTAL THIS MO.    11
DPTR FM NORMAL    -8    [PRESSURE DATA]
TOTAL FM JAN 1    12    HIGHEST SLP M ON M
DPTR FM NORMAL    -9    LOWEST  SLP 29.36 ON 25

[REMARKS]
