000
CXUS55 KTBW 271000
CF6SRQ
PRELIMINARY LOCAL CLIMATOLOGICAL DATA (WS FORM: F-6)

                                          STATION:   Sarasota Bradenton
                                          MONTH:     APRIL
                                          YEAR:      2015
                                          LATITUDE:   27 23 N
                                          LONGITUDE:  82 33 W

  TEMPERATURE IN F:       :PCPN:    SNOW:  WIND      :SUNSHINE: SKY     :PK WND
================================================================================
1   2   3   4   5  6A  6B    7    8   9   10  11  12  13   14  15   16   17  18
                                     12Z  AVG MX 2MIN
DY MAX MIN AVG DEP HDD CDD  WTR  SNW DPTH SPD SPD DIR MIN PSBL S-S WX    SPD DR
================================================================================

 1  77  58  68  -1   0   3 0.00  0.0    0  7.1 14 270   M    M   0 1      19 240
 2  79  60  70   1   0   5 0.00  0.0    0  5.8 14 280   M    M   0 1      18 260
 3  79  61  70   1   0   5 0.00  0.0    0  5.4 15 220   M    M   0 1      18 210
 4  81  61  71   2   0   6 0.00  0.0    0  6.0 16 290   M    M   1        19 260
 5  86  63  75   5   0  10 0.09  0.0    0  8.0 17  80   M    M   2 1      22  50
 6  83  66  75   5   0  10 0.01  0.0    0  8.4 14 280   M    M   3 1      16 240
 7  83  67  75   5   0  10    T  0.0    0  7.4 14 280   M    M   3        17 270
 8  85  68  77   7   0  12 0.00  0.0    0  6.9 14 240   M    M   2        16 260
 9  85  66  76   6   0  11 0.00  0.0    0  7.0 14 290   M    M   1        18 260
10  84  68  76   6   0  11 0.00  0.0    0  7.0 14 230   M    M   1        22 230
11  85  69  77   7   0  12 0.00  0.0    0  5.0 14 280   M    M   2        18 240
12  87  66  77   7   0  12 0.00  0.0    0  7.7 15 220   M    M   1        20 220
13  87  69  78   7   0  13 0.00  0.0    0  9.5 20 200   M    M   1 3      25 200
14  86  68  77   6   0  12 0.00  0.0    0  7.3 16 210   M    M   1        20 210
15  85  70  78   7   0  13 0.00  0.0    0  7.1 16 210   M    M   2        19 210
16  84  69  77   6   0  12 0.00  0.0    0  6.4 14  80   M    M   2        18  60
17  83  69  76   5   0  11 0.00  0.0    0  7.2 16 100   M    M   3 1      19 100
18  85  69  77   5   0  12 0.00  0.0    0  6.5 16 210   M    M   2 128    19 210
19  87  69  78   6   0  13 0.01  0.0    0  9.1 26 180   M    M   1 1      30 170
20  85  69  77   5   0  12 0.22  0.0    0  9.2 32 280   M    M   3 13     40 280
21  84  66  75   3   0  10 0.00  0.0    0  5.8 12 290   M    M   2        16 270
22  85  70  78   6   0  13 0.02  0.0    0  5.8 14 260   M    M   1        18 260
23  85  70  78   6   0  13 0.50  0.0    0  5.4 16 340   M    M   5 13     23 320
24  86  74  80   8   0  15 0.00  0.0    0  9.2 16 280   M    M   2        20 260
25  86  70  78   5   0  13 0.00  0.0    0 10.5 20 210   M    M   2        24 200
26  86  79  83  10   0  18 0.00  0.0    0 13.2 18 230   M    M   7 8      25 240
================================================================================
SM 2188 1754         0 287  0.85     0.0 193.9          M       50
================================================================================
AV 84.2 67.5                               7.5 FASTST   M    M   2    MAX(MPH)
                                 MISC ---->  # 32 280               # 40  280
================================================================================
NOTES:
# LAST OF SEVERAL OCCURRENCES

COLUMN 17 PEAK WIND IN M.P.H.

PRELIMINARY LOCAL CLIMATOLOGICAL DATA (WS FORM: F-6) , PAGE 2

                                          STATION:  Sarasota Bradenton
                                          MONTH:    APRIL
                                          YEAR:     2015
                                          LATITUDE:   27 23 N
                                          LONGITUDE:  82 33 W

[TEMPERATURE DATA]      [PRECIPITATION DATA]       SYMBOLS USED IN COLUMN 16

AVERAGE MONTHLY: 75.8   TOTAL FOR MONTH:   0.85    1 = FOG OR MIST
DPTR FM NORMAL:   5.0   DPTR FM NORMAL:   -1.36    2 = FOG REDUCING VISIBILITY
HIGHEST:    87 ON 19,13 GRTST 24HR  0.50 ON 23-23      TO 1/4 MILE OR LESS
LOWEST:     58 ON  1                               3 = THUNDER
                        SNOW, ICE PELLETS, HAIL    4 = ICE PELLETS
                        TOTAL MONTH:   0.0 INCH    5 = HAIL
                        GRTST 24HR     0.0         6 = FREEZING RAIN OR DRIZZLE
                        GRTST DEPTH:   0           7 = DUSTSTORM OR SANDSTORM:
                                                       VSBY 1/2 MILE OR LESS
                                                   8 = SMOKE OR HAZE
[NO. OF DAYS WITH]      [WEATHER - DAYS WITH]      9 = BLOWING SNOW
                                                   X = TORNADO
MAX 32 OR BELOW:   0    0.01 INCH OR MORE:   6
MAX 90 OR ABOVE:   0    0.10 INCH OR MORE:   2
MIN 32 OR BELOW:   0    0.50 INCH OR MORE:   1
MIN  0 OR BELOW:   0    1.00 INCH OR MORE:   0

[HDD (BASE 65) ]
TOTAL THIS MO.     0    CLEAR  (SCALE 0-3)  22
DPTR FM NORMAL    -8    PTCLDY (SCALE 4-7)   4
TOTAL FM JUL 1   470    CLOUDY (SCALE 8-10)  0
DPTR FM NORMAL    -5

[CDD (BASE 65) ]
TOTAL THIS MO.   287
DPTR FM NORMAL   126    [PRESSURE DATA]
TOTAL FM JAN 1   578    HIGHEST SLP M ON M
DPTR FM NORMAL   213    LOWEST  SLP 29.75 ON 26

[REMARKS]
