000
CXUS56 KPQR 261200
CF6TTD
PRELIMINARY LOCAL CLIMATOLOGICAL DATA (WS FORM: F-6)

                                          STATION:   TROUTDALE OR
                                          MONTH:     APRIL
                                          YEAR:      2015
                                          LATITUDE:   45 33 N
                                          LONGITUDE: 122 25 W

  TEMPERATURE IN F:       :PCPN:    SNOW:  WIND      :SUNSHINE: SKY     :PK WND
================================================================================
1   2   3   4   5  6A  6B    7    8   9   10  11  12  13   14  15   16   17  18
                                     12Z  AVG MX 2MIN
DY MAX MIN AVG DEP HDD CDD  WTR  SNW DPTH SPD SPD DIR MIN PSBL S-S WX    SPD DR
================================================================================

 1  54  41  48  -2  17   0 0.14    M    0  2.6 15 320   M    M   9 18     23 310
 2  58  40  49  -1  16   0 0.00  0.0    0  1.9  8 330   M    M   4 1      11 350
 3  54  34  44  -6  21   0 0.22    M    0  3.5 12 260   M    M   6 1      17 260
 4  56  39  48  -2  17   0 0.00  0.0    0  2.5  9 320   M    M   5 12     13 320
 5  62  34  48  -2  17   0 0.22    M    0  4.4 28 150   M    M   5 13     35 150
 6  58  38  48  -2  17   0 0.03    M    0  4.5 17 200   M    M   8 18     23 200
 7  62  49  56   6   9   0 0.02    M    0  7.2 20  90   M    M   8        26  80
 8  61  43  52   2  13   0 0.01    M    0  4.9 21 250   M    M   8        26 250
 9  66  39  53   3  12   0 0.00  0.0    0  2.4  9 320   M    M   2 128    11 270
10  62  39  51   0  14   0 0.05    M    0  7.5 18 220   M    M   4        25 250
11  58  42  50  -1  15   0 0.43    M    0  6.4 20 260   M    M   7 18     25 270
12  59  42  51   0  14   0    T    M    0  2.8 12 110   M    M   5        15 110
13  58  42  50  -1  15   0 0.30    M    0  6.6 17 270   M    M   7 1      28 300
14  53  38  46  -5  19   0 0.43    M    0  5.1 14 230   M    M   9 1238   19 230
15  60  34  47  -4  18   0 0.00  0.0    0  2.7  8 160   M    M   4 12     12 270
16  73  36  55   4  10   0 0.00  0.0    0  2.4 10 110   M    M   0        13 110
17  75  40  58   6   7   0 0.00  0.0    0  3.7 12 310   M    M   0        20 310
18  78  40  59   7   6   0 0.00  0.0    0  3.3 10 310   M    M   0        16 330
19  77  41  59   7   6   0 0.00  0.0    0  2.1  7  90   M    M   0        10 270
20  81  43  62  10   3   0 0.00  0.0    0  2.5  9 260   M    M   0        14 270
21  62  46  54   2  11   0    T    M    0  4.5 16 310   M    M   6        23 310
22  61  40  51  -1  14   0 0.00  0.0    0  2.9 12 260   M    M   5        19 240
23  54  42  48  -4  17   0 0.02    M    0  6.0 17 210   M    M   9        22 220
24  55  47  51  -2  14   0 0.25    M    0  7.5 21 210   M    M   9 18     25 210
25  63  43  53   0  12   0 0.05    M    0  4.5 15 250   M    M   5 1      20 250
================================================================================
SM 1560 1012       334   0  2.17     0.0 104.4          M      125
================================================================================
AV 62.4 40.5                               4.2 FASTST   M    M   5    MAX(MPH)
                                 MISC ---->  # 28 150               # 35  150
================================================================================
NOTES:
# LAST OF SEVERAL OCCURRENCES

COLUMN 17 PEAK WIND IN M.P.H.

PRELIMINARY LOCAL CLIMATOLOGICAL DATA (WS FORM: F-6) , PAGE 2

                                          STATION:  TROUTDALE OR
                                          MONTH:    APRIL
                                          YEAR:     2015
                                          LATITUDE:   45 33 N
                                          LONGITUDE: 122 25 W

[TEMPERATURE DATA]      [PRECIPITATION DATA]       SYMBOLS USED IN COLUMN 16

AVERAGE MONTHLY: 51.4   TOTAL FOR MONTH:   2.17    1 = FOG OR MIST
DPTR FM NORMAL:   0.4   DPTR FM NORMAL:   -1.10    2 = FOG REDUCING VISIBILITY
HIGHEST:    81 ON 20    GRTST 24HR  0.62 ON 31- 1      TO 1/4 MILE OR LESS
LOWEST:     34 ON 15, 5                            3 = THUNDER
                        SNOW, ICE PELLETS, HAIL    4 = ICE PELLETS
                        TOTAL MONTH:   0.0 INCH    5 = HAIL
                        GRTST 24HR     0.0         6 = FREEZING RAIN OR DRIZZLE
                        GRTST DEPTH:   0           7 = DUSTSTORM OR SANDSTORM:
                                                       VSBY 1/2 MILE OR LESS
                                                   8 = SMOKE OR HAZE
[NO. OF DAYS WITH]      [WEATHER - DAYS WITH]      9 = BLOWING SNOW
                                                   X = TORNADO
MAX 32 OR BELOW:   0    0.01 INCH OR MORE:  13
MAX 90 OR ABOVE:   0    0.10 INCH OR MORE:   7
MIN 32 OR BELOW:   0    0.50 INCH OR MORE:   0
MIN  0 OR BELOW:   0    1.00 INCH OR MORE:   0

[HDD (BASE 65) ]
TOTAL THIS MO.   334    CLEAR  (SCALE 0-3)   6
DPTR FM NORMAL   -14    PTCLDY (SCALE 4-7)  14
TOTAL FM JUL 1  3160    CLOUDY (SCALE 8-10)  5
DPTR FM NORMAL -1050

[CDD (BASE 65) ]
TOTAL THIS MO.     0
DPTR FM NORMAL     0    [PRESSURE DATA]
TOTAL FM JAN 1     0    HIGHEST SLP M ON M
DPTR FM NORMAL     0    LOWEST  SLP 29.65 ON  5

[REMARKS]
