000
CXUS53 KJKL 010746
CLAJKL

CLIMATE REPORT
NATIONAL WEATHER SERVICE JACKSON KY
245 AM EST THU JAN 1 2015

...................................

...THE JACKSON KY CLIMATE SUMMARY FOR THE YEAR OF 2014...

CLIMATE NORMAL PERIOD 1981 TO 2010
CLIMATE RECORD PERIOD 1981 TO 2014

WEATHER         OBSERVED          NORMAL  DEPART  LAST YEAR`S
                 VALUE   DATE(S)  VALUE   FROM    VALUE
                                          NORMAL
.............................................................
TEMPERATURE (F)
RECORD
 HIGH             104   06/29/2012
 LOW              -18   01/19/1994
                        01/21/1985
                        01/20/1985
HIGHEST            94   07/13        81      13       91
LOWEST             -7   01/07        31     -38        9
AVG. MAXIMUM     64.8              66.0    -1.2     64.5
AVG. MINIMUM     45.6              47.1    -1.5     46.5
MEAN             55.2              56.6    -1.4     55.5
DAYS MAX >= 90      7              12.2    -5.2        1
DAYS MAX <= 32     16              14.2     1.8       17
DAYS MIN <= 32     93              76.4    16.6      102
DAYS MIN <= 0       5               1.0     4.0        0

PRECIPITATION (INCHES)
RECORD
 MAXIMUM        63.29   1989
 MINIMUM        34.37   2001
TOTALS          53.88             48.34    5.54    56.72
DAYS >= .01       154             144.4     9.6      158
DAYS >= .10        94              91.1     2.9      105
DAYS >= .50        37              32.7     4.3       44
DAYS >= 1.00       14              11.6     2.4       11
GREATEST
 24 HR. TOTAL    2.44   03/02 TO 03/03              3.55

SNOWFALL (INCHES)
RECORDS
 TOTAL           62.7   1996
 24 HR TOTAL     19.8   03/13/1993 TO 03/13/1993
TOTALS           35.8              23.5             21.4
SINCE 7/1         1.2               5.5    -4.3      4.3
SNOWDEPTH AVG.      0                MM      MM        0
DAYS >= 1.0        11               7.4     3.6        9
GREATEST
 24 HR TOTAL      6.4   03/03 TO 03/03               3.6

DEGREE_DAYS
HEATING TOTAL    4609              4235     374     4401
 SINCE 7/1       1745              1634     111     1645
COOLING TOTAL    1165              1156       9     1069
 SINCE 1/1       1165              1155      10     1069
..............................................................

WIND (MPH)
AVERAGE WIND SPEED              3.3
RESULTANT WIND SPEED/DIRECTION   1/128
HIGHEST WIND SPEED/DIRECTION    29/280    DATE  03/12
HIGHEST GUST SPEED/DIRECTION    46/270    DATE  03/12

SKY COVER
POSSIBLE SUNSHINE (PERCENT)   MM
NUMBER OF DAYS FAIR          163
NUMBER OF DAYS PC            122
NUMBER OF DAYS CLOUDY         80

AVERAGE RH (PERCENT)     66

WEATHER CONDITIONS. NUMBER OF DAYS WITH
THUNDERSTORM             55     MIXED PRECIP               0
HEAVY RAIN               57     RAIN                      81
LIGHT RAIN              149     FREEZING RAIN              6
LT FREEZING RAIN          7     HAIL                       2
HEAVY SNOW                3     SNOW                      11
LIGHT SNOW               45     SLEET                      5
FOG                     188     FOG W/VIS <= 1/4 MILE     66
HAZE                     44

-  INDICATES NEGATIVE NUMBERS.
R  INDICATES RECORD WAS SET OR TIED.
MM INDICATES DATA IS MISSING.
T  INDICATES TRACE AMOUNT.

$$

CARICO
