000
CDUS43 KABR 251036
CLI8D3


CLIMATE REPORT
NATIONAL WEATHER SERVICE ABERDEEN SD
535 AM CDT SAT APR 25 2015


...................................

...THE SISSETON SD CLIMATE SUMMARY FOR APRIL 24 2015...

CLIMATE NORMAL PERIOD 1981 TO 2010
CLIMATE RECORD PERIOD 1900 TO 2015


WEATHER ITEM   OBSERVED TIME   RECORD YEAR NORMAL DEPARTURE LAST
                VALUE   (LST)  VALUE       VALUE  FROM      YEAR
                                                  NORMAL
..................................................................
TEMPERATURE (F)
 YESTERDAY
  MAXIMUM         61    239 PM  91    1962  61      0       56
  MINIMUM         40    542 AM  19    1956  36      4       36
  AVERAGE         51                        49      2       46

PRECIPITATION (IN)
  YESTERDAY        0.26          0.95 1948   0.12   0.14     0.34
  MONTH TO DATE    0.62                      1.50  -0.88     1.36
  SINCE MAR 1      1.55                      2.62  -1.07     2.20
  SINCE JAN 1      2.43                      3.48  -1.05     2.82

SNOWFALL (IN)
  YESTERDAY        0.0
  MONTH TO DATE    0.0
  SINCE OCT 1     28.9
  SINCE JUL 1     28.9
  SNOW DEPTH       0

DEGREE DAYS
 HEATING
  YESTERDAY       14                        16     -2       19
  MONTH TO DATE  446                       528    -82      596
  SINCE MAR 1   1362                      1611   -249     1795
  SINCE JUL 1   7631                      7870   -239     8612

 COOLING
  YESTERDAY        0                         0      0        0
  MONTH TO DATE    0                         0      0        0
  SINCE MAR 1      0                         0      0        0
  SINCE JAN 1      0                         0      0        0
..................................................................


WIND (MPH)
  HIGHEST WIND SPEED    24   HIGHEST WIND DIRECTION    SE (150)
  HIGHEST GUST SPEED    29   HIGHEST GUST DIRECTION    SE (140)
  AVERAGE WIND SPEED    15.1


SKY COVER
  POSSIBLE SUNSHINE  MM
  AVERAGE SKY COVER 0.0


WEATHER CONDITIONS
 THE FOLLOWING WEATHER WAS RECORDED YESTERDAY.
  LIGHT RAIN


RELATIVE HUMIDITY (PERCENT)
 HIGHEST    92          1000 PM
 LOWEST     31          1200 AM
 AVERAGE    62

..........................................................


THE SISSETON SD CLIMATE NORMALS FOR TODAY
                         NORMAL    RECORD    YEAR
 MAXIMUM TEMPERATURE (F)   62        94      1962
 MINIMUM TEMPERATURE (F)   37        21      1958


SUNRISE AND SUNSET
APRIL 25 2015.........SUNRISE   625 AM CDT   SUNSET   827 PM CDT
APRIL 26 2015.........SUNRISE   624 AM CDT   SUNSET   828 PM CDT


-  INDICATES NEGATIVE NUMBERS.
R  INDICATES RECORD WAS SET OR TIED.
MM INDICATES DATA IS MISSING.
T  INDICATES TRACE AMOUNT.




$$
