000
CDUS44 KSJT 280656
CLIABI


CLIMATE REPORT
NATIONAL WEATHER SERVICE SAN ANGELO TX
156 AM CDT TUE APR 28 2015


...................................

...THE ABILENE CLIMATE SUMMARY FOR APRIL 27 2015...

CLIMATE NORMAL PERIOD 1981 TO 2010
CLIMATE RECORD PERIOD 1886 TO 2015


WEATHER ITEM   OBSERVED TIME   RECORD YEAR NORMAL DEPARTURE LAST
                VALUE   (LST)  VALUE       VALUE  FROM      YEAR
                                                  NORMAL
..................................................................
TEMPERATURE (F)
 YESTERDAY
  MAXIMUM         75    414 PM  96    2012  80     -5       87
  MINIMUM         55   1159 PM  36    1920  55      0       67
  AVERAGE         65                        68     -3       77

PRECIPITATION (IN)
  YESTERDAY        0.24          1.99 1900   0.07   0.17     0.00
  MONTH TO DATE    1.64                      1.42   0.22     0.61
  SINCE MAR 1      3.24                      3.16   0.08     1.28
  SINCE JAN 1      6.75                      5.54   1.21     1.77

SNOWFALL (IN)
  YESTERDAY        0.0           0.0  2002   0.0    0.0      0.0
  MONTH TO DATE    0.0                       0.3   -0.3       T
  SINCE NOV 1      3.7                       4.7   -1.0      3.1
  SINCE JUL 1      3.7                       4.7   -1.0      3.1

DEGREE DAYS
 HEATING
  YESTERDAY        0                         2     -2        0
  MONTH TO DATE   42                       107    -65       88
  SINCE MAR 1    368                       405    -37      428
  SINCE JUL 1   2445                      2538    -93     2790

 COOLING
  YESTERDAY        0                         5     -5       12
  MONTH TO DATE  120                        83     37      151
  SINCE MAR 1    167                       112     55      190
  SINCE JAN 1    171                       117     54      195
..................................................................


WIND (MPH)
  HIGHEST WIND SPEED    23   HIGHEST WIND DIRECTION     N (340)
  HIGHEST GUST SPEED    28   HIGHEST GUST DIRECTION    NW (310)
  AVERAGE WIND SPEED    12.2


SKY COVER
  POSSIBLE SUNSHINE  MM
  AVERAGE SKY COVER 0.7


WEATHER CONDITIONS
 THE FOLLOWING WEATHER WAS RECORDED YESTERDAY.
  HEAVY RAIN
  LIGHT RAIN
  FOG


RELATIVE HUMIDITY (PERCENT)
 HIGHEST    93           600 AM
 LOWEST     41           400 PM
 AVERAGE    67

..........................................................


THE ABILENE CLIMATE NORMALS FOR TODAY
                         NORMAL    RECORD    YEAR
 MAXIMUM TEMPERATURE (F)   80        99      1902
                                             1887
 MINIMUM TEMPERATURE (F)   56        37      2008


SUNRISE AND SUNSET
APRIL 28 2015.........SUNRISE   655 AM CDT   SUNSET   818 PM CDT
APRIL 29 2015.........SUNRISE   654 AM CDT   SUNSET   818 PM CDT


-  INDICATES NEGATIVE NUMBERS.
R  INDICATES RECORD WAS SET OR TIED.
MM INDICATES DATA IS MISSING.
T  INDICATES TRACE AMOUNT.




$$
