000
CDUS44 KLCH 040849
CLIAEX


CLIMATE REPORT
NATIONAL WEATHER SERVICE LAKE CHARLES, LA
349 AM CDT MON MAY 4 2015


...................................

...THE ALEXANDRIA CLIMATE SUMMARY FOR MAY 3 2015...

CLIMATE NORMAL PERIOD 1981 TO 2010
CLIMATE RECORD PERIOD 1892 TO 2015


WEATHER ITEM   OBSERVED TIME   RECORD YEAR NORMAL DEPARTURE LAST
                VALUE   (LST)  VALUE       VALUE  FROM      YEAR
                                                  NORMAL
..................................................................
TEMPERATURE (F)
 YESTERDAY
  MAXIMUM         84    328 PM  96    1955  83      1       87
  MINIMUM         59    530 AM  43    2013  60     -1       50
  AVERAGE         72                        71      1       69

PRECIPITATION (IN)
  YESTERDAY        0.00          3.25 1916   0.14  -0.14     0.00
  MONTH TO DATE    T                         0.40  -0.40     0.00
  SINCE MAR 1     13.10                     10.00   3.10     7.70
  SINCE JAN 1     18.20                     19.68  -1.48    14.08

DEGREE DAYS
 COOLING
  YESTERDAY        7                         6      1        4
  MONTH TO DATE   17                        18     -1        4
  SINCE MAR 1    213                       160     53      129
  SINCE JAN 1    214                       177     37      140
..................................................................


WIND (MPH)
  HIGHEST WIND SPEED    14   HIGHEST WIND DIRECTION     S (170)
  HIGHEST GUST SPEED    21   HIGHEST GUST DIRECTION    SE (150)
  AVERAGE WIND SPEED     4.4


SKY COVER
  POSSIBLE SUNSHINE  MM
  AVERAGE SKY COVER 0.2


WEATHER CONDITIONS
 THE FOLLOWING WEATHER WAS RECORDED YESTERDAY.
  FOG
  HAZE


RELATIVE HUMIDITY (PERCENT)
 HIGHEST    97           600 AM
 LOWEST     40           300 PM
 AVERAGE    69

..........................................................


THE ALEXANDRIA CLIMATE NORMALS FOR TODAY
                         NORMAL    RECORD    YEAR
 MAXIMUM TEMPERATURE (F)   83        94      1952
                                             1943
 MINIMUM TEMPERATURE (F)   60        38      2013


SUNRISE AND SUNSET
MAY  4 2015...........SUNRISE   623 AM CDT   SUNSET   752 PM CDT
MAY  5 2015...........SUNRISE   622 AM CDT   SUNSET   752 PM CDT


-  INDICATES NEGATIVE NUMBERS.
R  INDICATES RECORD WAS SET OR TIED.
MM INDICATES DATA IS MISSING.
T  INDICATES TRACE AMOUNT.




$$
