000
CDUS42 KFFC 010816
CLIAHN


CLIMATE REPORT
NATIONAL WEATHER SERVICE PEACHTREE CITY GA
416 AM EDT WED APR 1 2015


...................................

...THE ATHENS CLIMATE SUMMARY FOR MARCH 31 2015...

CLIMATE NORMAL PERIOD 1981 TO 2010
CLIMATE RECORD PERIOD 1898 TO 2015


WEATHER ITEM   OBSERVED TIME   RECORD YEAR NORMAL DEPARTURE LAST
                VALUE   (LST)  VALUE       VALUE  FROM      YEAR
                                                  NORMAL
..................................................................
TEMPERATURE (F)
 YESTERDAY
  MAXIMUM         79    309 PM  86    1963  70      9       80
  MINIMUM         39    629 AM  27    1964  46     -7       38
  AVERAGE         59                        58      1       59

PRECIPITATION (IN)
  YESTERDAY        0.00          2.74 1973   0.13  -0.13     0.00
  MONTH TO DATE    2.79                      4.43  -1.64     3.37
  SINCE MAR 1      2.79                      4.43  -1.64     3.37
  SINCE JAN 1      9.76                     12.96  -3.20    12.01

SNOWFALL (IN)
  YESTERDAY        0.0           0.0  2002   0.0    0.0      0.0
                                      2001
                                      2000
  MONTH TO DATE    0.0                       0.8   -0.8      0.0
  SINCE MAR 1      0.0                       0.8   -0.8      0.0
  SINCE JUL 1      T                         2.9   -2.9      2.8
  SNOW DEPTH       0

DEGREE DAYS
 HEATING
  YESTERDAY        6                         8     -2        6
  MONTH TO DATE  253                       340    -87      409
  SINCE MAR 1    253                       340    -87      409
  SINCE JUL 1   2759                      2595    164     2871

 COOLING
  YESTERDAY        0                         1     -1        0
  MONTH TO DATE    7                        10     -3        0
  SINCE MAR 1      7                        10     -3        0
  SINCE JAN 1      7                        11     -4        1
..................................................................


WIND (MPH)
  RESULTANT WIND SPEED   5   RESULTANT WIND DIRECTION   W (270)
  HIGHEST WIND SPEED    17   HIGHEST WIND DIRECTION     W (280)
  HIGHEST GUST SPEED    28   HIGHEST GUST DIRECTION     W (280)
  AVERAGE WIND SPEED     5.8


SKY COVER
  POSSIBLE SUNSHINE  MM
  AVERAGE SKY COVER 0.1


WEATHER CONDITIONS
 THE FOLLOWING WEATHER WAS RECORDED YESTERDAY.
  HAZE


RELATIVE HUMIDITY (PERCENT)
 HIGHEST    92           600 AM
 LOWEST     29          1200 PM
 AVERAGE    61

..........................................................


THE ATHENS CLIMATE NORMALS FOR TODAY
                         NORMAL    RECORD    YEAR
 MAXIMUM TEMPERATURE (F)   71        87      1974
 MINIMUM TEMPERATURE (F)   46        28      1987


SUNRISE AND SUNSET
APRIL  1 2015.........SUNRISE   721 AM EDT   SUNSET   754 PM EDT
APRIL  2 2015.........SUNRISE   720 AM EDT   SUNSET   755 PM EDT


-  INDICATES NEGATIVE NUMBERS.
R  INDICATES RECORD WAS SET OR TIED.
MM INDICATES DATA IS MISSING.
T  INDICATES TRACE AMOUNT.




$$
