000
CDUS42 KFFC 030821
CLIAHN


CLIMATE REPORT
NATIONAL WEATHER SERVICE PEACHTREE CITY GA
421 AM EDT SUN MAY 3 2015


...................................

...THE ATHENS CLIMATE SUMMARY FOR MAY 2 2015...

CLIMATE NORMAL PERIOD 1981 TO 2010
CLIMATE RECORD PERIOD 1898 TO 2015


WEATHER ITEM   OBSERVED TIME   RECORD YEAR NORMAL DEPARTURE LAST
                VALUE   (LST)  VALUE       VALUE  FROM      YEAR
                                                  NORMAL
..................................................................
TEMPERATURE (F)
 YESTERDAY
  MAXIMUM         78    410 PM  94    1915  78      0       75
                                      1908
  MINIMUM         46    610 AM  38    1963  54     -8       51
  AVERAGE         62                        66     -4       63

PRECIPITATION (IN)
  YESTERDAY        0.00          3.30 1964   0.11  -0.11     0.00
  MONTH TO DATE    0.00                      0.21  -0.21     0.00
  SINCE MAR 1     10.80                      7.79   3.01     7.54
  SINCE JAN 1     17.77                     16.32   1.45    16.18

SNOWFALL (IN)
  YESTERDAY        0.0           0.0  2002   0.0    0.0      0.0
                                      2001
                                      2000
  MONTH TO DATE    0.0                       0.0    0.0      0.0
  SINCE MAR 1      0.0                       0.8   -0.8      0.0
  SINCE JUL 1      T                         2.9   -2.9      2.8
  SNOW DEPTH       0

DEGREE DAYS
 HEATING
  YESTERDAY        3                         2      1        2
  MONTH TO DATE    7                         4      3        4
  SINCE MAR 1    322                       492   -170      536
  SINCE JUL 1   2828                      2747     81     2998

 COOLING
  YESTERDAY        0                         3     -3        0
  MONTH TO DATE    0                         6     -6        0
  SINCE MAR 1     79                        63     16       51
  SINCE JAN 1     79                        64     15       52
..................................................................


WIND (MPH)
  RESULTANT WIND SPEED   1   RESULTANT WIND DIRECTION   E (80)
  HIGHEST WIND SPEED     9   HIGHEST WIND DIRECTION     N (340)
  HIGHEST GUST SPEED    12   HIGHEST GUST DIRECTION    NW (330)
  AVERAGE WIND SPEED     1.5


SKY COVER
  POSSIBLE SUNSHINE  MM
  AVERAGE SKY COVER 0.0


WEATHER CONDITIONS
 THE FOLLOWING WEATHER WAS RECORDED YESTERDAY.
  FOG
  HAZE


RELATIVE HUMIDITY (PERCENT)
 HIGHEST    93           300 AM
 LOWEST     26           500 PM
 AVERAGE    60

..........................................................


THE ATHENS CLIMATE NORMALS FOR TODAY
                         NORMAL    RECORD    YEAR
 MAXIMUM TEMPERATURE (F)   78        93      1938
 MINIMUM TEMPERATURE (F)   54        39      1925


SUNRISE AND SUNSET
MAY  3 2015...........SUNRISE   642 AM EDT   SUNSET   818 PM EDT
MAY  4 2015...........SUNRISE   641 AM EDT   SUNSET   819 PM EDT


-  INDICATES NEGATIVE NUMBERS.
R  INDICATES RECORD WAS SET OR TIED.
MM INDICATES DATA IS MISSING.
T  INDICATES TRACE AMOUNT.




$$
