000
CDUS44 KAMA 210628
CLIAMA


CLIMATE REPORT
NATIONAL WEATHER SERVICE AMARILLO TX
128 AM CDT TUE APR 21 2015


...................................

...THE AMARILLO CLIMATE SUMMARY FOR APRIL 20 2015...

CLIMATE NORMAL PERIOD 1981 TO 2010
CLIMATE RECORD PERIOD 1892 TO 2015


WEATHER ITEM   OBSERVED TIME   RECORD YEAR NORMAL DEPARTURE LAST
                VALUE   (LST)  VALUE       VALUE  FROM      YEAR
                                                  NORMAL
..................................................................
TEMPERATURE (F)
 YESTERDAY
  MAXIMUM         67    519 PM  91    1989  72     -5       78
  MINIMUM         38    532 AM  25    1966  43     -5       49
  AVERAGE         53                        58     -5       64

PRECIPITATION (IN)
  YESTERDAY        0.20          0.99 1942   0.06   0.14     0.06
  MONTH TO DATE    1.21                      0.88   0.33     0.57
  SINCE MAR 1      1.42                      2.27  -0.85     0.77
  SINCE JAN 1      3.50                      3.55  -0.05     1.16

SNOWFALL (IN)
  YESTERDAY        0.0           2.2  1907   0.0    0.0      0.0
  MONTH TO DATE    T                         0.6   -0.6      0.4
  SINCE MAR 1      0.1                       3.5   -3.4      0.7
  SINCE JUL 1     23.9                      17.5    6.4     12.8
  SNOW DEPTH       0

DEGREE DAYS
 HEATING
  YESTERDAY       12                         8      4        1
  MONTH TO DATE  127                       213    -86      202
  SINCE MAR 1    567                       745   -178      761
  SINCE JUL 1   3692                      4022   -330     4114

 COOLING
  YESTERDAY        0                         1     -1        0
  MONTH TO DATE   18                         6     12        5
  SINCE MAR 1     20                         8     12        5
  SINCE JAN 1     20                         8     12        5
..................................................................


WIND (MPH)
  RESULTANT WIND SPEED   3   RESULTANT WIND DIRECTION  SE (150)
  HIGHEST WIND SPEED    23   HIGHEST WIND DIRECTION     S (200)
  HIGHEST GUST SPEED    30   HIGHEST GUST DIRECTION    SW (210)
  AVERAGE WIND SPEED     8.3


SKY COVER
  AVERAGE SKY COVER 0.4


WEATHER CONDITIONS
 THE FOLLOWING WEATHER WAS RECORDED YESTERDAY.
  THUNDERSTORM
  RAIN
  LIGHT RAIN
  FOG


RELATIVE HUMIDITY (PERCENT)
 HIGHEST    93          1100 PM
 LOWEST     24           300 PM
 AVERAGE    59

..........................................................


THE AMARILLO CLIMATE NORMALS FOR TODAY
                         NORMAL    RECORD    YEAR
 MAXIMUM TEMPERATURE (F)   73        91      1963
 MINIMUM TEMPERATURE (F)   43        27      1982


SUNRISE AND SUNSET
APRIL 21 2015.........SUNRISE   707 AM CDT   SUNSET   824 PM CDT
APRIL 22 2015.........SUNRISE   706 AM CDT   SUNSET   825 PM CDT


-  INDICATES NEGATIVE NUMBERS.
R  INDICATES RECORD WAS SET OR TIED.
MM INDICATES DATA IS MISSING.
T  INDICATES TRACE AMOUNT.




$$
