000
CDUS41 KCTP 042127
CLIAOO


CLIMATE REPORT
NATIONAL WEATHER SERVICE STATE COLLEGE PA
526 PM EDT MON MAY 4 2015


...................................

...THE ALTOONA CLIMATE SUMMARY FOR MAY 4 2015...
VALID TODAY AS OF 0500 PM LOCAL TIME.

CLIMATE NORMAL PERIOD 1981 TO 2010
CLIMATE RECORD PERIOD 1948 TO 2015


WEATHER ITEM   OBSERVED TIME   RECORD YEAR NORMAL DEPARTURE LAST
                VALUE   (LST)  VALUE       VALUE  FROM      YEAR
                                                  NORMAL
..................................................................
TEMPERATURE (F)
 TODAY
  MAXIMUM         82    221 PM  87    2001  66     16       60
  MINIMUM         46    531 AM  28    1957  43      3       43
  AVERAGE         64                        55      9       52

PRECIPITATION (IN)
  TODAY            0.00          0.96 1990   0.12  -0.12      T
  MONTH TO DATE    0.01                      0.45  -0.44     0.13
  SINCE MAR 1      5.83                      6.71  -0.88     5.69
  SINCE JAN 1      8.35                     10.92  -2.57     9.05

DEGREE DAYS
 HEATING
  TODAY            1                        11    -10       13
  MONTH TO DATE   20                        44    -24       52
  SINCE MAR 1   1377                      1392    -15     1466
  SINCE JUL 1   6170                      5948    222     6210

 COOLING
  TODAY            0                         0      0        0
  MONTH TO DATE    0                         0      0        0
  SINCE MAR 1      0                         6     -6        6
  SINCE JAN 1      0                         6     -6        6
..................................................................


WIND (MPH)
  HIGHEST WIND SPEED    18   HIGHEST WIND DIRECTION    SW (230)
  HIGHEST GUST SPEED    25   HIGHEST GUST DIRECTION     W (260)
  AVERAGE WIND SPEED     6.6


SKY COVER
  POSSIBLE SUNSHINE  MM
  AVERAGE SKY COVER 0.2


WEATHER CONDITIONS
 THE FOLLOWING WEATHER WAS RECORDED TODAY.
  NO SIGNIFICANT WEATHER WAS OBSERVED.


RELATIVE HUMIDITY (PERCENT)
 HIGHEST    77           600 AM
 LOWEST     23           100 PM
 AVERAGE    50

..........................................................


THE ALTOONA CLIMATE NORMALS FOR TOMORROW
                         NORMAL    RECORD    YEAR
 MAXIMUM TEMPERATURE (F)   66        86      1949
 MINIMUM TEMPERATURE (F)   44        29      1966


SUNRISE AND SUNSET
MAY  4 2015...........SUNRISE   609 AM EDT   SUNSET   811 PM EDT
MAY  5 2015...........SUNRISE   608 AM EDT   SUNSET   812 PM EDT


-  INDICATES NEGATIVE NUMBERS.
R  INDICATES RECORD WAS SET OR TIED.
MM INDICATES DATA IS MISSING.
T  INDICATES TRACE AMOUNT.




$$
