000
CDUS42 KMFL 210836
CLIAPF


CLIMATE REPORT
NATIONAL WEATHER SERVICE MIAMI, FL
436 AM EDT TUE APR 21 2015


...................................

...THE NAPLES CLIMATE SUMMARY FOR APRIL 20 2015...

CLIMATE NORMAL PERIOD 1981 TO 2010
CLIMATE RECORD PERIOD 1942 TO 2015


WEATHER ITEM   OBSERVED TIME   RECORD YEAR NORMAL DEPARTURE LAST
                VALUE   (LST)  VALUE       VALUE  FROM      YEAR
                                                  NORMAL
..................................................................
TEMPERATURE (F)
 YESTERDAY
  MAXIMUM         89   1233 PM  91    1976  84      5       77
  MINIMUM         76    653 AM  48    1997  64     12       66
  AVERAGE         83                        74      9       72

PRECIPITATION (IN)
  YESTERDAY        0.00          0.71 1945   0.09  -0.09     0.00
  MONTH TO DATE    0.11                      1.68  -1.57     1.73
  SINCE NOV 1      4.50                     11.50  -7.00     7.89
  SINCE JAN 1      3.20                      8.01  -4.81     6.79

SNOWFALL (IN)
  YESTERDAY        0.0
  MONTH TO DATE    0.0
  SINCE MAR 1      0.0
  SINCE JUL 1      0.0
  SNOW DEPTH       0

DEGREE DAYS
 HEATING
  YESTERDAY        0                         0      0        0
  MONTH TO DATE    0                         0      0        0
  SINCE MAR 1      1                        23    -22        7
  SINCE JUL 1    198                       256    -58      149

 COOLING
  YESTERDAY       18                         9      9        7
  MONTH TO DATE  262                       154    108      196
  SINCE MAR 1    566                       330    236      354
  SINCE JAN 1    742                       521    221      627
..................................................................


WIND (MPH)
  HIGHEST WIND SPEED    21   HIGHEST WIND DIRECTION    SW (230)
  HIGHEST GUST SPEED    26   HIGHEST GUST DIRECTION    SW (220)
  AVERAGE WIND SPEED     8.7


SKY COVER
  AVERAGE SKY COVER 0.4


WEATHER CONDITIONS
 THE FOLLOWING WEATHER WAS RECORDED YESTERDAY.
  THUNDERSTORM
  FOG
  HAZE


RELATIVE HUMIDITY (PERCENT)
 HIGHEST    94
 LOWEST     59
 AVERAGE    77

..........................................................


THE NAPLES CLIMATE NORMALS FOR TODAY
                         NORMAL    RECORD    YEAR
 MAXIMUM TEMPERATURE (F)   84        91      1977
                                             1974
 MINIMUM TEMPERATURE (F)   64        48      1997


SUNRISE AND SUNSET
APRIL 21 2015.........SUNRISE   658 AM EDT   SUNSET   754 PM EDT
APRIL 22 2015.........SUNRISE   658 AM EDT   SUNSET   754 PM EDT


-  INDICATES NEGATIVE NUMBERS.
R  INDICATES RECORD WAS SET OR TIED.
MM INDICATES DATA IS MISSING.
T  INDICATES TRACE AMOUNT.




$$
