000
CDUS43 KAPX 030538
CLIAPN


CLIMATE REPORT
NATIONAL WEATHER SERVICE GAYLORD MI
136 AM EDT SUN MAY 3 2015


...................................

...THE ALPENA MI CLIMATE SUMMARY FOR MAY 2 2015...

CLIMATE NORMAL PERIOD 1981 TO 2010
CLIMATE RECORD PERIOD 1916 TO 2015


WEATHER ITEM   OBSERVED TIME   RECORD YEAR NORMAL DEPARTURE LAST
                VALUE   (LST)  VALUE       VALUE  FROM      YEAR
                                                  NORMAL
..................................................................
TEMPERATURE (F)
 YESTERDAY
  MAXIMUM         72    334 PM  86    2001  60     12       53
  MINIMUM         36    517 AM  20    1966  36      0       41
  AVERAGE         54                        48      6       47

PRECIPITATION (IN)
  YESTERDAY        0.00          1.25 1962   0.07  -0.07     0.06
  MONTH TO DATE    0.00                      0.15  -0.15     0.40
  SINCE MAR 1      3.10                      4.40  -1.30     7.06
  SINCE JAN 1      4.89                      7.38  -2.49     9.59

SNOWFALL (IN)
  YESTERDAY        0.0           0.7  1961   0.0    0.0      0.0
  MONTH TO DATE    0.0                       0.0    0.0      0.0
  SINCE OCT 1     48.6                      84.1  -35.5     64.0
  SINCE JUL 1     48.6                      84.1  -35.5     64.0
  SNOW DEPTH       0

DEGREE DAYS
 HEATING
  YESTERDAY       11                        17     -6       18
  MONTH TO DATE   23                        34    -11       35
  SINCE MAR 1   1901                      1861     40     2215
  SINCE JUL 1   8164                      7593    571     8704

 COOLING
  YESTERDAY        0                         0      0        0
  MONTH TO DATE    0                         0      0        0
  SINCE MAR 1      0                         2     -2        0
  SINCE JAN 1      0                         2     -2        0
..................................................................


WIND (MPH)
  HIGHEST WIND SPEED    16   HIGHEST WIND DIRECTION    SE (130)
  HIGHEST GUST SPEED    20   HIGHEST GUST DIRECTION    SE (120)
  AVERAGE WIND SPEED     5.3




RELATIVE HUMIDITY (PERCENT)
 HIGHEST    92
 LOWEST     31
 AVERAGE    62

..........................................................


THE ALPENA MI CLIMATE NORMALS FOR TODAY
                         NORMAL    RECORD    YEAR
 MAXIMUM TEMPERATURE (F)   60        86      1949
 MINIMUM TEMPERATURE (F)   37        20      1950


SUNRISE AND SUNSET
MAY  3 2015...........SUNRISE   621 AM EDT   SUNSET   842 PM EDT
MAY  4 2015...........SUNRISE   619 AM EDT   SUNSET   843 PM EDT


-  INDICATES NEGATIVE NUMBERS.
R  INDICATES RECORD WAS SET OR TIED.
MM INDICATES DATA IS MISSING.
T  INDICATES TRACE AMOUNT.




$$
