000
CDUS44 KLCH 192213
CLIARA


CLIMATE REPORT
NATIONAL WEATHER SERVICE LAKE CHARLES, LA
512 PM CDT SUN APR 19 2015


...................................

...THE NEW IBERIA CLIMATE SUMMARY FOR APRIL 19 2015...
VALID TODAY AS OF 0500 PM LOCAL TIME.

CLIMATE NORMAL PERIOD 1981 TO 2010
CLIMATE RECORD PERIOD 1948 TO 2015


WEATHER ITEM   OBSERVED TIME   RECORD YEAR NORMAL DEPARTURE LAST
                VALUE   (LST)  VALUE       VALUE  FROM      YEAR
                                                  NORMAL
..................................................................
TEMPERATURE (F)
 TODAY
  MAXIMUM         83    159 PM  91    1987  80      3       80
  MINIMUM         65    608 AM  43    2008  58      7       56
                                      1953
  AVERAGE         74                        69      5       68

PRECIPITATION (IN)
  TODAY            0.00          0.70 2010   0.15  -0.15     0.00
  MONTH TO DATE    7.87                      2.82   5.05     2.24
  SINCE MAR 1     11.75                      6.59   5.16     3.75
  SINCE JAN 1     18.21                     16.00   2.21    12.09

SNOWFALL (IN)
  TODAY            0.0           0.0    MM  MM               0.0
  MONTH TO DATE    0.0                      MM               0.0
  SINCE MAR 1      T                        MM               0.0
  SINCE JUL 1      T                        MM               0.1

DEGREE DAYS
 HEATING
  TODAY            0                         1     -1        0
  MONTH TO DATE    0                        39    -39       43
  SINCE MAR 1     72                       187   -115      256
  SINCE JUL 1   1415                      1403     12     1780

 COOLING
  TODAY            9                         5      4        3
  MONTH TO DATE  140                        71     69       57
  SINCE MAR 1    232                       123    109       80
  SINCE JAN 1    236                       154     82       98
..................................................................


WIND (MPH)
  RESULTANT WIND SPEED   6   RESULTANT WIND DIRECTION  SW (240)
  HIGHEST WIND SPEED    17   HIGHEST WIND DIRECTION     S (190)
  HIGHEST GUST SPEED    22   HIGHEST GUST DIRECTION     S (190)
  AVERAGE WIND SPEED     7.7


SKY COVER
  POSSIBLE SUNSHINE  MM
  AVERAGE SKY COVER 0.1


WEATHER CONDITIONS
 THE FOLLOWING WEATHER WAS RECORDED TODAY.
  FOG


RELATIVE HUMIDITY (PERCENT)
 HIGHEST    97           400 AM
 LOWEST     51          1100 AM
 AVERAGE    74

..........................................................


THE NEW IBERIA CLIMATE NORMALS FOR TOMORROW
                         NORMAL    RECORD    YEAR
 MAXIMUM TEMPERATURE (F)   80        90      1987
 MINIMUM TEMPERATURE (F)   58        42      1953


SUNRISE AND SUNSET
APRIL 19 2015.........SUNRISE   637 AM CDT   SUNSET   737 PM CDT
APRIL 20 2015.........SUNRISE   636 AM CDT   SUNSET   738 PM CDT


-  INDICATES NEGATIVE NUMBERS.
R  INDICATES RECORD WAS SET OR TIED.
MM INDICATES DATA IS MISSING.
T  INDICATES TRACE AMOUNT.




$$
