000
CDUS42 KGSP 260628
CLIAVL

CLIMATE REPORT
NATIONAL WEATHER SERVICE GREENVILLE-SPARTANBURG SC
227 AM EDT SUN APR 26 2015


...................................

...THE ASHEVILLE NC CLIMATE SUMMARY FOR APRIL 25 2015...

CLIMATE NORMAL PERIOD 1981 TO 2010
CLIMATE RECORD PERIOD 1869 TO 2015


WEATHER ITEM   OBSERVED TIME   RECORD YEAR NORMAL DEPARTURE LAST
                VALUE   (LST)  VALUE       VALUE  FROM      YEAR
                                                  NORMAL
..................................................................
TEMPERATURE (F)
 YESTERDAY
  MAXIMUM         72    422 PM  88    1960  70      2       74
                                      1896
  MINIMUM         50    103 AM  32    1969  45      5       50
                                      1927
                                      1910
  AVERAGE         61                        58      3       62

PRECIPITATION (IN)
  YESTERDAY        0.08          2.06 1908   0.12  -0.04     0.01
  MONTH TO DATE    4.70                      2.77   1.93     4.28
  SINCE MAR 1      6.82                      6.60   0.22     6.58
  SINCE JAN 1     12.66                     14.03  -1.37    11.93

SNOWFALL (IN)
  YESTERDAY        0.0           T    1910   0.0             0.0
  MONTH TO DATE    0.0                       0.7             0.0
  SINCE MAR 1      T                         2.6             0.4
  SINCE JUL 1     13.3                       9.9             9.8
  SNOW DEPTH       0

DEGREE DAYS
 HEATING
  YESTERDAY        4                         8     -4        3
  MONTH TO DATE  159                       267   -108      257
  SINCE MAR 1    584                       822   -238      886
  SINCE JUL 1   3893                      4039   -146     4205

 COOLING
  YESTERDAY        0                         0      0        0
  MONTH TO DATE   19                         0     19        0
  SINCE MAR 1     19                         1     18        0
  SINCE JAN 1     19                         1     18        0
..................................................................


WIND (MPH)
  HIGHEST WIND SPEED    22   HIGHEST WIND DIRECTION     S (180)
  HIGHEST GUST SPEED    29   HIGHEST GUST DIRECTION     S (180)
  AVERAGE WIND SPEED     8.2


SKY COVER
  POSSIBLE SUNSHINE  MM
  AVERAGE SKY COVER 0.5


WEATHER CONDITIONS
 THE FOLLOWING WEATHER WAS RECORDED YESTERDAY.
  RAIN
  LIGHT RAIN
  FOG


RELATIVE HUMIDITY (PERCENT)
 HIGHEST    93           800 AM
 LOWEST     59           100 AM
 AVERAGE    76

..........................................................


THE ASHEVILLE NC CLIMATE NORMALS FOR TODAY
                         NORMAL    RECORD    YEAR
 MAXIMUM TEMPERATURE (F)   70        86      1989
 MINIMUM TEMPERATURE (F)   46        30      1968


SUNRISE AND SUNSET
APRIL 26 2015.........SUNRISE   645 AM EDT   SUNSET   812 PM EDT
APRIL 27 2015.........SUNRISE   643 AM EDT   SUNSET   813 PM EDT


-  INDICATES NEGATIVE NUMBERS.
R  INDICATES RECORD WAS SET OR TIED.
MM INDICATES DATA IS MISSING.
T  INDICATES TRACE AMOUNT.




$$
