000
CDUS41 KBOX 030546
CLIBDL


CLIMATE REPORT
NATIONAL WEATHER SERVICE TAUNTON MA
143 AM EDT SUN MAY 3 2015


...................................

...THE HARTFORD CT CLIMATE SUMMARY FOR MAY 2 2015...

CLIMATE NORMAL PERIOD 1981 TO 2010
CLIMATE RECORD PERIOD 1904 TO 2015


WEATHER ITEM   OBSERVED TIME   RECORD YEAR NORMAL DEPARTURE LAST
                VALUE   (LST)  VALUE       VALUE  FROM      YEAR
                                                  NORMAL
..................................................................
TEMPERATURE (F)
 YESTERDAY
  MAXIMUM         74    320 PM  93    2001  67      7       69
  MINIMUM         41    448 AM  30    1943  44     -3       47
  AVERAGE         58                        55      3       58

PRECIPITATION (IN)
  YESTERDAY        0.00          1.83 1989   0.12  -0.12     0.01
  MONTH TO DATE    0.00                      0.24  -0.24     0.90
  SINCE MAR 1      6.06                      7.58  -1.52    11.08
  SINCE JAN 1     12.24                     13.70  -1.46    18.45

SNOWFALL (IN)
  YESTERDAY        0.0           0.0  2001   0.0    0.0      0.0
                                      2000
  MONTH TO DATE    0.0                       0.0    0.0      0.0
  SINCE MAR 1      9.0                       7.8    1.2      1.0
  SINCE JUL 1     63.8                      40.5   23.3     51.1
  SNOW DEPTH       0

DEGREE DAYS
 HEATING
  YESTERDAY        7                        10     -3        7
  MONTH TO DATE   17                        20     -3       15
  SINCE MAR 1   1475                      1335    140     1533
  SINCE JUL 1   6120                      5773    347     6212

 COOLING
  YESTERDAY        0                         0      0        0
  MONTH TO DATE    0                         0      0        0
  SINCE MAR 1      0                         6     -6        1
  SINCE JAN 1      0                         6     -6        1
..................................................................


WIND (MPH)
  RESULTANT WIND SPEED   4   RESULTANT WIND DIRECTION   S (170)
  HIGHEST WIND SPEED    17   HIGHEST WIND DIRECTION     S (180)
  HIGHEST GUST SPEED    23   HIGHEST GUST DIRECTION    NE (30)
  AVERAGE WIND SPEED     5.8


SKY COVER
  POSSIBLE SUNSHINE  MM
  AVERAGE SKY COVER 0.4


WEATHER CONDITIONS
 THE FOLLOWING WEATHER WAS RECORDED YESTERDAY.
  NO SIGNIFICANT WEATHER WAS OBSERVED.


RELATIVE HUMIDITY (PERCENT)
 HIGHEST    82           400 AM
 LOWEST     29           300 PM
 AVERAGE    56

..........................................................


THE HARTFORD CT CLIMATE NORMALS FOR TODAY
                         NORMAL    RECORD    YEAR
 MAXIMUM TEMPERATURE (F)   67        93      2001
 MINIMUM TEMPERATURE (F)   44        30      1964


SUNRISE AND SUNSET
MAY  3 2015...........SUNRISE   545 AM EDT   SUNSET   751 PM EDT
MAY  4 2015...........SUNRISE   543 AM EDT   SUNSET   752 PM EDT


-  INDICATES NEGATIVE NUMBERS.
R  INDICATES RECORD WAS SET OR TIED.
MM INDICATES DATA IS MISSING.
T  INDICATES TRACE AMOUNT.




$$
