000
CDUS44 KAMA 210628
CLIBGD


CLIMATE REPORT
NATIONAL WEATHER SERVICE AMARILLO TX
128 AM CDT TUE APR 21 2015


...................................

...THE BORGER CLIMATE SUMMARY FOR APRIL 20 2015...

CLIMATE NORMAL PERIOD 1981 TO 2013
CLIMATE RECORD PERIOD 1949 TO 2015


WEATHER ITEM   OBSERVED TIME   RECORD YEAR NORMAL DEPARTURE LAST
                VALUE   (LST)  VALUE       VALUE  FROM      YEAR
                                                  NORMAL
..................................................................
TEMPERATURE (F)
 YESTERDAY
  MAXIMUM         70    458 PM  91    1989  74     -4       78
  MINIMUM         42    631 AM  25    1966  46     -4       53
  AVERAGE         56                        60     -4       66

PRECIPITATION (IN)
  YESTERDAY        0.22          1.09 1952   0.07   0.15     0.01
  MONTH TO DATE    1.23                      1.14   0.09     0.11
  SINCE MAR 1      1.50                      2.55  -1.05     0.18
  SINCE JAN 1      3.35                      3.76  -0.41     0.56

SNOWFALL (IN)
  YESTERDAY        0.0           T    1959                   0.0
  MONTH TO DATE    0.0                                       1.1
  SINCE MAR 1      T                                         2.1
  SINCE JUL 1     17.5                                      14.7
  SNOW DEPTH       0

DEGREE DAYS
 HEATING
  YESTERDAY        9                         7      2        0
  MONTH TO DATE   94                       174    -80      166
  SINCE MAR 1    454                       658   -204      668
  SINCE JUL 1   3326                      3651   -325     3746

 COOLING
  YESTERDAY        0                         1     -1        1
  MONTH TO DATE   40                        17     23       23
  SINCE MAR 1     47                        24     23       25
  SINCE JAN 1     47                        24     23       25
..................................................................


WIND (MPH)
  RESULTANT WIND SPEED   3   RESULTANT WIND DIRECTION   S (180)
  HIGHEST WIND SPEED    20   HIGHEST WIND DIRECTION     S (200)
  HIGHEST GUST SPEED    28   HIGHEST GUST DIRECTION     S (190)
  AVERAGE WIND SPEED     6.2


SKY COVER
  AVERAGE SKY COVER 0.6


WEATHER CONDITIONS
 THE FOLLOWING WEATHER WAS RECORDED YESTERDAY.
  LIGHT RAIN


RELATIVE HUMIDITY (PERCENT)
 HIGHEST    77          1000 PM
 LOWEST     21           500 PM
 AVERAGE    49

..........................................................


THE BORGER CLIMATE NORMALS FOR TODAY
                         NORMAL    RECORD    YEAR
 MAXIMUM TEMPERATURE (F)   74        92      1960
 MINIMUM TEMPERATURE (F)   47        31      1982


SUNRISE AND SUNSET
APRIL 21 2015.........SUNRISE   705 AM CDT   SUNSET   824 PM CDT
APRIL 22 2015.........SUNRISE   704 AM CDT   SUNSET   825 PM CDT


-  INDICATES NEGATIVE NUMBERS.
R  INDICATES RECORD WAS SET OR TIED.
MM INDICATES DATA IS MISSING.
T  INDICATES TRACE AMOUNT.




$$
