000
CDUS45 KBYZ 061716
CLIBIL


CLIMATE REPORT
NATIONAL WEATHER SERVICE BILLINGS MT
1116 AM MDT WED MAY 6 2015


...................................

...THE BILLINGS MT CLIMATE SUMMARY FOR MAY 6 2015...
VALID AS OF 1100 AM LOCAL TIME.

CLIMATE NORMAL PERIOD 1981 TO 2010
CLIMATE RECORD PERIOD 1934 TO 2015


WEATHER ITEM   OBSERVED RECORD YEAR NORMAL DEPARTURE LAST
                VALUE   VALUE       VALUE  FROM      YEAR
                                           NORMAL
...........................................................
TEMPERATURE (F)
 TODAY
  MAXIMUM         55     89    1992  65    -10
  MINIMUM         48     28    2010  41      7
  AVERAGE         52

PRECIPITATION (IN)
  TODAY            0.15   0.97 1936   0.06   0.09     0.42
  MONTH TO DATE    0.16               0.38  -0.22     0.45
  SINCE OCT 1      4.97               6.37  -1.40    10.92
  SINCE JAN 1      3.40               4.06  -0.66     6.03

...........................................................










-  INDICATES NEGATIVE NUMBERS.
R  INDICATES RECORD WAS SET OR TIED.
MM INDICATES DATA IS MISSING.
T  INDICATES TRACE AMOUNT.




$$
