000
CDUS41 KRLX 270719
CLIBKW


CLIMATE REPORT
NATIONAL WEATHER SERVICE CHARLESTON WV
318 AM EDT MON APR 27 2015


...................................

...THE BECKLEY WV CLIMATE SUMMARY FOR APRIL 26 2015...

CLIMATE NORMAL PERIOD 1981 TO 2010
CLIMATE RECORD PERIOD 1963 TO 2015


WEATHER ITEM   OBSERVED TIME   RECORD YEAR NORMAL DEPARTURE LAST
                VALUE   (LST)  VALUE       VALUE  FROM      YEAR
                                                  NORMAL
..................................................................
TEMPERATURE (F)
 YESTERDAY
  MAXIMUM         53    522 PM  87    1949  66    -13       74
  MINIMUM         37   1118 PM  24    1934  44     -7       42
  AVERAGE         45                        55    -10       58

PRECIPITATION (IN)
  YESTERDAY        0.12          1.94 1978   0.12   0.00     0.00
  MONTH TO DATE    6.23                      2.88   3.35     1.97
  SINCE JAN 1     18.57                     12.02   6.55     9.54

SNOWFALL (IN)
  YESTERDAY        0.0
  MONTH TO DATE    0.0
  SINCE SEP 1     66.2
  SNOW DEPTH       0

DEGREE DAYS
 HEATING
  YESTERDAY       20                        10     10        7
  MONTH TO DATE  280                       356    -76      283
  SINCE MAR 1    959                      1068   -109     1101
  SINCE JUL 1   5292                      5069    223     5309

 COOLING
  YESTERDAY        0                         0      0        0
  MONTH TO DATE    3                         0      3        5
  SINCE MAR 1      3                         1      2        5
  SINCE JAN 1      3                         1      2        5
..................................................................


WIND (MPH)
  HIGHEST WIND SPEED    12   HIGHEST WIND DIRECTION    NW (310)
  HIGHEST GUST SPEED    15   HIGHEST GUST DIRECTION     N (10)
  AVERAGE WIND SPEED     4.6


SKY COVER
  POSSIBLE SUNSHINE  MM
  AVERAGE SKY COVER 0.6


WEATHER CONDITIONS
 THE FOLLOWING WEATHER WAS RECORDED YESTERDAY.
  RAIN
  LIGHT RAIN
  FOG
  FOG W/VISIBILITY <= 1/4 MILE


RELATIVE HUMIDITY (PERCENT)
 HIGHEST   100          1100 AM
 LOWEST     63           600 PM
 AVERAGE    82

..........................................................


THE BECKLEY WV CLIMATE NORMALS FOR TODAY
                         NORMAL    RECORD    YEAR
 MAXIMUM TEMPERATURE (F)   66        85      1957
 MINIMUM TEMPERATURE (F)   45        22      1940


SUNRISE AND SUNSET
APRIL 27 2015.........SUNRISE   634 AM EDT   SUNSET   811 PM EDT
APRIL 28 2015.........SUNRISE   633 AM EDT   SUNSET   812 PM EDT


-  INDICATES NEGATIVE NUMBERS.
R  INDICATES RECORD WAS SET OR TIED.
MM INDICATES DATA IS MISSING.
T  INDICATES TRACE AMOUNT.




$$
