000
CDUS46 KSEW 020131
CLIBLI


CLIMATE REPORT
NATIONAL WEATHER SERVICE SEATTLE WA
631 PM PDT WED APR 1 2015


...................................

...THE BELLINGHAM WA AIRPORT CLIMATE SUMMARY FOR APRIL 1 2015...
VALID TODAY AS OF 0600 PM LOCAL TIME.

CLIMATE NORMAL PERIOD 1981 TO 2010
CLIMATE RECORD PERIOD 1949 TO 2015


WEATHER ITEM   OBSERVED TIME   RECORD YEAR NORMAL DEPARTURE LAST
                VALUE   (LST)  VALUE       VALUE  FROM      YEAR
                                                  NORMAL
..................................................................
TEMPERATURE (F)
 TODAY
  MAXIMUM         54    204 PM  73    1987  55     -1       60
  MINIMUM         42    445 AM  26    2008  38      4       40
                                      1975
  AVERAGE         48                        47      1       50

PRECIPITATION (IN)
  TODAY            0.02          0.90 1959   0.10  -0.08     0.00
  MONTH TO DATE    0.02                      0.10  -0.08     0.00
  SINCE OCT 1     27.49                     24.71   2.78    21.28
  SINCE JAN 1     12.76                     11.01   1.75    10.97

DEGREE DAYS
 HEATING
  TODAY           17                        18     -1       15
  MONTH TO DATE   17                        18     -1       15
  SINCE MAR 1    520                       661   -141      608

 COOLING
  TODAY            0                         0      0        0
  MONTH TO DATE    0                         0      0        0
  SINCE MAR 1      0                         0      0        0
  SINCE JAN 1      0                         0      0        0
..................................................................


WIND (MPH)
  RESULTANT WIND SPEED   7   RESULTANT WIND DIRECTION   S (170)
  HIGHEST WIND SPEED    16   HIGHEST WIND DIRECTION     S (160)
  HIGHEST GUST SPEED    21   HIGHEST GUST DIRECTION     S (160)
  AVERAGE WIND SPEED     7.0


SKY COVER
  AVERAGE SKY COVER 0.6


WEATHER CONDITIONS
 THE FOLLOWING WEATHER WAS RECORDED TODAY.
  LIGHT RAIN


RELATIVE HUMIDITY (PERCENT)
 HIGHEST    89           500 AM
 LOWEST     54           300 PM
 AVERAGE    72

..........................................................


THE BELLINGHAM WA AIRPORT CLIMATE NORMALS FOR TOMORROW
                         NORMAL    RECORD    YEAR
 MAXIMUM TEMPERATURE (F)   55        69      1992
 MINIMUM TEMPERATURE (F)   39        27      2008
                                             1976
                                             1953


SUNRISE AND SUNSET
APRIL  1 2015.........SUNRISE   648 AM PDT   SUNSET   741 PM PDT
APRIL  2 2015.........SUNRISE   646 AM PDT   SUNSET   742 PM PDT


-  INDICATES NEGATIVE NUMBERS.
R  INDICATES RECORD WAS SET OR TIED.
MM INDICATES DATA IS MISSING.
T  INDICATES TRACE AMOUNT.




$$
