000
CDUS43 KIND 202038
CLIBMG


CLIMATE REPORT
NATIONAL WEATHER SERVICE INDIANAPOLIS IN
437 PM EDT MON APR 20 2015


...................................

...THE BLOOMINGTON IN CLIMATE SUMMARY FOR APRIL 20 2015...
VALID TODAY AS OF 0400 PM LOCAL TIME.

CLIMATE NORMAL PERIOD 1981 TO 2010
CLIMATE RECORD PERIOD 9999 TO 9999


WEATHER ITEM   OBSERVED TIME   NORMAL DEPARTURE LAST
                VALUE   (LST)  VALUE  FROM      YEAR
                                      NORMAL
......................................................
TEMPERATURE (F)
 TODAY
  MAXIMUM         59    430 AM  66     -7       77
  MINIMUM         50   1043 AM  44      6       39
  AVERAGE         55            55      0       58

PRECIPITATION (IN)
  TODAY            0.13          0.15  -0.02     0.00
  MONTH TO DATE    4.58          3.03   1.55     5.75
  SINCE MAR 1      9.22          6.91   2.31     7.69
  SINCE JAN 1     12.79         12.98  -0.19    12.34

......................................................


WIND (MPH)
  HIGHEST WIND SPEED    23   HIGHEST WIND DIRECTION     W (280)
  HIGHEST GUST SPEED    37   HIGHEST GUST DIRECTION     W (270)
  AVERAGE WIND SPEED    12.0


SKY COVER
  AVERAGE SKY COVER 1.0


WEATHER CONDITIONS
 THE FOLLOWING WEATHER WAS RECORDED TODAY.
  RAIN
  LIGHT RAIN
  FOG


RELATIVE HUMIDITY (PERCENT)
 HIGHEST    93           100 AM
 LOWEST     55           300 PM

..........................................................


THE BLOOMINGTON IN CLIMATE NORMALS FOR TOMORROW
                         NORMAL
 MAXIMUM TEMPERATURE (F)   67
 MINIMUM TEMPERATURE (F)   44


SUNRISE AND SUNSET
APRIL 20 2015.........SUNRISE   703 AM EDT   SUNSET   828 PM EDT
APRIL 21 2015.........SUNRISE   702 AM EDT   SUNSET   829 PM EDT


-  INDICATES NEGATIVE NUMBERS.
R  INDICATES RECORD WAS SET OR TIED.
MM INDICATES DATA IS MISSING.
T  INDICATES TRACE AMOUNT.




$$
