000
CDUS45 KBOI 200121
CLIBOI


CLIMATE REPORT
NATIONAL WEATHER SERVICE BOISE ID
720 PM MDT SUN APR 19 2015


...................................

...THE BOISE ID CLIMATE SUMMARY FOR APRIL 19 2015...
VALID TODAY AS OF 0600 PM LOCAL TIME.

CLIMATE NORMAL PERIOD 1981 TO 2010
CLIMATE RECORD PERIOD 1878 TO 2015


WEATHER ITEM   OBSERVED TIME   RECORD YEAR NORMAL DEPARTURE LAST
                VALUE   (LST)  VALUE       VALUE  FROM      YEAR
                                                  NORMAL
..................................................................
TEMPERATURE (F)
 TODAY
  MAXIMUM         69    514 PM  87    1910  63      6       75
  MINIMUM         40    632 AM  22    1966  40      0       43
  AVERAGE         55                        51      4       59

PRECIPITATION (IN)
  TODAY            0.00          0.62 1967   0.05  -0.05     0.00
  MONTH TO DATE    0.54                      0.77  -0.23     0.77
  SINCE OCT 1      9.14                      8.04   1.10     9.03
  SINCE JAN 1      3.23                      4.39  -1.16     6.12

DEGREE DAYS
 HEATING
  TODAY           10                        14     -4        6
  MONTH TO DATE  302                       295      7      259
  SINCE MAR 1    769                       931   -162      847
  SINCE JUL 1   4364                      5090   -726     5187

 COOLING
  TODAY            0                         0      0        0
  MONTH TO DATE    0                         0      0        0
  SINCE MAR 1      0                         0      0        0
  SINCE JAN 1      0                         0      0        0
..................................................................


WIND (MPH)
  HIGHEST WIND SPEED    16   HIGHEST WIND DIRECTION    NW (310)
  HIGHEST GUST SPEED    20   HIGHEST GUST DIRECTION    NW (300)
  AVERAGE WIND SPEED     6.1



WEATHER CONDITIONS
 THE FOLLOWING WEATHER WAS RECORDED TODAY.
  NO SIGNIFICANT WEATHER WAS OBSERVED.


RELATIVE HUMIDITY (PERCENT)
 HIGHEST    49           500 AM
 LOWEST     19           400 PM
 AVERAGE    34

..........................................................


THE BOISE ID CLIMATE NORMALS FOR TOMORROW
                         NORMAL    RECORD    YEAR
 MAXIMUM TEMPERATURE (F)   63        89      1994
 MINIMUM TEMPERATURE (F)   40        20      1985


SUNRISE AND SUNSET
APRIL 19 2015.........SUNRISE   656 AM MDT   SUNSET   833 PM MDT
APRIL 20 2015.........SUNRISE   654 AM MDT   SUNSET   834 PM MDT


-  INDICATES NEGATIVE NUMBERS.
R  INDICATES RECORD WAS SET OR TIED.
MM INDICATES DATA IS MISSING.
T  INDICATES TRACE AMOUNT.




$$
