000
CDUS41 KBOX 020546
CLIBOS


CLIMATE REPORT
NATIONAL WEATHER SERVICE TAUNTON MA
136 AM EDT THU APR 2 2015


...................................

...THE BOSTON MA CLIMATE SUMMARY FOR APRIL 1 2015...

CLIMATE NORMAL PERIOD 1981 TO 2010
CLIMATE RECORD PERIOD 1872 TO 2015


WEATHER ITEM   OBSERVED TIME   RECORD YEAR NORMAL DEPARTURE LAST
                VALUE   (LST)  VALUE       VALUE  FROM      YEAR
                                                  NORMAL
..................................................................
TEMPERATURE (F)
 YESTERDAY
  MAXIMUM         47    437 PM  76    1918  50     -3       47
  MINIMUM         30    600 AM  13    1923  36     -6       34
  AVERAGE         39                        43     -4       41

PRECIPITATION (IN)
  YESTERDAY        0.00          4.29 2004   0.13  -0.13     0.00
  MONTH TO DATE    0.00                      0.13  -0.13     0.00
  SINCE MAR 1      3.05                      4.45  -1.40     4.48
  SINCE JAN 1      9.99                     11.06  -1.07    11.85

SNOWFALL (IN)
  YESTERDAY        0.0          22.4  1997   0.1   -0.1      0.0
  MONTH TO DATE    0.0                       0.1   -0.1      0.0
  SINCE MAR 1      8.6                       7.9    0.7      2.2
  SINCE JUL 1    110.6                      42.0   68.6     58.6
  SNOW DEPTH      MM

DEGREE DAYS
 HEATING
  YESTERDAY       26                        22      4       24
  MONTH TO DATE   26                        22      4       24
  SINCE MAR 1   1003                       851    152      994
  SINCE JUL 1   5318                      4893    425     5142

 COOLING
  YESTERDAY        0                         0      0        0
  MONTH TO DATE    0                         0      0        0
  SINCE MAR 1      0                         0      0        0
  SINCE JAN 1      0                         0      0        0
..................................................................


WIND (MPH)
  RESULTANT WIND SPEED  10   RESULTANT WIND DIRECTION  NW (330)
  HIGHEST WIND SPEED    21   HIGHEST WIND DIRECTION    NW (320)
  HIGHEST GUST SPEED    28   HIGHEST GUST DIRECTION    NW (310)
  AVERAGE WIND SPEED    10.0


SKY COVER
  POSSIBLE SUNSHINE  MM
  AVERAGE SKY COVER 0.2


WEATHER CONDITIONS
 THE FOLLOWING WEATHER WAS RECORDED YESTERDAY.
  NO SIGNIFICANT WEATHER WAS OBSERVED.


RELATIVE HUMIDITY (PERCENT)
 HIGHEST    40          1200 AM
 LOWEST     17           500 PM
 AVERAGE    29

..........................................................


THE BOSTON MA CLIMATE NORMALS FOR TODAY
                         NORMAL    RECORD    YEAR
 MAXIMUM TEMPERATURE (F)   51        75      1967
                                             1918
 MINIMUM TEMPERATURE (F)   36        19      1919


SUNRISE AND SUNSET
APRIL  2 2015.........SUNRISE   625 AM EDT   SUNSET   711 PM EDT
APRIL  3 2015.........SUNRISE   624 AM EDT   SUNSET   712 PM EDT


-  INDICATES NEGATIVE NUMBERS.
R  INDICATES RECORD WAS SET OR TIED.
MM INDICATES DATA IS MISSING.
T  INDICATES TRACE AMOUNT.




$$
